{"id":1195,"date":"2025-02-18T15:27:12","date_gmt":"2025-02-18T14:27:12","guid":{"rendered":"https:\/\/monumental-valois.com\/artiste\/patrick-fleury\/"},"modified":"2026-02-09T15:34:24","modified_gmt":"2026-02-09T14:34:24","slug":"patrick-fleury","status":"publish","type":"artiste","link":"https:\/\/monumental-valois.com\/en\/artist\/patrick-fleury\/","title":{"rendered":"Patrick Fleury"},"content":{"rendered":"\n<div class=\"wp-block-group alignwide\"><div class=\"wp-block-group__inner-container is-layout-constrained wp-block-group-is-layout-constrained\">\n<div class=\"wp-block-columns alignwide are-vertically-aligned-bottom is-layout-flex wp-container-core-columns-is-layout-28f84493 wp-block-columns-is-layout-flex\">\n<div class=\"wp-block-column is-vertically-aligned-bottom is-layout-flow wp-block-column-is-layout-flow\" style=\"flex-basis:33%\">\n<p class=\"is-style-sur-titre-artiste\">Patrick Fleury<\/p>\n\n\n\n<h2 class=\"wp-block-heading has-34-px-font-size\">A career marked by teaching and exhibitions<\/h2>\n\n\n\n<p>Patrick Fleury taught at the \u00c9cole Nationale Sup\u00e9rieure des Arts D\u00e9coratifs de Paris (ENSAD), sharing his expertise in plastic expression, art history and sound design. His creations have been exhibited in prestigious venues such as Stockholm&#8217;s Moderna Museet, Athens&#8217; Acropolis and Villa Medici. They also feature in renowned public and private collections, including the MAC-VAL and the Commanderie de Peyrassol.<\/p>\n<\/div>\n\n\n\n<div class=\"wp-block-column is-vertically-aligned-bottom is-layout-flow wp-block-column-is-layout-flow\" style=\"flex-basis:67%\">\n<figure class=\"wp-block-image size-full\"><img loading=\"lazy\" decoding=\"async\" width=\"600\" height=\"800\" src=\"https:\/\/monumental-valois.com\/wp-content\/uploads\/2025\/02\/Arc-Large-patrick-fleury.jpg\" alt=\"Arc Large: a sculpture combining light and space\" class=\"wp-image-791\" srcset=\"https:\/\/monumental-valois.com\/wp-content\/uploads\/2025\/02\/Arc-Large-patrick-fleury.jpg 600w, https:\/\/monumental-valois.com\/wp-content\/uploads\/2025\/02\/Arc-Large-patrick-fleury-300x400.jpg 300w, https:\/\/monumental-valois.com\/wp-content\/uploads\/2025\/02\/Arc-Large-patrick-fleury-338x450.jpg 338w, https:\/\/monumental-valois.com\/wp-content\/uploads\/2025\/02\/Arc-Large-patrick-fleury-450x600.jpg 450w\" sizes=\"auto, (max-width: 600px) 100vw, 600px\" \/><\/figure>\n<\/div>\n<\/div>\n<\/div><\/div>\n\n<div style=\"height:50px\" aria-hidden=\"true\" class=\"wp-block-spacer\"><\/div>\n\n<div class=\"wp-block-group alignwide\"><div class=\"wp-block-group__inner-container is-layout-constrained wp-block-group-is-layout-constrained\">\n<div class=\"wp-block-columns alignwide are-vertically-aligned-bottom is-layout-flex wp-container-core-columns-is-layout-28f84493 wp-block-columns-is-layout-flex\">\n<div class=\"wp-block-column is-vertically-aligned-bottom is-layout-flow wp-block-column-is-layout-flow\" style=\"flex-basis:50%\">\n<p class=\"is-style-sur-titre-artiste\">Patrick Fleury<\/p>\n\n\n\n<h2 class=\"wp-block-heading has-34-px-font-size\">Composer and sound explorer<\/h2>\n\n\n\n<p>Patrick Fleury is also a composer of contemporary music. Collaborating with institutions such as INA-GRM and IPEM, he has created works such as Manta and Attracteurs \u00e9tranges, which explore the links between sound and space.<\/p>\n\n\n\n<div class=\"wp-block-buttons is-layout-flex wp-block-buttons-is-layout-flex\">\n<div class=\"wp-block-button\"><a class=\"wp-block-button__link wp-element-button\" href=\"https:\/\/monumental-valois.com\/oeuvre-monumentale\/arc-large-une-sculpture-ou-se-melent-lumiere-et-espace\/\">Discover the work<\/a><\/div>\n<\/div>\n<\/div>\n\n\n\n<div class=\"wp-block-column is-vertically-aligned-bottom is-layout-flow wp-block-column-is-layout-flow\" style=\"flex-basis:50%\"><\/div>\n<\/div>\n<\/div><\/div>\n","protected":false},"excerpt":{"rendered":"<p>Patrick Fleury A career marked by teaching and exhibitions Patrick Fleury taught at the \u00c9cole Nationale Sup\u00e9rieure des Arts D\u00e9coratifs [&hellip;]<\/p>\n","protected":false},"featured_media":442,"template":"","discipline":[21],"class_list":["post-1195","artiste","type-artiste","status-publish","has-post-thumbnail","hentry","discipline-sculpture"],"_links":{"self":[{"href":"https:\/\/monumental-valois.com\/en\/wp-json\/wp\/v2\/artiste\/1195","targetHints":{"allow":["GET"]}}],"collection":[{"href":"https:\/\/monumental-valois.com\/en\/wp-json\/wp\/v2\/artiste"}],"about":[{"href":"https:\/\/monumental-valois.com\/en\/wp-json\/wp\/v2\/types\/artiste"}],"wp:featuredmedia":[{"embeddable":true,"href":"https:\/\/monumental-valois.com\/en\/wp-json\/wp\/v2\/media\/442"}],"wp:attachment":[{"href":"https:\/\/monumental-valois.com\/en\/wp-json\/wp\/v2\/media?parent=1195"}],"wp:term":[{"taxonomy":"discipline","embeddable":true,"href":"https:\/\/monumental-valois.com\/en\/wp-json\/wp\/v2\/discipline?post=1195"}],"curies":[{"name":"wp","href":"https:\/\/api.w.org\/{rel}","templated":true}]}}

<div class="wp-block-group alignwide"><div class="wp-block-group__inner-container is-layout-constrained wp-block-group-is-layout-constrained">
<div class="wp-block-columns alignwide are-vertically-aligned-bottom is-layout-flex wp-container-core-columns-is-layout-28f84493 wp-block-columns-is-layout-flex">
<div class="wp-block-column is-vertically-aligned-bottom is-layout-flow wp-block-column-is-layout-flow" style="flex-basis:33%">
<p class="is-style-sur-titre-artiste">Patrick Fleury</p>



<h2 class="wp-block-heading has-34-px-font-size">A career marked by teaching and exhibitions</h2>



<p>Patrick Fleury taught at the École Nationale Supérieure des Arts Décoratifs de Paris (ENSAD), sharing his expertise in plastic expression, art history and sound design. His creations have been exhibited in prestigious venues such as Stockholm&#8217;s Moderna Museet, Athens&#8217; Acropolis and Villa Medici. They also feature in renowned public and private collections, including the MAC-VAL and the Commanderie de Peyrassol.</p>
</div>



<div class="wp-block-column is-vertically-aligned-bottom is-layout-flow wp-block-column-is-layout-flow" style="flex-basis:67%">
<figure class="wp-block-image size-full"><img loading="lazy" decoding="async" width="600" height="800" src="https://monumental-valois.com/wp-content/uploads/2025/02/Arc-Large-patrick-fleury.jpg" alt="Arc Large: a sculpture combining light and space" class="wp-image-791" srcset="https://monumental-valois.com/wp-content/uploads/2025/02/Arc-Large-patrick-fleury.jpg 600w, https://monumental-valois.com/wp-content/uploads/2025/02/Arc-Large-patrick-fleury-300x400.jpg 300w, https://monumental-valois.com/wp-content/uploads/2025/02/Arc-Large-patrick-fleury-338x450.jpg 338w, https://monumental-valois.com/wp-content/uploads/2025/02/Arc-Large-patrick-fleury-450x600.jpg 450w" sizes="auto, (max-width: 600px) 100vw, 600px" /></figure>
</div>
</div>
</div></div>

<div style="height:50px" aria-hidden="true" class="wp-block-spacer"></div>

<div class="wp-block-group alignwide"><div class="wp-block-group__inner-container is-layout-constrained wp-block-group-is-layout-constrained">
<div class="wp-block-columns alignwide are-vertically-aligned-bottom is-layout-flex wp-container-core-columns-is-layout-28f84493 wp-block-columns-is-layout-flex">
<div class="wp-block-column is-vertically-aligned-bottom is-layout-flow wp-block-column-is-layout-flow" style="flex-basis:50%">
<p class="is-style-sur-titre-artiste">Patrick Fleury</p>



<h2 class="wp-block-heading has-34-px-font-size">Composer and sound explorer</h2>



<p>Patrick Fleury is also a composer of contemporary music. Collaborating with institutions such as INA-GRM and IPEM, he has created works such as Manta and Attracteurs étranges, which explore the links between sound and space.</p>



<div class="wp-block-buttons is-layout-flex wp-block-buttons-is-layout-flex">
<div class="wp-block-button"><a class="wp-block-button__link wp-element-button" href="https://monumental-valois.com/oeuvre-monumentale/arc-large-une-sculpture-ou-se-melent-lumiere-et-espace/">Discover the work</a></div>
</div>
</div>



<div class="wp-block-column is-vertically-aligned-bottom is-layout-flow wp-block-column-is-layout-flow" style="flex-basis:50%"></div>
</div>
</div></div>

<p>Patrick Fleury A career marked by teaching and exhibitions Patrick Fleury taught at the École Nationale Supérieure des Arts Décoratifs [&hellip;]</p>
