{"id":1174,"date":"2025-02-17T17:16:38","date_gmt":"2025-02-17T16:16:38","guid":{"rendered":"https:\/\/monumental-valois.com\/the-pays-de-valois-an-area-combining-nature-history-and-heritage\/"},"modified":"2026-02-10T11:24:09","modified_gmt":"2026-02-10T10:24:09","slug":"the-pays-de-valois-an-area-combining-nature-history-and-heritage","status":"publish","type":"page","link":"https:\/\/monumental-valois.com\/en\/the-pays-de-valois-an-area-combining-nature-history-and-heritage\/","title":{"rendered":"The Pays de Valois: an area combining nature, history and heritage"},"content":{"rendered":"\n<div class=\"wp-block-group alignwide\"><div class=\"wp-block-group__inner-container is-layout-constrained wp-block-group-is-layout-constrained\">\n<div class=\"wp-block-columns alignwide is-style-espace-60-px is-layout-flex wp-container-core-columns-is-layout-28f84493 wp-block-columns-is-layout-flex\">\n<div class=\"wp-block-column is-vertically-aligned-bottom is-style-default is-layout-flow wp-block-column-is-layout-flow\" style=\"flex-basis:34%\"><div class=\"lazyblock-partager-la-page-yncXr wp-block-lazyblock-partager-la-page\"> <div class=\"partage-single\">\r\n                        <p>share this page<\/p>\r\n                        <div class=\"liens\">\r\n                            <a href=\"http:\/\/twitter.com\/share?url=https%3A%2F%2Fmonumental-valois.com%2Fen%2Fthe-pays-de-valois-an-area-combining-nature-history-and-heritage%2F\" class=\"share-x\" target=\"_blank\" rel=\"nofollow\" title=\"Share on X\"><\/a>\r\n                            <a href=\"http:\/\/www.facebook.com\/sharer.php?u=https%3A%2F%2Fmonumental-valois.com%2Fen%2Fthe-pays-de-valois-an-area-combining-nature-history-and-heritage%2F&#038;t=The+Pays+de+Valois%3A+an+area+combining+nature%2C+history+and+heritage&#038;src=sp\" class=\"share-facebook\" target=\"_blank\" rel=\"nofollow\" title=\"Share on Facebook\">\r\n\r\n                            <\/a>\r\n\r\n\r\n                        <\/div>\r\n                    <\/div><\/div>\n\n\n<div style=\"height:250px\" aria-hidden=\"true\" class=\"wp-block-spacer\"><\/div>\n\n\n\n<p class=\"is-style-sur-titre-page\">the valois region<\/p>\n\n\n\n<h2 class=\"wp-block-heading has-36-px-font-size\">A strategic geographic location<\/h2>\n\n\n\n<p>Its privileged geographical position, at the gateway to Northern Europe and in the immediate vicinity of Paris, makes the Pays de Valois a strategic crossroads between the \u00cele-de-France and Hauts-de-France regions. Its proximity to Roissy-Charles de Gaulle airport enhances its attractiveness, while preserving a peaceful, authentic living environment, far from the hustle and bustle of the city.<\/p>\n<\/div>\n\n\n\n<div class=\"wp-block-column is-vertically-aligned-bottom is-layout-flow wp-block-column-is-layout-flow\" style=\"flex-basis:66%\">\n<p>The Pays de Valois is an area that harmoniously combines nature, history and heritage. Located in the heart of the Paris Basin, it comprises 62 communes and is home to some 57,000 inhabitants. This verdant region, bordered by the Oise, Ourcq, Plaine de France and Soissonnais rivers, offers a varied landscape of forests, agricultural plains and picturesque villages, often dominated by a church or castle.<\/p>\n\n\n\n<div style=\"height:100px\" aria-hidden=\"true\" class=\"wp-block-spacer\"><\/div>\n\n\n\n<figure class=\"wp-block-image size-full\"><img loading=\"lazy\" decoding=\"async\" width=\"1100\" height=\"824\" src=\"https:\/\/monumental-valois.com\/wp-content\/uploads\/2025\/02\/office-tourisme-valois.jpg\" alt=\"Pays de Valois\" class=\"wp-image-372\" srcset=\"https:\/\/monumental-valois.com\/wp-content\/uploads\/2025\/02\/office-tourisme-valois.jpg 1100w, https:\/\/monumental-valois.com\/wp-content\/uploads\/2025\/02\/office-tourisme-valois-534x400.jpg 534w, https:\/\/monumental-valois.com\/wp-content\/uploads\/2025\/02\/office-tourisme-valois-768x575.jpg 768w, https:\/\/monumental-valois.com\/wp-content\/uploads\/2025\/02\/office-tourisme-valois-450x337.jpg 450w, https:\/\/monumental-valois.com\/wp-content\/uploads\/2025\/02\/office-tourisme-valois-801x600.jpg 801w\" sizes=\"auto, (max-width: 1100px) 100vw, 1100px\" \/><\/figure>\n<\/div>\n<\/div>\n<\/div><\/div>\n\n<div style=\"height:100px\" aria-hidden=\"true\" class=\"wp-block-spacer\"><\/div>\n\n<div class=\"wp-block-group alignwide\"><div class=\"wp-block-group__inner-container is-layout-constrained wp-block-group-is-layout-constrained\">\n<div class=\"wp-block-columns alignwide are-vertically-aligned-bottom is-style-espace-60-px is-layout-flex wp-container-core-columns-is-layout-28f84493 wp-block-columns-is-layout-flex\">\n<div class=\"wp-block-column is-vertically-aligned-bottom is-layout-flow wp-block-column-is-layout-flow\">\n<figure class=\"wp-block-image size-full\"><img loading=\"lazy\" decoding=\"async\" width=\"900\" height=\"900\" src=\"https:\/\/monumental-valois.com\/wp-content\/uploads\/2025\/02\/chapelle.jpg\" alt=\"Pays de Valois\" class=\"wp-image-380\" srcset=\"https:\/\/monumental-valois.com\/wp-content\/uploads\/2025\/02\/chapelle.jpg 900w, https:\/\/monumental-valois.com\/wp-content\/uploads\/2025\/02\/chapelle-400x400.jpg 400w, https:\/\/monumental-valois.com\/wp-content\/uploads\/2025\/02\/chapelle-300x300.jpg 300w, https:\/\/monumental-valois.com\/wp-content\/uploads\/2025\/02\/chapelle-768x768.jpg 768w, https:\/\/monumental-valois.com\/wp-content\/uploads\/2025\/02\/chapelle-450x450.jpg 450w, https:\/\/monumental-valois.com\/wp-content\/uploads\/2025\/02\/chapelle-600x600.jpg 600w\" sizes=\"auto, (max-width: 900px) 100vw, 900px\" \/><\/figure>\n<\/div>\n\n\n\n<div class=\"wp-block-column is-vertically-aligned-bottom is-layout-flow wp-block-column-is-layout-flow\">\n<div class=\"wp-block-group is-style-largeur-max-370\"><div class=\"wp-block-group__inner-container is-layout-constrained wp-block-group-is-layout-constrained\">\n<p class=\"is-style-sur-titre-page\">the valois region<\/p>\n\n\n\n<h2 class=\"wp-block-heading has-36-px-font-size\">A historical legacy<\/h2>\n\n\n\n<p>A land of history, the Pays de Valois boasts an exceptional heritage that bears witness to its glorious past, notably as the cradle of the House of Valois. Its historic castles and churches tell of the royal and architectural heritage of a region that has seen great dynasties born and flourish.<\/p>\n<\/div><\/div>\n<\/div>\n<\/div>\n<\/div><\/div>\n\n<div style=\"height:100px\" aria-hidden=\"true\" class=\"wp-block-spacer\"><\/div>\n<div class=\"lazyblock-carte-home-page-2-Z75Ce8 alignfull alignfull  wp-block-lazyblock-carte-home-page-2\"> <div class=\"carte-page-single\">\n  <div class=\"la-carte\" id=\"map-home\">\n    \n  <\/div>\n<\/div><\/div>\n<div class=\"wp-block-group alignfull has-noir-background-color has-background\"><div class=\"wp-block-group__inner-container is-layout-constrained wp-block-group-is-layout-constrained\">\n<div style=\"height:50px\" aria-hidden=\"true\" class=\"wp-block-spacer\"><\/div>\n\n\n\n<div class=\"wp-block-group alignwide\"><div class=\"wp-block-group__inner-container is-layout-constrained wp-block-group-is-layout-constrained\">\n<p class=\"is-style-sur-titre-artiste has-blanc-color has-text-color has-link-color wp-elements-b1f677da89ba7b26fbaabf99703ed178\">the valois region<\/p>\n\n\n\n<h3 class=\"wp-block-heading alignwide has-blanc-color has-text-color has-link-color has-60-px-font-size wp-elements-d4e9134d62349958eeca83090a861ce4\">A land of history, the Pays de Valois boasts an exceptional heritage that bears witness to its glorious past.<\/h3>\n<\/div><\/div>\n\n\n\n<div style=\"height:50px\" aria-hidden=\"true\" class=\"wp-block-spacer\"><\/div>\n<\/div><\/div>\n\n<figure class=\"wp-block-image alignfull size-large\"><img loading=\"lazy\" decoding=\"async\" width=\"1800\" height=\"559\" src=\"https:\/\/monumental-valois.com\/wp-content\/uploads\/2025\/02\/Mareuil-sur-ourcq-canal-de-l-ourcq-1800x559.jpg\" alt=\"Cycle track\" class=\"wp-image-395\" srcset=\"https:\/\/monumental-valois.com\/wp-content\/uploads\/2025\/02\/Mareuil-sur-ourcq-canal-de-l-ourcq-1800x559.jpg 1800w, https:\/\/monumental-valois.com\/wp-content\/uploads\/2025\/02\/Mareuil-sur-ourcq-canal-de-l-ourcq-800x248.jpg 800w, https:\/\/monumental-valois.com\/wp-content\/uploads\/2025\/02\/Mareuil-sur-ourcq-canal-de-l-ourcq-768x239.jpg 768w, https:\/\/monumental-valois.com\/wp-content\/uploads\/2025\/02\/Mareuil-sur-ourcq-canal-de-l-ourcq-1536x477.jpg 1536w, https:\/\/monumental-valois.com\/wp-content\/uploads\/2025\/02\/Mareuil-sur-ourcq-canal-de-l-ourcq-2048x636.jpg 2048w, https:\/\/monumental-valois.com\/wp-content\/uploads\/2025\/02\/Mareuil-sur-ourcq-canal-de-l-ourcq-450x140.jpg 450w, https:\/\/monumental-valois.com\/wp-content\/uploads\/2025\/02\/Mareuil-sur-ourcq-canal-de-l-ourcq-1920x596.jpg 1920w\" sizes=\"auto, (max-width: 1800px) 100vw, 1800px\" \/><\/figure>\n\n<div style=\"height:100px\" aria-hidden=\"true\" class=\"wp-block-spacer\"><\/div>\n\n<div class=\"wp-block-group alignwide\"><div class=\"wp-block-group__inner-container is-layout-constrained wp-block-group-is-layout-constrained\">\n<div class=\"wp-block-columns alignwide are-vertically-aligned-bottom is-style-espace-60-px is-layout-flex wp-container-core-columns-is-layout-28f84493 wp-block-columns-is-layout-flex\">\n<div class=\"wp-block-column is-vertically-aligned-bottom is-layout-flow wp-block-column-is-layout-flow\">\n<figure class=\"wp-block-image size-full\"><img loading=\"lazy\" decoding=\"async\" width=\"700\" height=\"846\" src=\"https:\/\/monumental-valois.com\/wp-content\/uploads\/2025\/02\/Ermenonville-chateau-photo-Bruno-Cohen-CCPV.jpg\" alt=\"Ermenonville castle\" class=\"wp-image-403\" srcset=\"https:\/\/monumental-valois.com\/wp-content\/uploads\/2025\/02\/Ermenonville-chateau-photo-Bruno-Cohen-CCPV.jpg 700w, https:\/\/monumental-valois.com\/wp-content\/uploads\/2025\/02\/Ermenonville-chateau-photo-Bruno-Cohen-CCPV-331x400.jpg 331w, https:\/\/monumental-valois.com\/wp-content\/uploads\/2025\/02\/Ermenonville-chateau-photo-Bruno-Cohen-CCPV-372x450.jpg 372w, https:\/\/monumental-valois.com\/wp-content\/uploads\/2025\/02\/Ermenonville-chateau-photo-Bruno-Cohen-CCPV-496x600.jpg 496w\" sizes=\"auto, (max-width: 700px) 100vw, 700px\" \/><\/figure>\n<\/div>\n\n\n\n<div class=\"wp-block-column is-vertically-aligned-bottom is-layout-flow wp-block-column-is-layout-flow\">\n<div class=\"wp-block-group is-style-largeur-max-370\"><div class=\"wp-block-group__inner-container is-layout-constrained wp-block-group-is-layout-constrained\">\n<p class=\"is-style-sur-titre-page\">the valois region<\/p>\n\n\n\n<h2 class=\"wp-block-heading has-36-px-font-size\">An unspoilt tourist destination<\/h2>\n\n\n\n<p>In addition to its heritage, the Pays de Valois is an attractive tourist destination, offering a unique experience untouched by excessive commercial development. Close to iconic sites such as Ermenonville, the Mer de Sable, Parc Ast\u00e9rix, Chantilly, Senlis, Compi\u00e8gne and Pierrefonds, it attracts visitors in search of culture and nature.<\/p>\n\n\n\n<p>The Ch\u00e2teau Fran\u00e7ois 1er and the Cit\u00e9 Internationale de la Langue Fran\u00e7aise in the Retz-en-Valois area and the Nord de l&#8217;Ourcq in Seine-et-Marne are part of a historic &#8220;Valois&#8221; complex that is attracting a great deal of interest.<\/p>\n<\/div><\/div>\n<\/div>\n<\/div>\n<\/div><\/div>\n\n<p><\/p>\n","protected":false},"excerpt":{"rendered":"<p>the valois region A strategic geographic location Its privileged geographical position, at the gateway to Northern Europe and in the [&hellip;]<\/p>\n","protected":false},"author":1,"featured_media":366,"parent":0,"menu_order":0,"comment_status":"closed","ping_status":"closed","template":"","meta":{"footnotes":""},"class_list":["post-1174","page","type-page","status-publish","has-post-thumbnail","hentry"],"_links":{"self":[{"href":"https:\/\/monumental-valois.com\/en\/wp-json\/wp\/v2\/pages\/1174","targetHints":{"allow":["GET"]}}],"collection":[{"href":"https:\/\/monumental-valois.com\/en\/wp-json\/wp\/v2\/pages"}],"about":[{"href":"https:\/\/monumental-valois.com\/en\/wp-json\/wp\/v2\/types\/page"}],"author":[{"embeddable":true,"href":"https:\/\/monumental-valois.com\/en\/wp-json\/wp\/v2\/users\/1"}],"replies":[{"embeddable":true,"href":"https:\/\/monumental-valois.com\/en\/wp-json\/wp\/v2\/comments?post=1174"}],"version-history":[{"count":0,"href":"https:\/\/monumental-valois.com\/en\/wp-json\/wp\/v2\/pages\/1174\/revisions"}],"wp:featuredmedia":[{"embeddable":true,"href":"https:\/\/monumental-valois.com\/en\/wp-json\/wp\/v2\/media\/366"}],"wp:attachment":[{"href":"https:\/\/monumental-valois.com\/en\/wp-json\/wp\/v2\/media?parent=1174"}],"curies":[{"name":"wp","href":"https:\/\/api.w.org\/{rel}","templated":true}]}}

<div class="wp-block-group alignwide"><div class="wp-block-group__inner-container is-layout-constrained wp-block-group-is-layout-constrained">
<div class="wp-block-columns alignwide is-style-espace-60-px is-layout-flex wp-container-core-columns-is-layout-28f84493 wp-block-columns-is-layout-flex">
<div class="wp-block-column is-vertically-aligned-bottom is-style-default is-layout-flow wp-block-column-is-layout-flow" style="flex-basis:34%"><div class="lazyblock-partager-la-page-yncXr wp-block-lazyblock-partager-la-page"> <div class="partage-single">
                        <p>share this page</p>
                        <div class="liens">
                            <a href="http://twitter.com/share?url=https%3A%2F%2Fmonumental-valois.com%2Fen%2Fthe-pays-de-valois-an-area-combining-nature-history-and-heritage%2F" class="share-x" target="_blank" rel="nofollow" title="Share on X"></a>
                            <a href="http://www.facebook.com/sharer.php?u=https%3A%2F%2Fmonumental-valois.com%2Fen%2Fthe-pays-de-valois-an-area-combining-nature-history-and-heritage%2F&#038;t=The+Pays+de+Valois%3A+an+area+combining+nature%2C+history+and+heritage&#038;src=sp" class="share-facebook" target="_blank" rel="nofollow" title="Share on Facebook">

                            </a>


                        </div>
                    </div></div>


<div style="height:250px" aria-hidden="true" class="wp-block-spacer"></div>



<p class="is-style-sur-titre-page">the valois region</p>



<h2 class="wp-block-heading has-36-px-font-size">A strategic geographic location</h2>



<p>Its privileged geographical position, at the gateway to Northern Europe and in the immediate vicinity of Paris, makes the Pays de Valois a strategic crossroads between the Île-de-France and Hauts-de-France regions. Its proximity to Roissy-Charles de Gaulle airport enhances its attractiveness, while preserving a peaceful, authentic living environment, far from the hustle and bustle of the city.</p>
</div>



<div class="wp-block-column is-vertically-aligned-bottom is-layout-flow wp-block-column-is-layout-flow" style="flex-basis:66%">
<p>The Pays de Valois is an area that harmoniously combines nature, history and heritage. Located in the heart of the Paris Basin, it comprises 62 communes and is home to some 57,000 inhabitants. This verdant region, bordered by the Oise, Ourcq, Plaine de France and Soissonnais rivers, offers a varied landscape of forests, agricultural plains and picturesque villages, often dominated by a church or castle.</p>



<div style="height:100px" aria-hidden="true" class="wp-block-spacer"></div>



<figure class="wp-block-image size-full"><img loading="lazy" decoding="async" width="1100" height="824" src="https://monumental-valois.com/wp-content/uploads/2025/02/office-tourisme-valois.jpg" alt="Pays de Valois" class="wp-image-372" srcset="https://monumental-valois.com/wp-content/uploads/2025/02/office-tourisme-valois.jpg 1100w, https://monumental-valois.com/wp-content/uploads/2025/02/office-tourisme-valois-534x400.jpg 534w, https://monumental-valois.com/wp-content/uploads/2025/02/office-tourisme-valois-768x575.jpg 768w, https://monumental-valois.com/wp-content/uploads/2025/02/office-tourisme-valois-450x337.jpg 450w, https://monumental-valois.com/wp-content/uploads/2025/02/office-tourisme-valois-801x600.jpg 801w" sizes="auto, (max-width: 1100px) 100vw, 1100px" /></figure>
</div>
</div>
</div></div>

<div style="height:100px" aria-hidden="true" class="wp-block-spacer"></div>

<div class="wp-block-group alignwide"><div class="wp-block-group__inner-container is-layout-constrained wp-block-group-is-layout-constrained">
<div class="wp-block-columns alignwide are-vertically-aligned-bottom is-style-espace-60-px is-layout-flex wp-container-core-columns-is-layout-28f84493 wp-block-columns-is-layout-flex">
<div class="wp-block-column is-vertically-aligned-bottom is-layout-flow wp-block-column-is-layout-flow">
<figure class="wp-block-image size-full"><img loading="lazy" decoding="async" width="900" height="900" src="https://monumental-valois.com/wp-content/uploads/2025/02/chapelle.jpg" alt="Pays de Valois" class="wp-image-380" srcset="https://monumental-valois.com/wp-content/uploads/2025/02/chapelle.jpg 900w, https://monumental-valois.com/wp-content/uploads/2025/02/chapelle-400x400.jpg 400w, https://monumental-valois.com/wp-content/uploads/2025/02/chapelle-300x300.jpg 300w, https://monumental-valois.com/wp-content/uploads/2025/02/chapelle-768x768.jpg 768w, https://monumental-valois.com/wp-content/uploads/2025/02/chapelle-450x450.jpg 450w, https://monumental-valois.com/wp-content/uploads/2025/02/chapelle-600x600.jpg 600w" sizes="auto, (max-width: 900px) 100vw, 900px" /></figure>
</div>



<div class="wp-block-column is-vertically-aligned-bottom is-layout-flow wp-block-column-is-layout-flow">
<div class="wp-block-group is-style-largeur-max-370"><div class="wp-block-group__inner-container is-layout-constrained wp-block-group-is-layout-constrained">
<p class="is-style-sur-titre-page">the valois region</p>



<h2 class="wp-block-heading has-36-px-font-size">A historical legacy</h2>



<p>A land of history, the Pays de Valois boasts an exceptional heritage that bears witness to its glorious past, notably as the cradle of the House of Valois. Its historic castles and churches tell of the royal and architectural heritage of a region that has seen great dynasties born and flourish.</p>
</div></div>
</div>
</div>
</div></div>

<div style="height:100px" aria-hidden="true" class="wp-block-spacer"></div>
<div class="lazyblock-carte-home-page-2-Z75Ce8 alignfull alignfull  wp-block-lazyblock-carte-home-page-2"> <div class="carte-page-single">
  <div class="la-carte" id="map-home">
    
  </div>
</div></div>
<div class="wp-block-group alignfull has-noir-background-color has-background"><div class="wp-block-group__inner-container is-layout-constrained wp-block-group-is-layout-constrained">
<div style="height:50px" aria-hidden="true" class="wp-block-spacer"></div>



<div class="wp-block-group alignwide"><div class="wp-block-group__inner-container is-layout-constrained wp-block-group-is-layout-constrained">
<p class="is-style-sur-titre-artiste has-blanc-color has-text-color has-link-color wp-elements-b1f677da89ba7b26fbaabf99703ed178">the valois region</p>



<h3 class="wp-block-heading alignwide has-blanc-color has-text-color has-link-color has-60-px-font-size wp-elements-d4e9134d62349958eeca83090a861ce4">A land of history, the Pays de Valois boasts an exceptional heritage that bears witness to its glorious past.</h3>
</div></div>



<div style="height:50px" aria-hidden="true" class="wp-block-spacer"></div>
</div></div>

<figure class="wp-block-image alignfull size-large"><img loading="lazy" decoding="async" width="1800" height="559" src="https://monumental-valois.com/wp-content/uploads/2025/02/Mareuil-sur-ourcq-canal-de-l-ourcq-1800x559.jpg" alt="Cycle track" class="wp-image-395" srcset="https://monumental-valois.com/wp-content/uploads/2025/02/Mareuil-sur-ourcq-canal-de-l-ourcq-1800x559.jpg 1800w, https://monumental-valois.com/wp-content/uploads/2025/02/Mareuil-sur-ourcq-canal-de-l-ourcq-800x248.jpg 800w, https://monumental-valois.com/wp-content/uploads/2025/02/Mareuil-sur-ourcq-canal-de-l-ourcq-768x239.jpg 768w, https://monumental-valois.com/wp-content/uploads/2025/02/Mareuil-sur-ourcq-canal-de-l-ourcq-1536x477.jpg 1536w, https://monumental-valois.com/wp-content/uploads/2025/02/Mareuil-sur-ourcq-canal-de-l-ourcq-2048x636.jpg 2048w, https://monumental-valois.com/wp-content/uploads/2025/02/Mareuil-sur-ourcq-canal-de-l-ourcq-450x140.jpg 450w, https://monumental-valois.com/wp-content/uploads/2025/02/Mareuil-sur-ourcq-canal-de-l-ourcq-1920x596.jpg 1920w" sizes="auto, (max-width: 1800px) 100vw, 1800px" /></figure>

<div style="height:100px" aria-hidden="true" class="wp-block-spacer"></div>

<div class="wp-block-group alignwide"><div class="wp-block-group__inner-container is-layout-constrained wp-block-group-is-layout-constrained">
<div class="wp-block-columns alignwide are-vertically-aligned-bottom is-style-espace-60-px is-layout-flex wp-container-core-columns-is-layout-28f84493 wp-block-columns-is-layout-flex">
<div class="wp-block-column is-vertically-aligned-bottom is-layout-flow wp-block-column-is-layout-flow">
<figure class="wp-block-image size-full"><img loading="lazy" decoding="async" width="700" height="846" src="https://monumental-valois.com/wp-content/uploads/2025/02/Ermenonville-chateau-photo-Bruno-Cohen-CCPV.jpg" alt="Ermenonville castle" class="wp-image-403" srcset="https://monumental-valois.com/wp-content/uploads/2025/02/Ermenonville-chateau-photo-Bruno-Cohen-CCPV.jpg 700w, https://monumental-valois.com/wp-content/uploads/2025/02/Ermenonville-chateau-photo-Bruno-Cohen-CCPV-331x400.jpg 331w, https://monumental-valois.com/wp-content/uploads/2025/02/Ermenonville-chateau-photo-Bruno-Cohen-CCPV-372x450.jpg 372w, https://monumental-valois.com/wp-content/uploads/2025/02/Ermenonville-chateau-photo-Bruno-Cohen-CCPV-496x600.jpg 496w" sizes="auto, (max-width: 700px) 100vw, 700px" /></figure>
</div>



<div class="wp-block-column is-vertically-aligned-bottom is-layout-flow wp-block-column-is-layout-flow">
<div class="wp-block-group is-style-largeur-max-370"><div class="wp-block-group__inner-container is-layout-constrained wp-block-group-is-layout-constrained">
<p class="is-style-sur-titre-page">the valois region</p>



<h2 class="wp-block-heading has-36-px-font-size">An unspoilt tourist destination</h2>



<p>In addition to its heritage, the Pays de Valois is an attractive tourist destination, offering a unique experience untouched by excessive commercial development. Close to iconic sites such as Ermenonville, the Mer de Sable, Parc Astérix, Chantilly, Senlis, Compiègne and Pierrefonds, it attracts visitors in search of culture and nature.</p>



<p>The Château François 1er and the Cité Internationale de la Langue Française in the Retz-en-Valois area and the Nord de l&#8217;Ourcq in Seine-et-Marne are part of a historic &#8220;Valois&#8221; complex that is attracting a great deal of interest.</p>
</div></div>
</div>
</div>
</div></div>

<p></p>
