{"id":1354,"date":"2025-02-14T12:20:06","date_gmt":"2025-02-14T11:20:06","guid":{"rendered":"https:\/\/monumental-valois.com\/artiste\/eugene-dodeigne\/"},"modified":"2026-02-11T15:25:44","modified_gmt":"2026-02-11T14:25:44","slug":"eugene-dodeigne","status":"publish","type":"artiste","link":"https:\/\/monumental-valois.com\/es\/artista\/eugene-dodeigne\/","title":{"rendered":"Eug\u00e8ne Dodeigne"},"content":{"rendered":"\n<div class=\"wp-block-group alignwide\"><div class=\"wp-block-group__inner-container is-layout-constrained wp-block-group-is-layout-constrained\">\n<div class=\"wp-block-columns alignwide are-vertically-aligned-bottom is-layout-flex wp-container-core-columns-is-layout-28f84493 wp-block-columns-is-layout-flex\">\n<div class=\"wp-block-column is-vertically-aligned-bottom is-layout-flow wp-block-column-is-layout-flow\" style=\"flex-basis:33%\">\n<p class=\"is-style-sur-titre-artiste\">Eug\u00e8ne Dodeigne<\/p>\n\n\n\n<h2 class=\"wp-block-heading has-34-px-font-size\">Expresar la condici\u00f3n humana<\/h2>\n\n\n\n<p>Sus obras, que a veces rozan el \u00abno finito\u00bb, muestran el aspecto bruto del material e invitan al espectador a descubrir la humanidad que hay bajo la superficie de la piedra. Aprovecha la energ\u00eda bruta del material para expresar una tensi\u00f3n interior, creando esculturas que son a la vez sensuales y brutales. <\/p>\n<\/div>\n\n\n\n<div class=\"wp-block-column is-vertically-aligned-bottom is-layout-flow wp-block-column-is-layout-flow\" style=\"flex-basis:67%\">\n<figure class=\"wp-block-image size-full\"><img loading=\"lazy\" decoding=\"async\" width=\"600\" height=\"800\" src=\"https:\/\/monumental-valois.com\/wp-content\/uploads\/2025\/02\/Carre-eugene-dodeignet.jpg\" alt=\"Cuadrado: el poder de la piedra\" class=\"wp-image-788\" srcset=\"https:\/\/monumental-valois.com\/wp-content\/uploads\/2025\/02\/Carre-eugene-dodeignet.jpg 600w, https:\/\/monumental-valois.com\/wp-content\/uploads\/2025\/02\/Carre-eugene-dodeignet-300x400.jpg 300w, https:\/\/monumental-valois.com\/wp-content\/uploads\/2025\/02\/Carre-eugene-dodeignet-338x450.jpg 338w, https:\/\/monumental-valois.com\/wp-content\/uploads\/2025\/02\/Carre-eugene-dodeignet-450x600.jpg 450w\" sizes=\"auto, (max-width: 600px) 100vw, 600px\" \/><\/figure>\n<\/div>\n<\/div>\n<\/div><\/div>\n\n<div style=\"height:50px\" aria-hidden=\"true\" class=\"wp-block-spacer\"><\/div>\n\n<div class=\"wp-block-group alignwide\"><div class=\"wp-block-group__inner-container is-layout-constrained wp-block-group-is-layout-constrained\">\n<div class=\"wp-block-columns alignwide are-vertically-aligned-bottom is-layout-flex wp-container-core-columns-is-layout-28f84493 wp-block-columns-is-layout-flex\">\n<div class=\"wp-block-column is-vertically-aligned-bottom is-layout-flow wp-block-column-is-layout-flow\" style=\"flex-basis:50%\">\n<p class=\"is-style-sur-titre-artiste\">Eug\u00e8ne Dodeigne<\/p>\n\n\n\n<h2 class=\"wp-block-heading has-34-px-font-size\">Reconocimiento internacional<\/h2>\n\n\n\n<p>En la d\u00e9cada de 1960, Dodeigne expuso internacionalmente y su reputaci\u00f3n sigui\u00f3 creciendo. En la d\u00e9cada de 1970, se dedic\u00f3 a monumentalizar sus obras, muchas de las cuales pueblan ahora parques y ciudades, sobre todo en el norte de Francia y a escala internacional. <\/p>\n\n\n\n<div class=\"wp-block-buttons is-layout-flex wp-block-buttons-is-layout-flex\">\n<div class=\"wp-block-button\"><a class=\"wp-block-button__link wp-element-button\" href=\"https:\/\/monumental-valois.com\/oeuvre-monumentale\/carre-la-puissance-de-la-pierre\/\">Descubre el trabajo<\/a><\/div>\n<\/div>\n<\/div>\n\n\n\n<div class=\"wp-block-column is-vertically-aligned-bottom is-layout-flow wp-block-column-is-layout-flow\" style=\"flex-basis:50%\">\n<h2 class=\"wp-block-heading has-34-px-font-size\">Un artista importante de la escultura contempor\u00e1nea<\/h2>\n\n\n\n<p>Elegido miembro de la Academia de Bellas Artes en 1999, Eug\u00e8ne Dodeigne dej\u00f3 su impronta en la historia del arte del siglo XX. Su obra sigue siendo un poderoso testimonio de la b\u00fasqueda de energ\u00eda, materia y expresi\u00f3n humana. <\/p>\n<\/div>\n<\/div>\n<\/div><\/div>\n","protected":false},"excerpt":{"rendered":"<p>Eug\u00e8ne Dodeigne Expresar la condici\u00f3n humana Sus obras, que a veces rozan el \u00abno finito\u00bb, muestran el aspecto bruto del [&hellip;]<\/p>\n","protected":false},"featured_media":1356,"template":"","discipline":[21],"class_list":["post-1354","artiste","type-artiste","status-publish","has-post-thumbnail","hentry","discipline-sculpture"],"_links":{"self":[{"href":"https:\/\/monumental-valois.com\/es\/wp-json\/wp\/v2\/artiste\/1354","targetHints":{"allow":["GET"]}}],"collection":[{"href":"https:\/\/monumental-valois.com\/es\/wp-json\/wp\/v2\/artiste"}],"about":[{"href":"https:\/\/monumental-valois.com\/es\/wp-json\/wp\/v2\/types\/artiste"}],"wp:featuredmedia":[{"embeddable":true,"href":"https:\/\/monumental-valois.com\/es\/wp-json\/wp\/v2\/media\/1356"}],"wp:attachment":[{"href":"https:\/\/monumental-valois.com\/es\/wp-json\/wp\/v2\/media?parent=1354"}],"wp:term":[{"taxonomy":"discipline","embeddable":true,"href":"https:\/\/monumental-valois.com\/es\/wp-json\/wp\/v2\/discipline?post=1354"}],"curies":[{"name":"wp","href":"https:\/\/api.w.org\/{rel}","templated":true}]}}

Eugène Dodeigne

<div class="wp-block-group alignwide"><div class="wp-block-group__inner-container is-layout-constrained wp-block-group-is-layout-constrained">
<div class="wp-block-columns alignwide are-vertically-aligned-bottom is-layout-flex wp-container-core-columns-is-layout-28f84493 wp-block-columns-is-layout-flex">
<div class="wp-block-column is-vertically-aligned-bottom is-layout-flow wp-block-column-is-layout-flow" style="flex-basis:33%">
<p class="is-style-sur-titre-artiste">Eugène Dodeigne</p>



<h2 class="wp-block-heading has-34-px-font-size">Expresar la condición humana</h2>



<p>Sus obras, que a veces rozan el «no finito», muestran el aspecto bruto del material e invitan al espectador a descubrir la humanidad que hay bajo la superficie de la piedra. Aprovecha la energía bruta del material para expresar una tensión interior, creando esculturas que son a la vez sensuales y brutales. </p>
</div>



<div class="wp-block-column is-vertically-aligned-bottom is-layout-flow wp-block-column-is-layout-flow" style="flex-basis:67%">
<figure class="wp-block-image size-full"><img loading="lazy" decoding="async" width="600" height="800" src="https://monumental-valois.com/wp-content/uploads/2025/02/Carre-eugene-dodeignet.jpg" alt="Cuadrado: el poder de la piedra" class="wp-image-788" srcset="https://monumental-valois.com/wp-content/uploads/2025/02/Carre-eugene-dodeignet.jpg 600w, https://monumental-valois.com/wp-content/uploads/2025/02/Carre-eugene-dodeignet-300x400.jpg 300w, https://monumental-valois.com/wp-content/uploads/2025/02/Carre-eugene-dodeignet-338x450.jpg 338w, https://monumental-valois.com/wp-content/uploads/2025/02/Carre-eugene-dodeignet-450x600.jpg 450w" sizes="auto, (max-width: 600px) 100vw, 600px" /></figure>
</div>
</div>
</div></div>

<div style="height:50px" aria-hidden="true" class="wp-block-spacer"></div>

<div class="wp-block-group alignwide"><div class="wp-block-group__inner-container is-layout-constrained wp-block-group-is-layout-constrained">
<div class="wp-block-columns alignwide are-vertically-aligned-bottom is-layout-flex wp-container-core-columns-is-layout-28f84493 wp-block-columns-is-layout-flex">
<div class="wp-block-column is-vertically-aligned-bottom is-layout-flow wp-block-column-is-layout-flow" style="flex-basis:50%">
<p class="is-style-sur-titre-artiste">Eugène Dodeigne</p>



<h2 class="wp-block-heading has-34-px-font-size">Reconocimiento internacional</h2>



<p>En la década de 1960, Dodeigne expuso internacionalmente y su reputación siguió creciendo. En la década de 1970, se dedicó a monumentalizar sus obras, muchas de las cuales pueblan ahora parques y ciudades, sobre todo en el norte de Francia y a escala internacional. </p>



<div class="wp-block-buttons is-layout-flex wp-block-buttons-is-layout-flex">
<div class="wp-block-button"><a class="wp-block-button__link wp-element-button" href="https://monumental-valois.com/oeuvre-monumentale/carre-la-puissance-de-la-pierre/">Descubre el trabajo</a></div>
</div>
</div>



<div class="wp-block-column is-vertically-aligned-bottom is-layout-flow wp-block-column-is-layout-flow" style="flex-basis:50%">
<h2 class="wp-block-heading has-34-px-font-size">Un artista importante de la escultura contemporánea</h2>



<p>Elegido miembro de la Academia de Bellas Artes en 1999, Eugène Dodeigne dejó su impronta en la historia del arte del siglo XX. Su obra sigue siendo un poderoso testimonio de la búsqueda de energía, materia y expresión humana. </p>
</div>
</div>
</div></div>

<p>Eugène Dodeigne Expresar la condición humana Sus obras, que a veces rozan el «no finito», muestran el aspecto bruto del [&hellip;]</p>
