{"id":1355,"date":"2025-02-14T12:48:49","date_gmt":"2025-02-14T11:48:49","guid":{"rendered":"https:\/\/monumental-valois.com\/artiste\/robert-couturier\/"},"modified":"2026-02-11T15:25:44","modified_gmt":"2026-02-11T14:25:44","slug":"robert-couturier","status":"publish","type":"artiste","link":"https:\/\/monumental-valois.com\/es\/artista\/robert-couturier\/","title":{"rendered":"Robert Couturier"},"content":{"rendered":"\n<div class=\"wp-block-group alignwide\"><div class=\"wp-block-group__inner-container is-layout-constrained wp-block-group-is-layout-constrained\">\n<div class=\"wp-block-columns alignwide are-vertically-aligned-bottom is-layout-flex wp-container-core-columns-is-layout-28f84493 wp-block-columns-is-layout-flex\">\n<div class=\"wp-block-column is-vertically-aligned-bottom is-layout-flow wp-block-column-is-layout-flow\" style=\"flex-basis:33%\">\n<p class=\"is-style-sur-titre-artiste\">Robert Couturier<\/p>\n\n\n\n<h2 class=\"wp-block-heading has-34-px-font-size\">Una vocaci\u00f3n guiada por Maillol<\/h2>\n\n\n\n<p>Tras estudiar en la \u00c9cole Estienne para convertirse en lit\u00f3grafo, Robert Couturier interrumpi\u00f3 su formaci\u00f3n antes de conocer a Aristide Maillol en 1928, que se convirti\u00f3 en su mentor y le anim\u00f3 a dedicarse a la escultura.<\/p>\n<\/div>\n\n\n\n<div class=\"wp-block-column is-vertically-aligned-bottom is-layout-flow wp-block-column-is-layout-flow\" style=\"flex-basis:67%\">\n<figure class=\"wp-block-image size-full\"><img loading=\"lazy\" decoding=\"async\" width=\"600\" height=\"600\" src=\"https:\/\/monumental-valois.com\/wp-content\/uploads\/2025\/02\/La-Savonette-robert-couturierjpg.jpg\" alt=\"La Savonnette: una oda a la sencillez del desnudo&#10;\" class=\"wp-image-804\" srcset=\"https:\/\/monumental-valois.com\/wp-content\/uploads\/2025\/02\/La-Savonette-robert-couturierjpg.jpg 600w, https:\/\/monumental-valois.com\/wp-content\/uploads\/2025\/02\/La-Savonette-robert-couturierjpg-400x400.jpg 400w, https:\/\/monumental-valois.com\/wp-content\/uploads\/2025\/02\/La-Savonette-robert-couturierjpg-300x300.jpg 300w, https:\/\/monumental-valois.com\/wp-content\/uploads\/2025\/02\/La-Savonette-robert-couturierjpg-450x450.jpg 450w\" sizes=\"auto, (max-width: 600px) 100vw, 600px\" \/><\/figure>\n<\/div>\n<\/div>\n<\/div><\/div>\n\n<div style=\"height:50px\" aria-hidden=\"true\" class=\"wp-block-spacer\"><\/div>\n\n<div class=\"wp-block-group alignwide\"><div class=\"wp-block-group__inner-container is-layout-constrained wp-block-group-is-layout-constrained\">\n<div class=\"wp-block-columns alignwide are-vertically-aligned-bottom is-layout-flex wp-container-core-columns-is-layout-28f84493 wp-block-columns-is-layout-flex\">\n<div class=\"wp-block-column is-vertically-aligned-bottom is-layout-flow wp-block-column-is-layout-flow\" style=\"flex-basis:50%\">\n<p class=\"is-style-sur-titre-artiste\">Robert Couturier<\/p>\n\n\n\n<h2 class=\"wp-block-heading has-34-px-font-size\">Un profesor reconocido<\/h2>\n\n\n\n<p>Tras la Segunda Guerra Mundial, Couturier se convirti\u00f3 en profesor de la \u00c9cole des arts d\u00e9coratifs de Par\u00eds en 1946, y despu\u00e9s de la \u00c9cole nationale sup\u00e9rieure des Beaux-Arts (1963-1975). Su influencia se extendi\u00f3 m\u00e1s all\u00e1 de su obra personal, gracias a su papel de maestro de las nuevas generaciones. <\/p>\n\n\n\n<div class=\"wp-block-buttons is-layout-flex wp-block-buttons-is-layout-flex\">\n<div class=\"wp-block-button\"><a class=\"wp-block-button__link wp-element-button\" href=\"https:\/\/monumental-valois.com\/oeuvre-monumentale\/la-savonnette-ode-a-la-simplicite-du-nu\/\">Descubre el trabajo<\/a><\/div>\n<\/div>\n<\/div>\n\n\n\n<div class=\"wp-block-column is-vertically-aligned-bottom is-layout-flow wp-block-column-is-layout-flow\" style=\"flex-basis:50%\">\n<h2 class=\"wp-block-heading has-34-px-font-size\">Un patrimonio c\u00e9lebre<\/h2>\n\n\n\n<p>Miembro fundador del Sal\u00f3n de Mai y galardonado con el Premio Wildenstein en 1966, Couturier deja tras de s\u00ed un rico patrimonio art\u00edstico. Sus obras, que se encuentran en prestigiosas colecciones de Par\u00eds, Madrid y R\u00edo de Janeiro, atestiguan su lugar entre los grandes nombres de la escultura francesa. <\/p>\n<\/div>\n<\/div>\n<\/div><\/div>\n","protected":false},"excerpt":{"rendered":"<p>Robert Couturier Una vocaci\u00f3n guiada por Maillol Tras estudiar en la \u00c9cole Estienne para convertirse en lit\u00f3grafo, Robert Couturier interrumpi\u00f3 [&hellip;]<\/p>\n","protected":false},"featured_media":1357,"template":"","discipline":[21],"class_list":["post-1355","artiste","type-artiste","status-publish","has-post-thumbnail","hentry","discipline-sculpture"],"_links":{"self":[{"href":"https:\/\/monumental-valois.com\/es\/wp-json\/wp\/v2\/artiste\/1355","targetHints":{"allow":["GET"]}}],"collection":[{"href":"https:\/\/monumental-valois.com\/es\/wp-json\/wp\/v2\/artiste"}],"about":[{"href":"https:\/\/monumental-valois.com\/es\/wp-json\/wp\/v2\/types\/artiste"}],"wp:featuredmedia":[{"embeddable":true,"href":"https:\/\/monumental-valois.com\/es\/wp-json\/wp\/v2\/media\/1357"}],"wp:attachment":[{"href":"https:\/\/monumental-valois.com\/es\/wp-json\/wp\/v2\/media?parent=1355"}],"wp:term":[{"taxonomy":"discipline","embeddable":true,"href":"https:\/\/monumental-valois.com\/es\/wp-json\/wp\/v2\/discipline?post=1355"}],"curies":[{"name":"wp","href":"https:\/\/api.w.org\/{rel}","templated":true}]}}

<div class="wp-block-group alignwide"><div class="wp-block-group__inner-container is-layout-constrained wp-block-group-is-layout-constrained">
<div class="wp-block-columns alignwide are-vertically-aligned-bottom is-layout-flex wp-container-core-columns-is-layout-28f84493 wp-block-columns-is-layout-flex">
<div class="wp-block-column is-vertically-aligned-bottom is-layout-flow wp-block-column-is-layout-flow" style="flex-basis:33%">
<p class="is-style-sur-titre-artiste">Robert Couturier</p>



<h2 class="wp-block-heading has-34-px-font-size">Una vocación guiada por Maillol</h2>



<p>Tras estudiar en la École Estienne para convertirse en litógrafo, Robert Couturier interrumpió su formación antes de conocer a Aristide Maillol en 1928, que se convirtió en su mentor y le animó a dedicarse a la escultura.</p>
</div>



<div class="wp-block-column is-vertically-aligned-bottom is-layout-flow wp-block-column-is-layout-flow" style="flex-basis:67%">
<figure class="wp-block-image size-full"><img loading="lazy" decoding="async" width="600" height="600" src="https://monumental-valois.com/wp-content/uploads/2025/02/La-Savonette-robert-couturierjpg.jpg" alt="La Savonnette: una oda a la sencillez del desnudo&#10;" class="wp-image-804" srcset="https://monumental-valois.com/wp-content/uploads/2025/02/La-Savonette-robert-couturierjpg.jpg 600w, https://monumental-valois.com/wp-content/uploads/2025/02/La-Savonette-robert-couturierjpg-400x400.jpg 400w, https://monumental-valois.com/wp-content/uploads/2025/02/La-Savonette-robert-couturierjpg-300x300.jpg 300w, https://monumental-valois.com/wp-content/uploads/2025/02/La-Savonette-robert-couturierjpg-450x450.jpg 450w" sizes="auto, (max-width: 600px) 100vw, 600px" /></figure>
</div>
</div>
</div></div>

<div style="height:50px" aria-hidden="true" class="wp-block-spacer"></div>

<div class="wp-block-group alignwide"><div class="wp-block-group__inner-container is-layout-constrained wp-block-group-is-layout-constrained">
<div class="wp-block-columns alignwide are-vertically-aligned-bottom is-layout-flex wp-container-core-columns-is-layout-28f84493 wp-block-columns-is-layout-flex">
<div class="wp-block-column is-vertically-aligned-bottom is-layout-flow wp-block-column-is-layout-flow" style="flex-basis:50%">
<p class="is-style-sur-titre-artiste">Robert Couturier</p>



<h2 class="wp-block-heading has-34-px-font-size">Un profesor reconocido</h2>



<p>Tras la Segunda Guerra Mundial, Couturier se convirtió en profesor de la École des arts décoratifs de París en 1946, y después de la École nationale supérieure des Beaux-Arts (1963-1975). Su influencia se extendió más allá de su obra personal, gracias a su papel de maestro de las nuevas generaciones. </p>



<div class="wp-block-buttons is-layout-flex wp-block-buttons-is-layout-flex">
<div class="wp-block-button"><a class="wp-block-button__link wp-element-button" href="https://monumental-valois.com/oeuvre-monumentale/la-savonnette-ode-a-la-simplicite-du-nu/">Descubre el trabajo</a></div>
</div>
</div>



<div class="wp-block-column is-vertically-aligned-bottom is-layout-flow wp-block-column-is-layout-flow" style="flex-basis:50%">
<h2 class="wp-block-heading has-34-px-font-size">Un patrimonio célebre</h2>



<p>Miembro fundador del Salón de Mai y galardonado con el Premio Wildenstein en 1966, Couturier deja tras de sí un rico patrimonio artístico. Sus obras, que se encuentran en prestigiosas colecciones de París, Madrid y Río de Janeiro, atestiguan su lugar entre los grandes nombres de la escultura francesa. </p>
</div>
</div>
</div></div>

<p>Robert Couturier Una vocación guiada por Maillol Tras estudiar en la École Estienne para convertirse en litógrafo, Robert Couturier interrumpió [&hellip;]</p>
