{"id":1360,"date":"2025-02-14T12:51:22","date_gmt":"2025-02-14T11:51:22","guid":{"rendered":"https:\/\/monumental-valois.com\/artiste\/sol-lewitt\/"},"modified":"2026-02-11T15:25:44","modified_gmt":"2026-02-11T14:25:44","slug":"sol-lewitt","status":"publish","type":"artiste","link":"https:\/\/monumental-valois.com\/es\/artista\/sol-lewitt\/","title":{"rendered":"Sol LeWitt"},"content":{"rendered":"\n<div class=\"wp-block-group alignwide\"><div class=\"wp-block-group__inner-container is-layout-constrained wp-block-group-is-layout-constrained\">\n<div class=\"wp-block-columns alignwide are-vertically-aligned-bottom is-style-espace-60-px is-layout-flex wp-container-core-columns-is-layout-28f84493 wp-block-columns-is-layout-flex\">\n<div class=\"wp-block-column is-vertically-aligned-bottom is-layout-flow wp-block-column-is-layout-flow\" style=\"flex-basis:33%\">\n<p class=\"is-style-sur-titre-artiste\">Sol LeWitt<\/p>\n\n\n\n<h2 class=\"wp-block-heading has-34-px-font-size\">De las esculturas geom\u00e9tricas a los dibujos murales<\/h2>\n\n\n\n<p>LeWitt es famoso por sus esculturas modulares, en las que formas sencillas como el cubo siguen rigurosos principios de abstracci\u00f3n geom\u00e9trica. En la d\u00e9cada de 1970, explor\u00f3 los dibujos murales, integrando motivos y l\u00edneas en la arquitectura de las galer\u00edas para cuestionar la relaci\u00f3n entre arte y espacio. <\/p>\n<\/div>\n\n\n\n<div class=\"wp-block-column is-vertically-aligned-bottom is-layout-flow wp-block-column-is-layout-flow\" style=\"flex-basis:67%\">\n<figure class=\"wp-block-image size-full\"><img loading=\"lazy\" decoding=\"async\" width=\"600\" height=\"601\" src=\"https:\/\/monumental-valois.com\/wp-content\/uploads\/2025\/02\/Wall-Drawing-de-Sol-LeWitt-immersion-geometrique.jpg\" alt=\"Dibujo mural de Sol LeWitt: inmersi&#xF3;n geom&#xE9;trica&#10;\" class=\"wp-image-802\" srcset=\"https:\/\/monumental-valois.com\/wp-content\/uploads\/2025\/02\/Wall-Drawing-de-Sol-LeWitt-immersion-geometrique.jpg 600w, https:\/\/monumental-valois.com\/wp-content\/uploads\/2025\/02\/Wall-Drawing-de-Sol-LeWitt-immersion-geometrique-399x400.jpg 399w, https:\/\/monumental-valois.com\/wp-content\/uploads\/2025\/02\/Wall-Drawing-de-Sol-LeWitt-immersion-geometrique-300x300.jpg 300w, https:\/\/monumental-valois.com\/wp-content\/uploads\/2025\/02\/Wall-Drawing-de-Sol-LeWitt-immersion-geometrique-450x450.jpg 450w\" sizes=\"auto, (max-width: 600px) 100vw, 600px\" \/><\/figure>\n<\/div>\n<\/div>\n<\/div><\/div>\n\n<div style=\"height:50px\" aria-hidden=\"true\" class=\"wp-block-spacer\"><\/div>\n\n<div class=\"wp-block-group alignwide\"><div class=\"wp-block-group__inner-container is-layout-constrained wp-block-group-is-layout-constrained\">\n<div class=\"wp-block-columns alignwide are-vertically-aligned-bottom is-style-espace-60-px is-layout-flex wp-container-core-columns-is-layout-28f84493 wp-block-columns-is-layout-flex\">\n<div class=\"wp-block-column is-vertically-aligned-bottom is-layout-flow wp-block-column-is-layout-flow\" style=\"flex-basis:50%\">\n<p class=\"is-style-sur-titre-artiste\">Sol LeWitt<\/p>\n\n\n\n<h2 class=\"wp-block-heading has-34-px-font-size\">Una colaboraci\u00f3n art\u00edstica y un enfoque educativo<\/h2>\n\n\n\n<p>Sol LeWitt tambi\u00e9n transform\u00f3 el arte de la colaboraci\u00f3n. En 1976, cofund\u00f3 Printed Matter, Inc, una organizaci\u00f3n dedicada a la difusi\u00f3n del arte conceptual. En sus proyectos de litograf\u00eda, enviaba instrucciones escritas a los estudiantes para que realizaran las obras, demostrando que la idea del artista primaba sobre su propia ejecuci\u00f3n. Este enfoque descentralizado revela su deseo de compartir la creaci\u00f3n.<\/p>\n\n\n\n<div class=\"wp-block-buttons is-layout-flex wp-block-buttons-is-layout-flex\">\n<div class=\"wp-block-button\"><a class=\"wp-block-button__link wp-element-button\" href=\"https:\/\/monumental-valois.com\/oeuvre-monumentale\/wall-drawing-de-sol-lewitt-immersion-geometrique\/\">Descubre el trabajo<\/a><\/div>\n<\/div>\n<\/div>\n\n\n\n<div class=\"wp-block-column is-vertically-aligned-bottom is-layout-flow wp-block-column-is-layout-flow\" style=\"flex-basis:50%\">\n<h2 class=\"wp-block-heading has-34-px-font-size\">Una influencia duradera<\/h2>\n\n\n\n<p>Pionero de la colaboraci\u00f3n, en 1976 cofund\u00f3 Printed Matter, Inc, empresa dedicada al arte conceptual. En sus proyectos, delega la ejecuci\u00f3n de sus obras mediante instrucciones escritas, afirmando as\u00ed la primac\u00eda de la idea sobre la realizaci\u00f3n y fomentando la creaci\u00f3n compartida.<\/p>\n<\/div>\n<\/div>\n<\/div><\/div>\n","protected":false},"excerpt":{"rendered":"<p>Sol LeWitt De las esculturas geom\u00e9tricas a los dibujos murales LeWitt es famoso por sus esculturas modulares, en las que [&hellip;]<\/p>\n","protected":false},"featured_media":1361,"template":"","discipline":[21],"class_list":["post-1360","artiste","type-artiste","status-publish","has-post-thumbnail","hentry","discipline-sculpture"],"_links":{"self":[{"href":"https:\/\/monumental-valois.com\/es\/wp-json\/wp\/v2\/artiste\/1360","targetHints":{"allow":["GET"]}}],"collection":[{"href":"https:\/\/monumental-valois.com\/es\/wp-json\/wp\/v2\/artiste"}],"about":[{"href":"https:\/\/monumental-valois.com\/es\/wp-json\/wp\/v2\/types\/artiste"}],"wp:featuredmedia":[{"embeddable":true,"href":"https:\/\/monumental-valois.com\/es\/wp-json\/wp\/v2\/media\/1361"}],"wp:attachment":[{"href":"https:\/\/monumental-valois.com\/es\/wp-json\/wp\/v2\/media?parent=1360"}],"wp:term":[{"taxonomy":"discipline","embeddable":true,"href":"https:\/\/monumental-valois.com\/es\/wp-json\/wp\/v2\/discipline?post=1360"}],"curies":[{"name":"wp","href":"https:\/\/api.w.org\/{rel}","templated":true}]}}

<div class="wp-block-group alignwide"><div class="wp-block-group__inner-container is-layout-constrained wp-block-group-is-layout-constrained">
<div class="wp-block-columns alignwide are-vertically-aligned-bottom is-style-espace-60-px is-layout-flex wp-container-core-columns-is-layout-28f84493 wp-block-columns-is-layout-flex">
<div class="wp-block-column is-vertically-aligned-bottom is-layout-flow wp-block-column-is-layout-flow" style="flex-basis:33%">
<p class="is-style-sur-titre-artiste">Sol LeWitt</p>



<h2 class="wp-block-heading has-34-px-font-size">De las esculturas geométricas a los dibujos murales</h2>



<p>LeWitt es famoso por sus esculturas modulares, en las que formas sencillas como el cubo siguen rigurosos principios de abstracción geométrica. En la década de 1970, exploró los dibujos murales, integrando motivos y líneas en la arquitectura de las galerías para cuestionar la relación entre arte y espacio. </p>
</div>



<div class="wp-block-column is-vertically-aligned-bottom is-layout-flow wp-block-column-is-layout-flow" style="flex-basis:67%">
<figure class="wp-block-image size-full"><img loading="lazy" decoding="async" width="600" height="601" src="https://monumental-valois.com/wp-content/uploads/2025/02/Wall-Drawing-de-Sol-LeWitt-immersion-geometrique.jpg" alt="Dibujo mural de Sol LeWitt: inmersi&#xF3;n geom&#xE9;trica&#10;" class="wp-image-802" srcset="https://monumental-valois.com/wp-content/uploads/2025/02/Wall-Drawing-de-Sol-LeWitt-immersion-geometrique.jpg 600w, https://monumental-valois.com/wp-content/uploads/2025/02/Wall-Drawing-de-Sol-LeWitt-immersion-geometrique-399x400.jpg 399w, https://monumental-valois.com/wp-content/uploads/2025/02/Wall-Drawing-de-Sol-LeWitt-immersion-geometrique-300x300.jpg 300w, https://monumental-valois.com/wp-content/uploads/2025/02/Wall-Drawing-de-Sol-LeWitt-immersion-geometrique-450x450.jpg 450w" sizes="auto, (max-width: 600px) 100vw, 600px" /></figure>
</div>
</div>
</div></div>

<div style="height:50px" aria-hidden="true" class="wp-block-spacer"></div>

<div class="wp-block-group alignwide"><div class="wp-block-group__inner-container is-layout-constrained wp-block-group-is-layout-constrained">
<div class="wp-block-columns alignwide are-vertically-aligned-bottom is-style-espace-60-px is-layout-flex wp-container-core-columns-is-layout-28f84493 wp-block-columns-is-layout-flex">
<div class="wp-block-column is-vertically-aligned-bottom is-layout-flow wp-block-column-is-layout-flow" style="flex-basis:50%">
<p class="is-style-sur-titre-artiste">Sol LeWitt</p>



<h2 class="wp-block-heading has-34-px-font-size">Una colaboración artística y un enfoque educativo</h2>



<p>Sol LeWitt también transformó el arte de la colaboración. En 1976, cofundó Printed Matter, Inc, una organización dedicada a la difusión del arte conceptual. En sus proyectos de litografía, enviaba instrucciones escritas a los estudiantes para que realizaran las obras, demostrando que la idea del artista primaba sobre su propia ejecución. Este enfoque descentralizado revela su deseo de compartir la creación.</p>



<div class="wp-block-buttons is-layout-flex wp-block-buttons-is-layout-flex">
<div class="wp-block-button"><a class="wp-block-button__link wp-element-button" href="https://monumental-valois.com/oeuvre-monumentale/wall-drawing-de-sol-lewitt-immersion-geometrique/">Descubre el trabajo</a></div>
</div>
</div>



<div class="wp-block-column is-vertically-aligned-bottom is-layout-flow wp-block-column-is-layout-flow" style="flex-basis:50%">
<h2 class="wp-block-heading has-34-px-font-size">Una influencia duradera</h2>



<p>Pionero de la colaboración, en 1976 cofundó Printed Matter, Inc, empresa dedicada al arte conceptual. En sus proyectos, delega la ejecución de sus obras mediante instrucciones escritas, afirmando así la primacía de la idea sobre la realización y fomentando la creación compartida.</p>
</div>
</div>
</div></div>

<p>Sol LeWitt De las esculturas geométricas a los dibujos murales LeWitt es famoso por sus esculturas modulares, en las que [&hellip;]</p>
