{"id":1364,"date":"2025-02-14T12:37:14","date_gmt":"2025-02-14T11:37:14","guid":{"rendered":"https:\/\/monumental-valois.com\/artiste\/bernar-venet\/"},"modified":"2026-02-11T15:25:44","modified_gmt":"2026-02-11T14:25:44","slug":"bernar-venet","status":"publish","type":"artiste","link":"https:\/\/monumental-valois.com\/es\/artista\/bernar-venet\/","title":{"rendered":"Bernar Venet"},"content":{"rendered":"\n<div class=\"wp-block-group alignwide\"><div class=\"wp-block-group__inner-container is-layout-constrained wp-block-group-is-layout-constrained\">\n<div class=\"wp-block-columns alignwide are-vertically-aligned-bottom is-layout-flex wp-container-core-columns-is-layout-28f84493 wp-block-columns-is-layout-flex\">\n<div class=\"wp-block-column is-vertically-aligned-bottom is-layout-flow wp-block-column-is-layout-flow\" style=\"flex-basis:33%\">\n<p class=\"is-style-sur-titre-artiste\">Bernar venet<\/p>\n\n\n\n<h2 class=\"wp-block-heading has-34-px-font-size\">Un comienzo experimental<\/h2>\n\n\n\n<p>Ayudante de decorador en la \u00d3pera de Niza en 1958, Bernar Venet pronto se decant\u00f3 por la abstracci\u00f3n y el minimalismo. Un encuentro con un pozo de alquitr\u00e1n durante su servicio militar influy\u00f3 en sus primeras obras, entre ellas un mont\u00f3n de carb\u00f3n que rechazaba toda convenci\u00f3n art\u00edstica. Trasladado a Nueva York en 1966, se inspir\u00f3 en el Nuevo Realismo y el Minimalismo estadounidense, exponiendo junto a algunos de los grandes nombres.  <\/p>\n<\/div>\n\n\n\n<div class=\"wp-block-column is-vertically-aligned-bottom is-layout-flow wp-block-column-is-layout-flow\" style=\"flex-basis:67%\">\n<figure class=\"wp-block-image size-full\"><img loading=\"lazy\" decoding=\"async\" width=\"600\" height=\"900\" src=\"https:\/\/monumental-valois.com\/wp-content\/uploads\/2025\/02\/Obliques-photo-1-benar-venet.jpg\" alt=\"9 l&#xED;neas oblicuas: el impulso monumental de Bernar Venet&#10;\" class=\"wp-image-810\" srcset=\"https:\/\/monumental-valois.com\/wp-content\/uploads\/2025\/02\/Obliques-photo-1-benar-venet.jpg 600w, https:\/\/monumental-valois.com\/wp-content\/uploads\/2025\/02\/Obliques-photo-1-benar-venet-267x400.jpg 267w, https:\/\/monumental-valois.com\/wp-content\/uploads\/2025\/02\/Obliques-photo-1-benar-venet-300x450.jpg 300w, https:\/\/monumental-valois.com\/wp-content\/uploads\/2025\/02\/Obliques-photo-1-benar-venet-400x600.jpg 400w\" sizes=\"auto, (max-width: 600px) 100vw, 600px\" \/><\/figure>\n<\/div>\n<\/div>\n<\/div><\/div>\n\n<div style=\"height:50px\" aria-hidden=\"true\" class=\"wp-block-spacer\"><\/div>\n\n<div class=\"wp-block-group alignwide\"><div class=\"wp-block-group__inner-container is-layout-constrained wp-block-group-is-layout-constrained\">\n<div class=\"wp-block-columns alignwide are-vertically-aligned-bottom is-layout-flex wp-container-core-columns-is-layout-28f84493 wp-block-columns-is-layout-flex\">\n<div class=\"wp-block-column is-vertically-aligned-bottom is-layout-flow wp-block-column-is-layout-flow\" style=\"flex-basis:50%\">\n<p class=\"is-style-sur-titre-artiste\">Bernar venet<\/p>\n\n\n\n<h2 class=\"wp-block-heading has-34-px-font-size\">La l\u00ednea indeterminada, una firma<\/h2>\n\n\n\n<p>En la d\u00e9cada de 1980, Venet cre\u00f3 sus emblem\u00e1ticas \u00abLignes ind\u00e9termin\u00e9es\u00bb, esculturas de acero corten que pueden verse en espacios p\u00fablicos de todo el mundo. Su obra tambi\u00e9n explor\u00f3 la m\u00fasica y el dise\u00f1o, al tiempo que se inclu\u00eda en prestigiosas colecciones. En 1988 recibi\u00f3 el Gran Premio de las Artes de la Ciudad de Par\u00eds, que supuso la culminaci\u00f3n de una carrera excepcional.  <\/p>\n\n\n\n<div class=\"wp-block-buttons is-layout-flex wp-block-buttons-is-layout-flex\">\n<div class=\"wp-block-button\"><a class=\"wp-block-button__link wp-element-button\" href=\"https:\/\/monumental-valois.com\/oeuvre-monumentale\/9-lignes-obliques-lelan-monumental-de-bernar-venet\/\">Descubre el trabajo<\/a><\/div>\n<\/div>\n<\/div>\n\n\n\n<div class=\"wp-block-column is-vertically-aligned-bottom is-layout-flow wp-block-column-is-layout-flow\" style=\"flex-basis:50%\">\n<h2 class=\"wp-block-heading has-34-px-font-size\"><\/h2>\n<\/div>\n<\/div>\n<\/div><\/div>\n\n<p><\/p>\n","protected":false},"excerpt":{"rendered":"<p>Bernar venet Un comienzo experimental Ayudante de decorador en la \u00d3pera de Niza en 1958, Bernar Venet pronto se decant\u00f3 [&hellip;]<\/p>\n","protected":false},"featured_media":1366,"template":"","discipline":[21],"class_list":["post-1364","artiste","type-artiste","status-publish","has-post-thumbnail","hentry","discipline-sculpture"],"_links":{"self":[{"href":"https:\/\/monumental-valois.com\/es\/wp-json\/wp\/v2\/artiste\/1364","targetHints":{"allow":["GET"]}}],"collection":[{"href":"https:\/\/monumental-valois.com\/es\/wp-json\/wp\/v2\/artiste"}],"about":[{"href":"https:\/\/monumental-valois.com\/es\/wp-json\/wp\/v2\/types\/artiste"}],"wp:featuredmedia":[{"embeddable":true,"href":"https:\/\/monumental-valois.com\/es\/wp-json\/wp\/v2\/media\/1366"}],"wp:attachment":[{"href":"https:\/\/monumental-valois.com\/es\/wp-json\/wp\/v2\/media?parent=1364"}],"wp:term":[{"taxonomy":"discipline","embeddable":true,"href":"https:\/\/monumental-valois.com\/es\/wp-json\/wp\/v2\/discipline?post=1364"}],"curies":[{"name":"wp","href":"https:\/\/api.w.org\/{rel}","templated":true}]}}

<div class="wp-block-group alignwide"><div class="wp-block-group__inner-container is-layout-constrained wp-block-group-is-layout-constrained">
<div class="wp-block-columns alignwide are-vertically-aligned-bottom is-layout-flex wp-container-core-columns-is-layout-28f84493 wp-block-columns-is-layout-flex">
<div class="wp-block-column is-vertically-aligned-bottom is-layout-flow wp-block-column-is-layout-flow" style="flex-basis:33%">
<p class="is-style-sur-titre-artiste">Bernar venet</p>



<h2 class="wp-block-heading has-34-px-font-size">Un comienzo experimental</h2>



<p>Ayudante de decorador en la Ópera de Niza en 1958, Bernar Venet pronto se decantó por la abstracción y el minimalismo. Un encuentro con un pozo de alquitrán durante su servicio militar influyó en sus primeras obras, entre ellas un montón de carbón que rechazaba toda convención artística. Trasladado a Nueva York en 1966, se inspiró en el Nuevo Realismo y el Minimalismo estadounidense, exponiendo junto a algunos de los grandes nombres.  </p>
</div>



<div class="wp-block-column is-vertically-aligned-bottom is-layout-flow wp-block-column-is-layout-flow" style="flex-basis:67%">
<figure class="wp-block-image size-full"><img loading="lazy" decoding="async" width="600" height="900" src="https://monumental-valois.com/wp-content/uploads/2025/02/Obliques-photo-1-benar-venet.jpg" alt="9 l&#xED;neas oblicuas: el impulso monumental de Bernar Venet&#10;" class="wp-image-810" srcset="https://monumental-valois.com/wp-content/uploads/2025/02/Obliques-photo-1-benar-venet.jpg 600w, https://monumental-valois.com/wp-content/uploads/2025/02/Obliques-photo-1-benar-venet-267x400.jpg 267w, https://monumental-valois.com/wp-content/uploads/2025/02/Obliques-photo-1-benar-venet-300x450.jpg 300w, https://monumental-valois.com/wp-content/uploads/2025/02/Obliques-photo-1-benar-venet-400x600.jpg 400w" sizes="auto, (max-width: 600px) 100vw, 600px" /></figure>
</div>
</div>
</div></div>

<div style="height:50px" aria-hidden="true" class="wp-block-spacer"></div>

<div class="wp-block-group alignwide"><div class="wp-block-group__inner-container is-layout-constrained wp-block-group-is-layout-constrained">
<div class="wp-block-columns alignwide are-vertically-aligned-bottom is-layout-flex wp-container-core-columns-is-layout-28f84493 wp-block-columns-is-layout-flex">
<div class="wp-block-column is-vertically-aligned-bottom is-layout-flow wp-block-column-is-layout-flow" style="flex-basis:50%">
<p class="is-style-sur-titre-artiste">Bernar venet</p>



<h2 class="wp-block-heading has-34-px-font-size">La línea indeterminada, una firma</h2>



<p>En la década de 1980, Venet creó sus emblemáticas «Lignes indéterminées», esculturas de acero corten que pueden verse en espacios públicos de todo el mundo. Su obra también exploró la música y el diseño, al tiempo que se incluía en prestigiosas colecciones. En 1988 recibió el Gran Premio de las Artes de la Ciudad de París, que supuso la culminación de una carrera excepcional.  </p>



<div class="wp-block-buttons is-layout-flex wp-block-buttons-is-layout-flex">
<div class="wp-block-button"><a class="wp-block-button__link wp-element-button" href="https://monumental-valois.com/oeuvre-monumentale/9-lignes-obliques-lelan-monumental-de-bernar-venet/">Descubre el trabajo</a></div>
</div>
</div>



<div class="wp-block-column is-vertically-aligned-bottom is-layout-flow wp-block-column-is-layout-flow" style="flex-basis:50%">
<h2 class="wp-block-heading has-34-px-font-size"></h2>
</div>
</div>
</div></div>

<p></p>

<p>Bernar venet Un comienzo experimental Ayudante de decorador en la Ópera de Niza en 1958, Bernar Venet pronto se decantó [&hellip;]</p>
