{"id":1365,"date":"2025-02-18T15:27:12","date_gmt":"2025-02-18T14:27:12","guid":{"rendered":"https:\/\/monumental-valois.com\/artiste\/patrick-fleury\/"},"modified":"2026-02-11T15:25:44","modified_gmt":"2026-02-11T14:25:44","slug":"patrick-fleury","status":"publish","type":"artiste","link":"https:\/\/monumental-valois.com\/es\/artista\/patrick-fleury\/","title":{"rendered":"Patrick Fleury"},"content":{"rendered":"\n<div class=\"wp-block-group alignwide\"><div class=\"wp-block-group__inner-container is-layout-constrained wp-block-group-is-layout-constrained\">\n<div class=\"wp-block-columns alignwide are-vertically-aligned-bottom is-layout-flex wp-container-core-columns-is-layout-28f84493 wp-block-columns-is-layout-flex\">\n<div class=\"wp-block-column is-vertically-aligned-bottom is-layout-flow wp-block-column-is-layout-flow\" style=\"flex-basis:33%\">\n<p class=\"is-style-sur-titre-artiste\">Patrick Fleury<\/p>\n\n\n\n<h2 class=\"wp-block-heading has-34-px-font-size\">Una carrera marcada por la docencia y las exposiciones<\/h2>\n\n\n\n<p>Patrick Fleury ha impartido clases en la Escuela Nacional Superior de Artes Decorativas de Par\u00eds (ENSAD), compartiendo su experiencia en expresi\u00f3n pl\u00e1stica, historia del arte y dise\u00f1o sonoro. Sus creaciones se han expuesto en lugares tan prestigiosos como el Moderna Museet de Estocolmo, la Acr\u00f3polis de Atenas y la Villa M\u00e9dicis. Tambi\u00e9n figuran en colecciones p\u00fablicas y privadas de renombre, como el MAC-VAL y la Commanderie de Peyrassol.  <\/p>\n<\/div>\n\n\n\n<div class=\"wp-block-column is-vertically-aligned-bottom is-layout-flow wp-block-column-is-layout-flow\" style=\"flex-basis:67%\">\n<figure class=\"wp-block-image size-full\"><img loading=\"lazy\" decoding=\"async\" width=\"600\" height=\"800\" src=\"https:\/\/monumental-valois.com\/wp-content\/uploads\/2025\/02\/Arc-Large-patrick-fleury.jpg\" alt=\"Arc Large: una escultura que combina luz y espacio\" class=\"wp-image-791\" srcset=\"https:\/\/monumental-valois.com\/wp-content\/uploads\/2025\/02\/Arc-Large-patrick-fleury.jpg 600w, https:\/\/monumental-valois.com\/wp-content\/uploads\/2025\/02\/Arc-Large-patrick-fleury-300x400.jpg 300w, https:\/\/monumental-valois.com\/wp-content\/uploads\/2025\/02\/Arc-Large-patrick-fleury-338x450.jpg 338w, https:\/\/monumental-valois.com\/wp-content\/uploads\/2025\/02\/Arc-Large-patrick-fleury-450x600.jpg 450w\" sizes=\"auto, (max-width: 600px) 100vw, 600px\" \/><\/figure>\n<\/div>\n<\/div>\n<\/div><\/div>\n\n<div style=\"height:50px\" aria-hidden=\"true\" class=\"wp-block-spacer\"><\/div>\n\n<div class=\"wp-block-group alignwide\"><div class=\"wp-block-group__inner-container is-layout-constrained wp-block-group-is-layout-constrained\">\n<div class=\"wp-block-columns alignwide are-vertically-aligned-bottom is-layout-flex wp-container-core-columns-is-layout-28f84493 wp-block-columns-is-layout-flex\">\n<div class=\"wp-block-column is-vertically-aligned-bottom is-layout-flow wp-block-column-is-layout-flow\" style=\"flex-basis:50%\">\n<p class=\"is-style-sur-titre-artiste\">Patrick Fleury<\/p>\n\n\n\n<h2 class=\"wp-block-heading has-34-px-font-size\">Compositor y explorador de sonidos<\/h2>\n\n\n\n<p>Patrick Fleury es tambi\u00e9n compositor de m\u00fasica contempor\u00e1nea. En colaboraci\u00f3n con instituciones como el INA-GRM y el IPEM, ha creado obras como Manta y Attracteurs \u00e9tranges, que exploran los v\u00ednculos entre el sonido y el espacio. <\/p>\n\n\n\n<div class=\"wp-block-buttons is-layout-flex wp-block-buttons-is-layout-flex\">\n<div class=\"wp-block-button\"><a class=\"wp-block-button__link wp-element-button\" href=\"https:\/\/monumental-valois.com\/oeuvre-monumentale\/arc-large-une-sculpture-ou-se-melent-lumiere-et-espace\/\">Descubre el trabajo<\/a><\/div>\n<\/div>\n<\/div>\n\n\n\n<div class=\"wp-block-column is-vertically-aligned-bottom is-layout-flow wp-block-column-is-layout-flow\" style=\"flex-basis:50%\"><\/div>\n<\/div>\n<\/div><\/div>\n","protected":false},"excerpt":{"rendered":"<p>Patrick Fleury Una carrera marcada por la docencia y las exposiciones Patrick Fleury ha impartido clases en la Escuela Nacional [&hellip;]<\/p>\n","protected":false},"featured_media":1368,"template":"","discipline":[21],"class_list":["post-1365","artiste","type-artiste","status-publish","has-post-thumbnail","hentry","discipline-sculpture"],"_links":{"self":[{"href":"https:\/\/monumental-valois.com\/es\/wp-json\/wp\/v2\/artiste\/1365","targetHints":{"allow":["GET"]}}],"collection":[{"href":"https:\/\/monumental-valois.com\/es\/wp-json\/wp\/v2\/artiste"}],"about":[{"href":"https:\/\/monumental-valois.com\/es\/wp-json\/wp\/v2\/types\/artiste"}],"wp:featuredmedia":[{"embeddable":true,"href":"https:\/\/monumental-valois.com\/es\/wp-json\/wp\/v2\/media\/1368"}],"wp:attachment":[{"href":"https:\/\/monumental-valois.com\/es\/wp-json\/wp\/v2\/media?parent=1365"}],"wp:term":[{"taxonomy":"discipline","embeddable":true,"href":"https:\/\/monumental-valois.com\/es\/wp-json\/wp\/v2\/discipline?post=1365"}],"curies":[{"name":"wp","href":"https:\/\/api.w.org\/{rel}","templated":true}]}}

<div class="wp-block-group alignwide"><div class="wp-block-group__inner-container is-layout-constrained wp-block-group-is-layout-constrained">
<div class="wp-block-columns alignwide are-vertically-aligned-bottom is-layout-flex wp-container-core-columns-is-layout-28f84493 wp-block-columns-is-layout-flex">
<div class="wp-block-column is-vertically-aligned-bottom is-layout-flow wp-block-column-is-layout-flow" style="flex-basis:33%">
<p class="is-style-sur-titre-artiste">Patrick Fleury</p>



<h2 class="wp-block-heading has-34-px-font-size">Una carrera marcada por la docencia y las exposiciones</h2>



<p>Patrick Fleury ha impartido clases en la Escuela Nacional Superior de Artes Decorativas de París (ENSAD), compartiendo su experiencia en expresión plástica, historia del arte y diseño sonoro. Sus creaciones se han expuesto en lugares tan prestigiosos como el Moderna Museet de Estocolmo, la Acrópolis de Atenas y la Villa Médicis. También figuran en colecciones públicas y privadas de renombre, como el MAC-VAL y la Commanderie de Peyrassol.  </p>
</div>



<div class="wp-block-column is-vertically-aligned-bottom is-layout-flow wp-block-column-is-layout-flow" style="flex-basis:67%">
<figure class="wp-block-image size-full"><img loading="lazy" decoding="async" width="600" height="800" src="https://monumental-valois.com/wp-content/uploads/2025/02/Arc-Large-patrick-fleury.jpg" alt="Arc Large: una escultura que combina luz y espacio" class="wp-image-791" srcset="https://monumental-valois.com/wp-content/uploads/2025/02/Arc-Large-patrick-fleury.jpg 600w, https://monumental-valois.com/wp-content/uploads/2025/02/Arc-Large-patrick-fleury-300x400.jpg 300w, https://monumental-valois.com/wp-content/uploads/2025/02/Arc-Large-patrick-fleury-338x450.jpg 338w, https://monumental-valois.com/wp-content/uploads/2025/02/Arc-Large-patrick-fleury-450x600.jpg 450w" sizes="auto, (max-width: 600px) 100vw, 600px" /></figure>
</div>
</div>
</div></div>

<div style="height:50px" aria-hidden="true" class="wp-block-spacer"></div>

<div class="wp-block-group alignwide"><div class="wp-block-group__inner-container is-layout-constrained wp-block-group-is-layout-constrained">
<div class="wp-block-columns alignwide are-vertically-aligned-bottom is-layout-flex wp-container-core-columns-is-layout-28f84493 wp-block-columns-is-layout-flex">
<div class="wp-block-column is-vertically-aligned-bottom is-layout-flow wp-block-column-is-layout-flow" style="flex-basis:50%">
<p class="is-style-sur-titre-artiste">Patrick Fleury</p>



<h2 class="wp-block-heading has-34-px-font-size">Compositor y explorador de sonidos</h2>



<p>Patrick Fleury es también compositor de música contemporánea. En colaboración con instituciones como el INA-GRM y el IPEM, ha creado obras como Manta y Attracteurs étranges, que exploran los vínculos entre el sonido y el espacio. </p>



<div class="wp-block-buttons is-layout-flex wp-block-buttons-is-layout-flex">
<div class="wp-block-button"><a class="wp-block-button__link wp-element-button" href="https://monumental-valois.com/oeuvre-monumentale/arc-large-une-sculpture-ou-se-melent-lumiere-et-espace/">Descubre el trabajo</a></div>
</div>
</div>



<div class="wp-block-column is-vertically-aligned-bottom is-layout-flow wp-block-column-is-layout-flow" style="flex-basis:50%"></div>
</div>
</div></div>
