{"id":1369,"date":"2025-02-18T16:31:27","date_gmt":"2025-02-18T15:31:27","guid":{"rendered":"https:\/\/monumental-valois.com\/artiste\/pascal-cribier\/"},"modified":"2026-02-11T15:25:44","modified_gmt":"2026-02-11T14:25:44","slug":"pascal-cribier","status":"publish","type":"artiste","link":"https:\/\/monumental-valois.com\/es\/artista\/pascal-cribier\/","title":{"rendered":"Pascal Cribier"},"content":{"rendered":"\n<div class=\"wp-block-group alignwide\"><div class=\"wp-block-group__inner-container is-layout-constrained wp-block-group-is-layout-constrained\">\n<div class=\"wp-block-columns alignwide are-vertically-aligned-bottom is-style-espace-60-px is-layout-flex wp-container-core-columns-is-layout-28f84493 wp-block-columns-is-layout-flex\">\n<div class=\"wp-block-column is-vertically-aligned-bottom is-layout-flow wp-block-column-is-layout-flow\" style=\"flex-basis:33%\">\n<p class=\"is-style-sur-titre-artiste\"><strong>Pascal Cribier<\/strong><\/p>\n\n\n\n<h2 class=\"wp-block-heading has-34-px-font-size\">Una carrera at\u00edpica<\/h2>\n\n\n\n<p>La juventud de Pascal Cribier estuvo marcada por la indisciplina y m\u00faltiples pasiones, como el automovilismo y el dise\u00f1o. Tras un paso por la fotograf\u00eda y una breve carrera en el karting, se orient\u00f3 hacia las artes pl\u00e1sticas y la arquitectura. En 1972, emprendi\u00f3 la urbanizaci\u00f3n del Bois de Morville en Varengeville-sur-Mer, un proyecto seminal que revel\u00f3 su talento para sublimar los paisajes naturales.  <\/p>\n<\/div>\n\n\n\n<div class=\"wp-block-column is-vertically-aligned-bottom is-layout-flow wp-block-column-is-layout-flow\" style=\"flex-basis:67%\">\n<figure class=\"wp-block-image size-large\"><img loading=\"lazy\" decoding=\"async\" width=\"599\" height=\"900\" src=\"https:\/\/monumental-valois.com\/wp-content\/uploads\/2025\/02\/Jardin-minimaliste-3-pascal-cribierjpg-599x900.jpg\" alt=\"Jard&#xED;n minimalista: un di&#xE1;logo entre naturaleza e historia&#10;\" class=\"wp-image-800\" srcset=\"https:\/\/monumental-valois.com\/wp-content\/uploads\/2025\/02\/Jardin-minimaliste-3-pascal-cribierjpg-599x900.jpg 599w, https:\/\/monumental-valois.com\/wp-content\/uploads\/2025\/02\/Jardin-minimaliste-3-pascal-cribierjpg-266x400.jpg 266w, https:\/\/monumental-valois.com\/wp-content\/uploads\/2025\/02\/Jardin-minimaliste-3-pascal-cribierjpg-299x450.jpg 299w, https:\/\/monumental-valois.com\/wp-content\/uploads\/2025\/02\/Jardin-minimaliste-3-pascal-cribierjpg-399x600.jpg 399w, https:\/\/monumental-valois.com\/wp-content\/uploads\/2025\/02\/Jardin-minimaliste-3-pascal-cribierjpg.jpg 600w\" sizes=\"auto, (max-width: 599px) 100vw, 599px\" \/><\/figure>\n<\/div>\n<\/div>\n<\/div><\/div>\n\n<div style=\"height:50px\" aria-hidden=\"true\" class=\"wp-block-spacer\"><\/div>\n\n<div class=\"wp-block-group alignwide\"><div class=\"wp-block-group__inner-container is-layout-constrained wp-block-group-is-layout-constrained\">\n<div class=\"wp-block-columns alignwide are-vertically-aligned-bottom is-style-espace-60-px is-layout-flex wp-container-core-columns-is-layout-28f84493 wp-block-columns-is-layout-flex\">\n<div class=\"wp-block-column is-vertically-aligned-bottom is-layout-flow wp-block-column-is-layout-flow\" style=\"flex-basis:50%\">\n<p class=\"is-style-sur-titre-artiste\"><strong>Pascal Cribier<\/strong><\/p>\n\n\n\n<h2 class=\"wp-block-heading has-34-px-font-size\">El arte del jard\u00edn vivo<\/h2>\n\n\n\n<p>El estilo de Pascal Cribier era a la vez respetuoso con la herencia de Andr\u00e9 Le N\u00f4tre y decididamente innovador. Privilegiaba un enfoque sensible del jard\u00edn, en el que la escucha de los clientes p\u00fablicos y privados desempe\u00f1aba un papel central. <\/p>\n\n\n\n<div class=\"wp-block-buttons is-layout-flex wp-block-buttons-is-layout-flex\">\n<div class=\"wp-block-button\"><a class=\"wp-block-button__link wp-element-button\" href=\"https:\/\/monumental-valois.com\/oeuvre-monumentale\/jardin-minimaliste-dialogue-entre-nature-et-histoire\/\">Descubre el trabajo<\/a><\/div>\n<\/div>\n<\/div>\n\n\n\n<div class=\"wp-block-column is-vertically-aligned-bottom is-layout-flow wp-block-column-is-layout-flow\" style=\"flex-basis:50%\">\n<h2 class=\"wp-block-heading has-34-px-font-size\">Una reputaci\u00f3n internacional<\/h2>\n\n\n\n<p>Su colaboraci\u00f3n con Louis Benech en 1990 en la renovaci\u00f3n de las Tuller\u00edas le catapult\u00f3 al primer plano. Este monumental proyecto consolid\u00f3 su reputaci\u00f3n y le vali\u00f3 invitaciones para dar conferencias por todo el mundo. Como profesor y conferenciante, ha ejercido una influencia duradera en el paisaje contempor\u00e1neo.  <\/p>\n<\/div>\n<\/div>\n<\/div><\/div>\n","protected":false},"excerpt":{"rendered":"<p>Pascal Cribier Una carrera at\u00edpica La juventud de Pascal Cribier estuvo marcada por la indisciplina y m\u00faltiples pasiones, como el [&hellip;]<\/p>\n","protected":false},"featured_media":1370,"template":"","discipline":[21],"class_list":["post-1369","artiste","type-artiste","status-publish","has-post-thumbnail","hentry","discipline-sculpture"],"_links":{"self":[{"href":"https:\/\/monumental-valois.com\/es\/wp-json\/wp\/v2\/artiste\/1369","targetHints":{"allow":["GET"]}}],"collection":[{"href":"https:\/\/monumental-valois.com\/es\/wp-json\/wp\/v2\/artiste"}],"about":[{"href":"https:\/\/monumental-valois.com\/es\/wp-json\/wp\/v2\/types\/artiste"}],"wp:featuredmedia":[{"embeddable":true,"href":"https:\/\/monumental-valois.com\/es\/wp-json\/wp\/v2\/media\/1370"}],"wp:attachment":[{"href":"https:\/\/monumental-valois.com\/es\/wp-json\/wp\/v2\/media?parent=1369"}],"wp:term":[{"taxonomy":"discipline","embeddable":true,"href":"https:\/\/monumental-valois.com\/es\/wp-json\/wp\/v2\/discipline?post=1369"}],"curies":[{"name":"wp","href":"https:\/\/api.w.org\/{rel}","templated":true}]}}

<div class="wp-block-group alignwide"><div class="wp-block-group__inner-container is-layout-constrained wp-block-group-is-layout-constrained">
<div class="wp-block-columns alignwide are-vertically-aligned-bottom is-style-espace-60-px is-layout-flex wp-container-core-columns-is-layout-28f84493 wp-block-columns-is-layout-flex">
<div class="wp-block-column is-vertically-aligned-bottom is-layout-flow wp-block-column-is-layout-flow" style="flex-basis:33%">
<p class="is-style-sur-titre-artiste"><strong>Pascal Cribier</strong></p>



<h2 class="wp-block-heading has-34-px-font-size">Una carrera atípica</h2>



<p>La juventud de Pascal Cribier estuvo marcada por la indisciplina y múltiples pasiones, como el automovilismo y el diseño. Tras un paso por la fotografía y una breve carrera en el karting, se orientó hacia las artes plásticas y la arquitectura. En 1972, emprendió la urbanización del Bois de Morville en Varengeville-sur-Mer, un proyecto seminal que reveló su talento para sublimar los paisajes naturales.  </p>
</div>



<div class="wp-block-column is-vertically-aligned-bottom is-layout-flow wp-block-column-is-layout-flow" style="flex-basis:67%">
<figure class="wp-block-image size-large"><img loading="lazy" decoding="async" width="599" height="900" src="https://monumental-valois.com/wp-content/uploads/2025/02/Jardin-minimaliste-3-pascal-cribierjpg-599x900.jpg" alt="Jard&#xED;n minimalista: un di&#xE1;logo entre naturaleza e historia&#10;" class="wp-image-800" srcset="https://monumental-valois.com/wp-content/uploads/2025/02/Jardin-minimaliste-3-pascal-cribierjpg-599x900.jpg 599w, https://monumental-valois.com/wp-content/uploads/2025/02/Jardin-minimaliste-3-pascal-cribierjpg-266x400.jpg 266w, https://monumental-valois.com/wp-content/uploads/2025/02/Jardin-minimaliste-3-pascal-cribierjpg-299x450.jpg 299w, https://monumental-valois.com/wp-content/uploads/2025/02/Jardin-minimaliste-3-pascal-cribierjpg-399x600.jpg 399w, https://monumental-valois.com/wp-content/uploads/2025/02/Jardin-minimaliste-3-pascal-cribierjpg.jpg 600w" sizes="auto, (max-width: 599px) 100vw, 599px" /></figure>
</div>
</div>
</div></div>

<div style="height:50px" aria-hidden="true" class="wp-block-spacer"></div>

<div class="wp-block-group alignwide"><div class="wp-block-group__inner-container is-layout-constrained wp-block-group-is-layout-constrained">
<div class="wp-block-columns alignwide are-vertically-aligned-bottom is-style-espace-60-px is-layout-flex wp-container-core-columns-is-layout-28f84493 wp-block-columns-is-layout-flex">
<div class="wp-block-column is-vertically-aligned-bottom is-layout-flow wp-block-column-is-layout-flow" style="flex-basis:50%">
<p class="is-style-sur-titre-artiste"><strong>Pascal Cribier</strong></p>



<h2 class="wp-block-heading has-34-px-font-size">El arte del jardín vivo</h2>



<p>El estilo de Pascal Cribier era a la vez respetuoso con la herencia de André Le Nôtre y decididamente innovador. Privilegiaba un enfoque sensible del jardín, en el que la escucha de los clientes públicos y privados desempeñaba un papel central. </p>



<div class="wp-block-buttons is-layout-flex wp-block-buttons-is-layout-flex">
<div class="wp-block-button"><a class="wp-block-button__link wp-element-button" href="https://monumental-valois.com/oeuvre-monumentale/jardin-minimaliste-dialogue-entre-nature-et-histoire/">Descubre el trabajo</a></div>
</div>
</div>



<div class="wp-block-column is-vertically-aligned-bottom is-layout-flow wp-block-column-is-layout-flow" style="flex-basis:50%">
<h2 class="wp-block-heading has-34-px-font-size">Una reputación internacional</h2>



<p>Su colaboración con Louis Benech en 1990 en la renovación de las Tullerías le catapultó al primer plano. Este monumental proyecto consolidó su reputación y le valió invitaciones para dar conferencias por todo el mundo. Como profesor y conferenciante, ha ejercido una influencia duradera en el paisaje contemporáneo.  </p>
</div>
</div>
</div></div>

<p>Pascal Cribier Una carrera atípica La juventud de Pascal Cribier estuvo marcada por la indisciplina y múltiples pasiones, como el [&hellip;]</p>
