{"id":1374,"date":"2025-02-18T16:35:05","date_gmt":"2025-02-18T15:35:05","guid":{"rendered":"https:\/\/monumental-valois.com\/artiste\/francois-morellet\/"},"modified":"2026-02-11T15:25:50","modified_gmt":"2026-02-11T14:25:50","slug":"francois-morellet","status":"publish","type":"artiste","link":"https:\/\/monumental-valois.com\/es\/artista\/francois-morellet\/","title":{"rendered":"Fran\u00e7ois Morellet"},"content":{"rendered":"\n<div class=\"wp-block-group alignwide\"><div class=\"wp-block-group__inner-container is-layout-constrained wp-block-group-is-layout-constrained\">\n<div class=\"wp-block-columns alignwide are-vertically-aligned-bottom is-style-espace-60-px is-layout-flex wp-container-core-columns-is-layout-28f84493 wp-block-columns-is-layout-flex\">\n<div class=\"wp-block-column is-vertically-aligned-bottom is-layout-flow wp-block-column-is-layout-flow\" style=\"flex-basis:33%\">\n<p class=\"is-style-sur-titre-artiste\"><strong><strong>Fran\u00e7ois Morellet<\/strong><\/strong><\/p>\n\n\n\n<h2 class=\"wp-block-heading has-34-px-font-size\">Pasi\u00f3n por la geometr\u00eda<\/h2>\n\n\n\n<p>Tras un periodo figurativo, se pas\u00f3 al arte abstracto en 1950, influido por Mondrian, Max Bill y sus viajes por Brasil y Granada. Desarroll\u00f3 un lenguaje basado en formas simples y composiciones rigurosas, integrando las matem\u00e1ticas y los principios sistem\u00e1ticos en su proceso creativo. <\/p>\n<\/div>\n\n\n\n<div class=\"wp-block-column is-vertically-aligned-bottom is-layout-flow wp-block-column-is-layout-flow\" style=\"flex-basis:67%\">\n<figure class=\"wp-block-image size-full\"><img loading=\"lazy\" decoding=\"async\" width=\"600\" height=\"900\" src=\"https:\/\/monumental-valois.com\/wp-content\/uploads\/2025\/02\/Ancienne-cheminee-2-francois-morellet.jpg\" alt=\"Chimenea antigua: armon&#xED;a y minimalismo en el Donjon de Vez\" class=\"wp-image-756\" srcset=\"https:\/\/monumental-valois.com\/wp-content\/uploads\/2025\/02\/Ancienne-cheminee-2-francois-morellet.jpg 600w, https:\/\/monumental-valois.com\/wp-content\/uploads\/2025\/02\/Ancienne-cheminee-2-francois-morellet-267x400.jpg 267w, https:\/\/monumental-valois.com\/wp-content\/uploads\/2025\/02\/Ancienne-cheminee-2-francois-morellet-300x450.jpg 300w, https:\/\/monumental-valois.com\/wp-content\/uploads\/2025\/02\/Ancienne-cheminee-2-francois-morellet-400x600.jpg 400w\" sizes=\"auto, (max-width: 600px) 100vw, 600px\" \/><\/figure>\n<\/div>\n<\/div>\n<\/div><\/div>\n\n<div style=\"height:50px\" aria-hidden=\"true\" class=\"wp-block-spacer\"><\/div>\n\n<div class=\"wp-block-group alignwide\"><div class=\"wp-block-group__inner-container is-layout-constrained wp-block-group-is-layout-constrained\">\n<div class=\"wp-block-columns alignwide are-vertically-aligned-bottom is-style-espace-60-px is-layout-flex wp-container-core-columns-is-layout-28f84493 wp-block-columns-is-layout-flex\">\n<div class=\"wp-block-column is-vertically-aligned-bottom is-layout-flow wp-block-column-is-layout-flow\" style=\"flex-basis:50%\">\n<p class=\"is-style-sur-titre-artiste\"><strong><strong>Fran\u00e7ois Morellet<\/strong><\/strong><\/p>\n\n\n\n<h2 class=\"wp-block-heading has-34-px-font-size\">Arte cin\u00e9tico y obras de luz<\/h2>\n\n\n\n<p>En la d\u00e9cada de 1960, cofund\u00f3 el Groupe de recherche d&#8217;art visuel (GRAV), que exploraba el arte cin\u00e9tico y la interacci\u00f3n con la percepci\u00f3n visual. En 1963, introdujo los tubos de ne\u00f3n, allanando el camino a innovadoras obras luminosas, a menudo te\u00f1idas de sutil humor. <\/p>\n\n\n\n<div class=\"wp-block-buttons is-layout-flex wp-block-buttons-is-layout-flex\">\n<div class=\"wp-block-button\"><a class=\"wp-block-button__link wp-element-button\" href=\"https:\/\/monumental-valois.com\/oeuvre-monumentale\/ancienne-cheminee-harmonie-et-minimaliste-au-donjon-de-vez\/\">Descubre el trabajo<\/a><\/div>\n<\/div>\n<\/div>\n\n\n\n<div class=\"wp-block-column is-vertically-aligned-bottom is-layout-flow wp-block-column-is-layout-flow\" style=\"flex-basis:50%\">\n<h2 class=\"wp-block-heading has-34-px-font-size\">Integraci\u00f3n arquitect\u00f3nica<\/h2>\n\n\n\n<p>A partir de los a\u00f1os 70, Morellet empez\u00f3 a multiplicar sus proyectos in situ, transformando espacios mediante intervenciones monumentales. Sus obras, como L&#8217;Esprit d&#8217;escalier en el Louvre, son testimonio de su talento para integrar tradici\u00f3n y modernidad. Su obra ha sido expuesta en prestigiosas instituciones de Francia y del extranjero.  <\/p>\n<\/div>\n<\/div>\n<\/div><\/div>\n","protected":false},"excerpt":{"rendered":"<p>Fran\u00e7ois Morellet Pasi\u00f3n por la geometr\u00eda Tras un periodo figurativo, se pas\u00f3 al arte abstracto en 1950, influido por Mondrian, [&hellip;]<\/p>\n","protected":false},"featured_media":1375,"template":"","discipline":[20,21],"class_list":["post-1374","artiste","type-artiste","status-publish","has-post-thumbnail","hentry","discipline-peinture","discipline-sculpture"],"_links":{"self":[{"href":"https:\/\/monumental-valois.com\/es\/wp-json\/wp\/v2\/artiste\/1374","targetHints":{"allow":["GET"]}}],"collection":[{"href":"https:\/\/monumental-valois.com\/es\/wp-json\/wp\/v2\/artiste"}],"about":[{"href":"https:\/\/monumental-valois.com\/es\/wp-json\/wp\/v2\/types\/artiste"}],"wp:featuredmedia":[{"embeddable":true,"href":"https:\/\/monumental-valois.com\/es\/wp-json\/wp\/v2\/media\/1375"}],"wp:attachment":[{"href":"https:\/\/monumental-valois.com\/es\/wp-json\/wp\/v2\/media?parent=1374"}],"wp:term":[{"taxonomy":"discipline","embeddable":true,"href":"https:\/\/monumental-valois.com\/es\/wp-json\/wp\/v2\/discipline?post=1374"}],"curies":[{"name":"wp","href":"https:\/\/api.w.org\/{rel}","templated":true}]}}

François Morellet

<div class="wp-block-group alignwide"><div class="wp-block-group__inner-container is-layout-constrained wp-block-group-is-layout-constrained">
<div class="wp-block-columns alignwide are-vertically-aligned-bottom is-style-espace-60-px is-layout-flex wp-container-core-columns-is-layout-28f84493 wp-block-columns-is-layout-flex">
<div class="wp-block-column is-vertically-aligned-bottom is-layout-flow wp-block-column-is-layout-flow" style="flex-basis:33%">
<p class="is-style-sur-titre-artiste"><strong><strong>François Morellet</strong></strong></p>



<h2 class="wp-block-heading has-34-px-font-size">Pasión por la geometría</h2>



<p>Tras un periodo figurativo, se pasó al arte abstracto en 1950, influido por Mondrian, Max Bill y sus viajes por Brasil y Granada. Desarrolló un lenguaje basado en formas simples y composiciones rigurosas, integrando las matemáticas y los principios sistemáticos en su proceso creativo. </p>
</div>



<div class="wp-block-column is-vertically-aligned-bottom is-layout-flow wp-block-column-is-layout-flow" style="flex-basis:67%">
<figure class="wp-block-image size-full"><img loading="lazy" decoding="async" width="600" height="900" src="https://monumental-valois.com/wp-content/uploads/2025/02/Ancienne-cheminee-2-francois-morellet.jpg" alt="Chimenea antigua: armon&#xED;a y minimalismo en el Donjon de Vez" class="wp-image-756" srcset="https://monumental-valois.com/wp-content/uploads/2025/02/Ancienne-cheminee-2-francois-morellet.jpg 600w, https://monumental-valois.com/wp-content/uploads/2025/02/Ancienne-cheminee-2-francois-morellet-267x400.jpg 267w, https://monumental-valois.com/wp-content/uploads/2025/02/Ancienne-cheminee-2-francois-morellet-300x450.jpg 300w, https://monumental-valois.com/wp-content/uploads/2025/02/Ancienne-cheminee-2-francois-morellet-400x600.jpg 400w" sizes="auto, (max-width: 600px) 100vw, 600px" /></figure>
</div>
</div>
</div></div>

<div style="height:50px" aria-hidden="true" class="wp-block-spacer"></div>

<div class="wp-block-group alignwide"><div class="wp-block-group__inner-container is-layout-constrained wp-block-group-is-layout-constrained">
<div class="wp-block-columns alignwide are-vertically-aligned-bottom is-style-espace-60-px is-layout-flex wp-container-core-columns-is-layout-28f84493 wp-block-columns-is-layout-flex">
<div class="wp-block-column is-vertically-aligned-bottom is-layout-flow wp-block-column-is-layout-flow" style="flex-basis:50%">
<p class="is-style-sur-titre-artiste"><strong><strong>François Morellet</strong></strong></p>



<h2 class="wp-block-heading has-34-px-font-size">Arte cinético y obras de luz</h2>



<p>En la década de 1960, cofundó el Groupe de recherche d&#8217;art visuel (GRAV), que exploraba el arte cinético y la interacción con la percepción visual. En 1963, introdujo los tubos de neón, allanando el camino a innovadoras obras luminosas, a menudo teñidas de sutil humor. </p>



<div class="wp-block-buttons is-layout-flex wp-block-buttons-is-layout-flex">
<div class="wp-block-button"><a class="wp-block-button__link wp-element-button" href="https://monumental-valois.com/oeuvre-monumentale/ancienne-cheminee-harmonie-et-minimaliste-au-donjon-de-vez/">Descubre el trabajo</a></div>
</div>
</div>



<div class="wp-block-column is-vertically-aligned-bottom is-layout-flow wp-block-column-is-layout-flow" style="flex-basis:50%">
<h2 class="wp-block-heading has-34-px-font-size">Integración arquitectónica</h2>



<p>A partir de los años 70, Morellet empezó a multiplicar sus proyectos in situ, transformando espacios mediante intervenciones monumentales. Sus obras, como L&#8217;Esprit d&#8217;escalier en el Louvre, son testimonio de su talento para integrar tradición y modernidad. Su obra ha sido expuesta en prestigiosas instituciones de Francia y del extranjero.  </p>
</div>
</div>
</div></div>

<p>François Morellet Pasión por la geometría Tras un periodo figurativo, se pasó al arte abstracto en 1950, influido por Mondrian, [&hellip;]</p>
