{"id":1383,"date":"2025-02-18T17:06:25","date_gmt":"2025-02-18T16:06:25","guid":{"rendered":"https:\/\/monumental-valois.com\/artiste\/daniel-buren\/"},"modified":"2026-02-11T15:29:44","modified_gmt":"2026-02-11T14:29:44","slug":"daniel-buren","status":"publish","type":"artiste","link":"https:\/\/monumental-valois.com\/es\/artista\/daniel-buren\/","title":{"rendered":"Daniel Buren"},"content":{"rendered":"\n<div class=\"wp-block-group alignwide\"><div class=\"wp-block-group__inner-container is-layout-constrained wp-block-group-is-layout-constrained\">\n<div class=\"wp-block-columns alignwide are-vertically-aligned-bottom is-style-espace-60-px is-layout-flex wp-container-core-columns-is-layout-28f84493 wp-block-columns-is-layout-flex\">\n<div class=\"wp-block-column is-vertically-aligned-bottom is-layout-flow wp-block-column-is-layout-flow\" style=\"flex-basis:33%\">\n<p class=\"is-style-sur-titre-artiste\"><strong><strong><strong>Daniel Buren<\/strong><\/strong><\/strong><\/p>\n\n\n\n<h2 class=\"wp-block-heading has-34-px-font-size\">Una obra vinculada a su entorno<\/h2>\n\n\n\n<p>A partir de los a\u00f1os 60, Daniel Buren adopt\u00f3 un enfoque minimalista, reduciendo la pintura a su \u00abgrado cero\u00bb. Al cofundar el grupo BMPT, rechaza las convenciones acad\u00e9micas para destacar la importancia del espacio expositivo. Sus obras transforman los espacios que habitan, ya sean museos o espacios p\u00fablicos.<\/p>\n<\/div>\n\n\n\n<div class=\"wp-block-column is-vertically-aligned-bottom is-layout-flow wp-block-column-is-layout-flow\" style=\"flex-basis:67%\">\n<figure class=\"wp-block-image size-large\"><img loading=\"lazy\" decoding=\"async\" width=\"599\" height=\"900\" src=\"https:\/\/monumental-valois.com\/wp-content\/uploads\/2025\/02\/Verrieres-2-daniel-buren-599x900.jpg\" alt=\"Les Verri&#xE8;res de Buren o el arte de la luz&#10;\" class=\"wp-image-795\" srcset=\"https:\/\/monumental-valois.com\/wp-content\/uploads\/2025\/02\/Verrieres-2-daniel-buren-599x900.jpg 599w, https:\/\/monumental-valois.com\/wp-content\/uploads\/2025\/02\/Verrieres-2-daniel-buren-266x400.jpg 266w, https:\/\/monumental-valois.com\/wp-content\/uploads\/2025\/02\/Verrieres-2-daniel-buren-299x450.jpg 299w, https:\/\/monumental-valois.com\/wp-content\/uploads\/2025\/02\/Verrieres-2-daniel-buren-399x600.jpg 399w, https:\/\/monumental-valois.com\/wp-content\/uploads\/2025\/02\/Verrieres-2-daniel-buren.jpg 600w\" sizes=\"auto, (max-width: 599px) 100vw, 599px\" \/><\/figure>\n<\/div>\n<\/div>\n<\/div><\/div>\n\n<div style=\"height:50px\" aria-hidden=\"true\" class=\"wp-block-spacer\"><\/div>\n\n<div class=\"wp-block-group alignwide\"><div class=\"wp-block-group__inner-container is-layout-constrained wp-block-group-is-layout-constrained\">\n<div class=\"wp-block-columns alignwide are-vertically-aligned-center is-style-espace-60-px is-layout-flex wp-container-core-columns-is-layout-28f84493 wp-block-columns-is-layout-flex\">\n<div class=\"wp-block-column is-vertically-aligned-center is-layout-flow wp-block-column-is-layout-flow\" style=\"flex-basis:50%\">\n<p class=\"is-style-sur-titre-artiste\"><strong><strong><strong>Daniel Buren<\/strong><\/strong><\/strong><\/p>\n\n\n\n<h2 class=\"wp-block-heading has-34-px-font-size\">Proyectos emblem\u00e1ticos<\/h2>\n\n\n\n<p>Entre sus creaciones emblem\u00e1ticas, Les Deux Plateaux (1986), m\u00e1s conocidas como las \u00abcolumnas Buren\u00bb, en el patio principal del Palais Royal de Par\u00eds, ilustran su enfoque interactivo. Tambi\u00e9n ha dejado su huella en lugares tan prestigiosos como el Grand Palais de Par\u00eds (Monumenta, 2012), el Museo Guggenheim de Nueva York y espacios p\u00fablicos de N\u00e1poles, Se\u00fal y M\u00e1laga.<\/p>\n\n\n\n<div class=\"wp-block-buttons is-layout-flex wp-block-buttons-is-layout-flex\">\n<div class=\"wp-block-button\"><a class=\"wp-block-button__link wp-element-button\" href=\"https:\/\/monumental-valois.com\/es\/oeuvre-monumentale\/les-verrieres-de-buren-o-el-arte-de-la-luz\/\">Descubre el trabajo<\/a><\/div>\n<\/div>\n<\/div>\n\n\n\n<div class=\"wp-block-column is-vertically-aligned-center is-layout-flow wp-block-column-is-layout-flow\" style=\"flex-basis:50%\">\n<h2 class=\"wp-block-heading has-34-px-font-size\">Un artista inclasificable<\/h2>\n\n\n\n<p>Al transformar lugares a trav\u00e9s de sus obras, redefine la interacci\u00f3n entre el espectador, el arte y su contexto, haciendo de cada instalaci\u00f3n una experiencia \u00fanica profundamente arraigada en su entorno.<\/p>\n<\/div>\n<\/div>\n<\/div><\/div>\n","protected":false},"excerpt":{"rendered":"<p>Daniel Buren Una obra vinculada a su entorno A partir de los a\u00f1os 60, Daniel Buren adopt\u00f3 un enfoque minimalista, [&hellip;]<\/p>\n","protected":false},"featured_media":1384,"template":"","discipline":[21],"class_list":["post-1383","artiste","type-artiste","status-publish","has-post-thumbnail","hentry","discipline-sculpture"],"_links":{"self":[{"href":"https:\/\/monumental-valois.com\/es\/wp-json\/wp\/v2\/artiste\/1383","targetHints":{"allow":["GET"]}}],"collection":[{"href":"https:\/\/monumental-valois.com\/es\/wp-json\/wp\/v2\/artiste"}],"about":[{"href":"https:\/\/monumental-valois.com\/es\/wp-json\/wp\/v2\/types\/artiste"}],"wp:featuredmedia":[{"embeddable":true,"href":"https:\/\/monumental-valois.com\/es\/wp-json\/wp\/v2\/media\/1384"}],"wp:attachment":[{"href":"https:\/\/monumental-valois.com\/es\/wp-json\/wp\/v2\/media?parent=1383"}],"wp:term":[{"taxonomy":"discipline","embeddable":true,"href":"https:\/\/monumental-valois.com\/es\/wp-json\/wp\/v2\/discipline?post=1383"}],"curies":[{"name":"wp","href":"https:\/\/api.w.org\/{rel}","templated":true}]}}

<div class="wp-block-group alignwide"><div class="wp-block-group__inner-container is-layout-constrained wp-block-group-is-layout-constrained">
<div class="wp-block-columns alignwide are-vertically-aligned-bottom is-style-espace-60-px is-layout-flex wp-container-core-columns-is-layout-28f84493 wp-block-columns-is-layout-flex">
<div class="wp-block-column is-vertically-aligned-bottom is-layout-flow wp-block-column-is-layout-flow" style="flex-basis:33%">
<p class="is-style-sur-titre-artiste"><strong><strong><strong>Daniel Buren</strong></strong></strong></p>



<h2 class="wp-block-heading has-34-px-font-size">Una obra vinculada a su entorno</h2>



<p>A partir de los años 60, Daniel Buren adoptó un enfoque minimalista, reduciendo la pintura a su «grado cero». Al cofundar el grupo BMPT, rechaza las convenciones académicas para destacar la importancia del espacio expositivo. Sus obras transforman los espacios que habitan, ya sean museos o espacios públicos.</p>
</div>



<div class="wp-block-column is-vertically-aligned-bottom is-layout-flow wp-block-column-is-layout-flow" style="flex-basis:67%">
<figure class="wp-block-image size-large"><img loading="lazy" decoding="async" width="599" height="900" src="https://monumental-valois.com/wp-content/uploads/2025/02/Verrieres-2-daniel-buren-599x900.jpg" alt="Les Verri&#xE8;res de Buren o el arte de la luz&#10;" class="wp-image-795" srcset="https://monumental-valois.com/wp-content/uploads/2025/02/Verrieres-2-daniel-buren-599x900.jpg 599w, https://monumental-valois.com/wp-content/uploads/2025/02/Verrieres-2-daniel-buren-266x400.jpg 266w, https://monumental-valois.com/wp-content/uploads/2025/02/Verrieres-2-daniel-buren-299x450.jpg 299w, https://monumental-valois.com/wp-content/uploads/2025/02/Verrieres-2-daniel-buren-399x600.jpg 399w, https://monumental-valois.com/wp-content/uploads/2025/02/Verrieres-2-daniel-buren.jpg 600w" sizes="auto, (max-width: 599px) 100vw, 599px" /></figure>
</div>
</div>
</div></div>

<div style="height:50px" aria-hidden="true" class="wp-block-spacer"></div>

<div class="wp-block-group alignwide"><div class="wp-block-group__inner-container is-layout-constrained wp-block-group-is-layout-constrained">
<div class="wp-block-columns alignwide are-vertically-aligned-center is-style-espace-60-px is-layout-flex wp-container-core-columns-is-layout-28f84493 wp-block-columns-is-layout-flex">
<div class="wp-block-column is-vertically-aligned-center is-layout-flow wp-block-column-is-layout-flow" style="flex-basis:50%">
<p class="is-style-sur-titre-artiste"><strong><strong><strong>Daniel Buren</strong></strong></strong></p>



<h2 class="wp-block-heading has-34-px-font-size">Proyectos emblemáticos</h2>



<p>Entre sus creaciones emblemáticas, Les Deux Plateaux (1986), más conocidas como las «columnas Buren», en el patio principal del Palais Royal de París, ilustran su enfoque interactivo. También ha dejado su huella en lugares tan prestigiosos como el Grand Palais de París (Monumenta, 2012), el Museo Guggenheim de Nueva York y espacios públicos de Nápoles, Seúl y Málaga.</p>



<div class="wp-block-buttons is-layout-flex wp-block-buttons-is-layout-flex">
<div class="wp-block-button"><a class="wp-block-button__link wp-element-button" href="https://monumental-valois.com/es/oeuvre-monumentale/les-verrieres-de-buren-o-el-arte-de-la-luz/">Descubre el trabajo</a></div>
</div>
</div>



<div class="wp-block-column is-vertically-aligned-center is-layout-flow wp-block-column-is-layout-flow" style="flex-basis:50%">
<h2 class="wp-block-heading has-34-px-font-size">Un artista inclasificable</h2>



<p>Al transformar lugares a través de sus obras, redefine la interacción entre el espectador, el arte y su contexto, haciendo de cada instalación una experiencia única profundamente arraigada en su entorno.</p>
</div>
</div>
</div></div>

<p>Daniel Buren Una obra vinculada a su entorno A partir de los años 60, Daniel Buren adoptó un enfoque minimalista, [&hellip;]</p>
