{"id":1387,"date":"2025-02-18T17:12:20","date_gmt":"2025-02-18T16:12:20","guid":{"rendered":"https:\/\/monumental-valois.com\/artiste\/emmanuel-fremiet\/"},"modified":"2026-02-11T15:29:44","modified_gmt":"2026-02-11T14:29:44","slug":"emmanuel-fremiet","status":"publish","type":"artiste","link":"https:\/\/monumental-valois.com\/es\/artista\/emmanuel-fremiet\/","title":{"rendered":"Emmanuel Fr\u00e9miet"},"content":{"rendered":"\n<div class=\"wp-block-group alignwide\"><div class=\"wp-block-group__inner-container is-layout-constrained wp-block-group-is-layout-constrained\">\n<div class=\"wp-block-columns alignwide are-vertically-aligned-bottom is-style-espace-60-px is-layout-flex wp-container-core-columns-is-layout-28f84493 wp-block-columns-is-layout-flex\">\n<div class=\"wp-block-column is-vertically-aligned-bottom is-layout-flow wp-block-column-is-layout-flow\" style=\"flex-basis:33%\">\n<p class=\"is-style-sur-titre-artiste\"><strong><strong><strong>Emmanuel Fr\u00e9miet<\/strong><\/strong><\/strong><\/p>\n\n\n\n<h2 class=\"wp-block-heading has-34-px-font-size\">Arte animal: un mundo de movimiento<\/h2>\n\n\n\n<p>A menudo se asocia a Fr\u00e9miet con el movimiento del arte animal, surgido en el siglo XIX. La delicadeza de sus esculturas de animales, en particular las de caballos, leones y elefantes, atestigua su maestr\u00eda t\u00e9cnica y su pasi\u00f3n por el estudio del movimiento. Su enfoque realista, casi naturalista, hace de sus obras modelos de precisi\u00f3n en la representaci\u00f3n de animales.  <\/p>\n<\/div>\n\n\n\n<div class=\"wp-block-column is-vertically-aligned-bottom is-layout-flow wp-block-column-is-layout-flow\" style=\"flex-basis:67%\">\n<figure class=\"wp-block-image size-full\"><img loading=\"lazy\" decoding=\"async\" width=\"600\" height=\"819\" src=\"https:\/\/monumental-valois.com\/wp-content\/uploads\/2025\/02\/les-Gisants-de-Fremiet.jpg\" alt=\"A la sombra de la capilla de Vez: las figuras yacentes de Fr&#xE9;miet\" class=\"wp-image-743\" srcset=\"https:\/\/monumental-valois.com\/wp-content\/uploads\/2025\/02\/les-Gisants-de-Fremiet.jpg 600w, https:\/\/monumental-valois.com\/wp-content\/uploads\/2025\/02\/les-Gisants-de-Fremiet-293x400.jpg 293w, https:\/\/monumental-valois.com\/wp-content\/uploads\/2025\/02\/les-Gisants-de-Fremiet-330x450.jpg 330w, https:\/\/monumental-valois.com\/wp-content\/uploads\/2025\/02\/les-Gisants-de-Fremiet-440x600.jpg 440w\" sizes=\"auto, (max-width: 600px) 100vw, 600px\" \/><\/figure>\n<\/div>\n<\/div>\n<\/div><\/div>\n\n<div style=\"height:50px\" aria-hidden=\"true\" class=\"wp-block-spacer\"><\/div>\n\n<div class=\"wp-block-group alignwide\"><div class=\"wp-block-group__inner-container is-layout-constrained wp-block-group-is-layout-constrained\">\n<div class=\"wp-block-columns alignwide are-vertically-aligned-bottom is-style-espace-60-px is-layout-flex wp-container-core-columns-is-layout-28f84493 wp-block-columns-is-layout-flex\">\n<div class=\"wp-block-column is-vertically-aligned-bottom is-layout-flow wp-block-column-is-layout-flow\" style=\"flex-basis:50%\">\n<p class=\"is-style-sur-titre-artiste\"><strong><strong><strong>Emmanuel Fr\u00e9miet<\/strong><\/strong><\/strong><\/p>\n\n\n\n<h2 class=\"wp-block-heading has-34-px-font-size\">Esculpir los acontecimientos de la historia<\/h2>\n\n\n\n<p>Fr\u00e9miet tambi\u00e9n dej\u00f3 su huella en la historia con estatuas famosas como la de Juana de Arco, situada en la plaza de las Pir\u00e1mides de Par\u00eds. Este monumento dej\u00f3 su impronta en la historia del arte con su audaz representaci\u00f3n de una Juana de Arco joven y guerrera, en marcado contraste con las representaciones tradicionales de la santa. <\/p>\n\n\n\n<div class=\"wp-block-buttons is-layout-flex wp-block-buttons-is-layout-flex\">\n<div class=\"wp-block-button\"><a class=\"wp-block-button__link wp-element-button\" href=\"https:\/\/monumental-valois.com\/es\/oeuvre-monumentale\/a-la-sombra-de-la-capilla-de-vez-las-figuras-yacentes-de-fremiet\/\">Descubre el trabajo<\/a><\/div>\n<\/div>\n<\/div>\n\n\n\n<div class=\"wp-block-column is-vertically-aligned-bottom is-layout-flow wp-block-column-is-layout-flow\" style=\"flex-basis:50%\">\n<h2 class=\"wp-block-heading has-34-px-font-size\">Un legado duradero<\/h2>\n\n\n\n<p>Miembro de la Academia de Bellas Artes desde 1876, influy\u00f3 en las generaciones posteriores. Sus obras, expuestas sobre todo en el Museo de Orsay y en la \u00d3pera de Par\u00eds, siguen inspirando y cautivando. <\/p>\n<\/div>\n<\/div>\n<\/div><\/div>\n","protected":false},"excerpt":{"rendered":"<p>Emmanuel Fr\u00e9miet Arte animal: un mundo de movimiento A menudo se asocia a Fr\u00e9miet con el movimiento del arte animal, [&hellip;]<\/p>\n","protected":false},"featured_media":1388,"template":"","discipline":[21],"class_list":["post-1387","artiste","type-artiste","status-publish","has-post-thumbnail","hentry","discipline-sculpture"],"_links":{"self":[{"href":"https:\/\/monumental-valois.com\/es\/wp-json\/wp\/v2\/artiste\/1387","targetHints":{"allow":["GET"]}}],"collection":[{"href":"https:\/\/monumental-valois.com\/es\/wp-json\/wp\/v2\/artiste"}],"about":[{"href":"https:\/\/monumental-valois.com\/es\/wp-json\/wp\/v2\/types\/artiste"}],"wp:featuredmedia":[{"embeddable":true,"href":"https:\/\/monumental-valois.com\/es\/wp-json\/wp\/v2\/media\/1388"}],"wp:attachment":[{"href":"https:\/\/monumental-valois.com\/es\/wp-json\/wp\/v2\/media?parent=1387"}],"wp:term":[{"taxonomy":"discipline","embeddable":true,"href":"https:\/\/monumental-valois.com\/es\/wp-json\/wp\/v2\/discipline?post=1387"}],"curies":[{"name":"wp","href":"https:\/\/api.w.org\/{rel}","templated":true}]}}

Emmanuel Frémiet

<div class="wp-block-group alignwide"><div class="wp-block-group__inner-container is-layout-constrained wp-block-group-is-layout-constrained">
<div class="wp-block-columns alignwide are-vertically-aligned-bottom is-style-espace-60-px is-layout-flex wp-container-core-columns-is-layout-28f84493 wp-block-columns-is-layout-flex">
<div class="wp-block-column is-vertically-aligned-bottom is-layout-flow wp-block-column-is-layout-flow" style="flex-basis:33%">
<p class="is-style-sur-titre-artiste"><strong><strong><strong>Emmanuel Frémiet</strong></strong></strong></p>



<h2 class="wp-block-heading has-34-px-font-size">Arte animal: un mundo de movimiento</h2>



<p>A menudo se asocia a Frémiet con el movimiento del arte animal, surgido en el siglo XIX. La delicadeza de sus esculturas de animales, en particular las de caballos, leones y elefantes, atestigua su maestría técnica y su pasión por el estudio del movimiento. Su enfoque realista, casi naturalista, hace de sus obras modelos de precisión en la representación de animales.  </p>
</div>



<div class="wp-block-column is-vertically-aligned-bottom is-layout-flow wp-block-column-is-layout-flow" style="flex-basis:67%">
<figure class="wp-block-image size-full"><img loading="lazy" decoding="async" width="600" height="819" src="https://monumental-valois.com/wp-content/uploads/2025/02/les-Gisants-de-Fremiet.jpg" alt="A la sombra de la capilla de Vez: las figuras yacentes de Fr&#xE9;miet" class="wp-image-743" srcset="https://monumental-valois.com/wp-content/uploads/2025/02/les-Gisants-de-Fremiet.jpg 600w, https://monumental-valois.com/wp-content/uploads/2025/02/les-Gisants-de-Fremiet-293x400.jpg 293w, https://monumental-valois.com/wp-content/uploads/2025/02/les-Gisants-de-Fremiet-330x450.jpg 330w, https://monumental-valois.com/wp-content/uploads/2025/02/les-Gisants-de-Fremiet-440x600.jpg 440w" sizes="auto, (max-width: 600px) 100vw, 600px" /></figure>
</div>
</div>
</div></div>

<div style="height:50px" aria-hidden="true" class="wp-block-spacer"></div>

<div class="wp-block-group alignwide"><div class="wp-block-group__inner-container is-layout-constrained wp-block-group-is-layout-constrained">
<div class="wp-block-columns alignwide are-vertically-aligned-bottom is-style-espace-60-px is-layout-flex wp-container-core-columns-is-layout-28f84493 wp-block-columns-is-layout-flex">
<div class="wp-block-column is-vertically-aligned-bottom is-layout-flow wp-block-column-is-layout-flow" style="flex-basis:50%">
<p class="is-style-sur-titre-artiste"><strong><strong><strong>Emmanuel Frémiet</strong></strong></strong></p>



<h2 class="wp-block-heading has-34-px-font-size">Esculpir los acontecimientos de la historia</h2>



<p>Frémiet también dejó su huella en la historia con estatuas famosas como la de Juana de Arco, situada en la plaza de las Pirámides de París. Este monumento dejó su impronta en la historia del arte con su audaz representación de una Juana de Arco joven y guerrera, en marcado contraste con las representaciones tradicionales de la santa. </p>



<div class="wp-block-buttons is-layout-flex wp-block-buttons-is-layout-flex">
<div class="wp-block-button"><a class="wp-block-button__link wp-element-button" href="https://monumental-valois.com/es/oeuvre-monumentale/a-la-sombra-de-la-capilla-de-vez-las-figuras-yacentes-de-fremiet/">Descubre el trabajo</a></div>
</div>
</div>



<div class="wp-block-column is-vertically-aligned-bottom is-layout-flow wp-block-column-is-layout-flow" style="flex-basis:50%">
<h2 class="wp-block-heading has-34-px-font-size">Un legado duradero</h2>



<p>Miembro de la Academia de Bellas Artes desde 1876, influyó en las generaciones posteriores. Sus obras, expuestas sobre todo en el Museo de Orsay y en la Ópera de París, siguen inspirando y cautivando. </p>
</div>
</div>
</div></div>

<p>Emmanuel Frémiet Arte animal: un mundo de movimiento A menudo se asocia a Frémiet con el movimiento del arte animal, [&hellip;]</p>
