{"id":1391,"date":"2025-02-18T17:16:30","date_gmt":"2025-02-18T16:16:30","guid":{"rendered":"https:\/\/monumental-valois.com\/artiste\/eric-croes\/"},"modified":"2026-02-11T15:29:44","modified_gmt":"2026-02-11T14:29:44","slug":"eric-croes","status":"publish","type":"artiste","link":"https:\/\/monumental-valois.com\/es\/artista\/eric-croes\/","title":{"rendered":"Eric Croes"},"content":{"rendered":"\n<div class=\"wp-block-group alignwide\"><div class=\"wp-block-group__inner-container is-layout-constrained wp-block-group-is-layout-constrained\">\n<div class=\"wp-block-columns alignwide are-vertically-aligned-bottom is-style-espace-60-px is-layout-flex wp-container-core-columns-is-layout-28f84493 wp-block-columns-is-layout-flex\">\n<div class=\"wp-block-column is-vertically-aligned-bottom is-layout-flow wp-block-column-is-layout-flow\" style=\"flex-basis:33%\">\n<p class=\"is-style-sur-titre-artiste\"><strong><strong><strong><strong>Eric Croes<\/strong><\/strong><\/strong><\/strong><\/p>\n\n\n\n<h2 class=\"wp-block-heading has-34-px-font-size\">La cer\u00e1mica en el centro del proceso<\/h2>\n\n\n\n<p>Croes favorece el gesto espont\u00e1neo, dando lugar a esculturas h\u00edbridas y coloristas que combinan seres humanos, animales y formas on\u00edricas. Explora los temas del juego, el azar y los relatos m\u00edticos, al tiempo que subraya el valor de la artesan\u00eda tradicional. <\/p>\n<\/div>\n\n\n\n<div class=\"wp-block-column is-vertically-aligned-bottom is-layout-flow wp-block-column-is-layout-flow\" style=\"flex-basis:67%\">\n<figure class=\"wp-block-image size-full\"><img loading=\"lazy\" decoding=\"async\" width=\"600\" height=\"801\" src=\"https:\/\/monumental-valois.com\/wp-content\/uploads\/2025\/02\/Eric-Croes-art-contemporain.jpg\" alt=\"Eric Croes: una invitaci&#xF3;n a la imaginaci&#xF3;n\" class=\"wp-image-739\" srcset=\"https:\/\/monumental-valois.com\/wp-content\/uploads\/2025\/02\/Eric-Croes-art-contemporain.jpg 600w, https:\/\/monumental-valois.com\/wp-content\/uploads\/2025\/02\/Eric-Croes-art-contemporain-300x400.jpg 300w, https:\/\/monumental-valois.com\/wp-content\/uploads\/2025\/02\/Eric-Croes-art-contemporain-337x450.jpg 337w, https:\/\/monumental-valois.com\/wp-content\/uploads\/2025\/02\/Eric-Croes-art-contemporain-449x600.jpg 449w\" sizes=\"auto, (max-width: 600px) 100vw, 600px\" \/><\/figure>\n<\/div>\n<\/div>\n<\/div><\/div>\n\n<div style=\"height:50px\" aria-hidden=\"true\" class=\"wp-block-spacer\"><\/div>\n\n<div class=\"wp-block-group alignwide\"><div class=\"wp-block-group__inner-container is-layout-constrained wp-block-group-is-layout-constrained\">\n<div class=\"wp-block-columns alignwide are-vertically-aligned-bottom is-style-espace-60-px is-layout-flex wp-container-core-columns-is-layout-28f84493 wp-block-columns-is-layout-flex\">\n<div class=\"wp-block-column is-vertically-aligned-bottom is-layout-flow wp-block-column-is-layout-flow\" style=\"flex-basis:50%\">\n<p class=\"is-style-sur-titre-artiste\"><strong><strong><strong><strong>Eric Croes<\/strong><\/strong><\/strong><\/strong><\/p>\n\n\n\n<h2 class=\"wp-block-heading has-34-px-font-size\">Un bestiario e historias ancestrales<\/h2>\n\n\n\n<p>El bestiario desempe\u00f1a un papel central en su obra. Fascinado por los animales y su simbolismo, Croes se inspira en antiguas historias y tradiciones de culto. Sus cer\u00e1micas en forma de jarr\u00f3n, que evocan garras de oso o huellas de animales, reinterpretan estas leyendas con una sensibilidad contempor\u00e1nea.  <\/p>\n\n\n\n<div class=\"wp-block-buttons is-layout-flex wp-block-buttons-is-layout-flex\">\n<div class=\"wp-block-button\"><a class=\"wp-block-button__link wp-element-button\" href=\"https:\/\/monumental-valois.com\/es\/oeuvre-monumentale\/la-obra-de-eric-croes-una-invitacion-a-la-imaginacion\/\">Descubre el trabajo<\/a><\/div>\n<\/div>\n<\/div>\n\n\n\n<div class=\"wp-block-column is-vertically-aligned-bottom is-layout-flow wp-block-column-is-layout-flow\" style=\"flex-basis:50%\">\n<h2 class=\"wp-block-heading has-34-px-font-size\">Reconocimiento internacional<\/h2>\n\n\n\n<p>Su obra se ha expuesto en prestigiosas galer\u00edas como Richard Heller de Los \u00c1ngeles y Almine Rech de Par\u00eds, y tambi\u00e9n figura en colecciones institucionales como la Mu.ZEE de Ostende y el Mus\u00e9e national de la c\u00e9ramique de S\u00e8vres.<\/p>\n<\/div>\n<\/div>\n<\/div><\/div>\n","protected":false},"excerpt":{"rendered":"<p>Eric Croes La cer\u00e1mica en el centro del proceso Croes favorece el gesto espont\u00e1neo, dando lugar a esculturas h\u00edbridas y [&hellip;]<\/p>\n","protected":false},"featured_media":1392,"template":"","discipline":[21],"class_list":["post-1391","artiste","type-artiste","status-publish","has-post-thumbnail","hentry","discipline-sculpture"],"_links":{"self":[{"href":"https:\/\/monumental-valois.com\/es\/wp-json\/wp\/v2\/artiste\/1391","targetHints":{"allow":["GET"]}}],"collection":[{"href":"https:\/\/monumental-valois.com\/es\/wp-json\/wp\/v2\/artiste"}],"about":[{"href":"https:\/\/monumental-valois.com\/es\/wp-json\/wp\/v2\/types\/artiste"}],"wp:featuredmedia":[{"embeddable":true,"href":"https:\/\/monumental-valois.com\/es\/wp-json\/wp\/v2\/media\/1392"}],"wp:attachment":[{"href":"https:\/\/monumental-valois.com\/es\/wp-json\/wp\/v2\/media?parent=1391"}],"wp:term":[{"taxonomy":"discipline","embeddable":true,"href":"https:\/\/monumental-valois.com\/es\/wp-json\/wp\/v2\/discipline?post=1391"}],"curies":[{"name":"wp","href":"https:\/\/api.w.org\/{rel}","templated":true}]}}

<div class="wp-block-group alignwide"><div class="wp-block-group__inner-container is-layout-constrained wp-block-group-is-layout-constrained">
<div class="wp-block-columns alignwide are-vertically-aligned-bottom is-style-espace-60-px is-layout-flex wp-container-core-columns-is-layout-28f84493 wp-block-columns-is-layout-flex">
<div class="wp-block-column is-vertically-aligned-bottom is-layout-flow wp-block-column-is-layout-flow" style="flex-basis:33%">
<p class="is-style-sur-titre-artiste"><strong><strong><strong><strong>Eric Croes</strong></strong></strong></strong></p>



<h2 class="wp-block-heading has-34-px-font-size">La cerámica en el centro del proceso</h2>



<p>Croes favorece el gesto espontáneo, dando lugar a esculturas híbridas y coloristas que combinan seres humanos, animales y formas oníricas. Explora los temas del juego, el azar y los relatos míticos, al tiempo que subraya el valor de la artesanía tradicional. </p>
</div>



<div class="wp-block-column is-vertically-aligned-bottom is-layout-flow wp-block-column-is-layout-flow" style="flex-basis:67%">
<figure class="wp-block-image size-full"><img loading="lazy" decoding="async" width="600" height="801" src="https://monumental-valois.com/wp-content/uploads/2025/02/Eric-Croes-art-contemporain.jpg" alt="Eric Croes: una invitaci&#xF3;n a la imaginaci&#xF3;n" class="wp-image-739" srcset="https://monumental-valois.com/wp-content/uploads/2025/02/Eric-Croes-art-contemporain.jpg 600w, https://monumental-valois.com/wp-content/uploads/2025/02/Eric-Croes-art-contemporain-300x400.jpg 300w, https://monumental-valois.com/wp-content/uploads/2025/02/Eric-Croes-art-contemporain-337x450.jpg 337w, https://monumental-valois.com/wp-content/uploads/2025/02/Eric-Croes-art-contemporain-449x600.jpg 449w" sizes="auto, (max-width: 600px) 100vw, 600px" /></figure>
</div>
</div>
</div></div>

<div style="height:50px" aria-hidden="true" class="wp-block-spacer"></div>

<div class="wp-block-group alignwide"><div class="wp-block-group__inner-container is-layout-constrained wp-block-group-is-layout-constrained">
<div class="wp-block-columns alignwide are-vertically-aligned-bottom is-style-espace-60-px is-layout-flex wp-container-core-columns-is-layout-28f84493 wp-block-columns-is-layout-flex">
<div class="wp-block-column is-vertically-aligned-bottom is-layout-flow wp-block-column-is-layout-flow" style="flex-basis:50%">
<p class="is-style-sur-titre-artiste"><strong><strong><strong><strong>Eric Croes</strong></strong></strong></strong></p>



<h2 class="wp-block-heading has-34-px-font-size">Un bestiario e historias ancestrales</h2>



<p>El bestiario desempeña un papel central en su obra. Fascinado por los animales y su simbolismo, Croes se inspira en antiguas historias y tradiciones de culto. Sus cerámicas en forma de jarrón, que evocan garras de oso o huellas de animales, reinterpretan estas leyendas con una sensibilidad contemporánea.  </p>



<div class="wp-block-buttons is-layout-flex wp-block-buttons-is-layout-flex">
<div class="wp-block-button"><a class="wp-block-button__link wp-element-button" href="https://monumental-valois.com/es/oeuvre-monumentale/la-obra-de-eric-croes-una-invitacion-a-la-imaginacion/">Descubre el trabajo</a></div>
</div>
</div>



<div class="wp-block-column is-vertically-aligned-bottom is-layout-flow wp-block-column-is-layout-flow" style="flex-basis:50%">
<h2 class="wp-block-heading has-34-px-font-size">Reconocimiento internacional</h2>



<p>Su obra se ha expuesto en prestigiosas galerías como Richard Heller de Los Ángeles y Almine Rech de París, y también figura en colecciones institucionales como la Mu.ZEE de Ostende y el Musée national de la céramique de Sèvres.</p>
</div>
</div>
</div></div>

<p>Eric Croes La cerámica en el centro del proceso Croes favorece el gesto espontáneo, dando lugar a esculturas híbridas y [&hellip;]</p>
