{"id":1418,"date":"2025-02-19T10:09:05","date_gmt":"2025-02-19T09:09:05","guid":{"rendered":"https:\/\/monumental-valois.com\/oeuvre-monumentale\/aerogenerador-escultura-entre-naturaleza-y-futurismo\/"},"modified":"2026-02-11T15:29:36","modified_gmt":"2026-02-11T14:29:36","slug":"aerogenerador-escultura-entre-naturaleza-y-futurismo","status":"publish","type":"oeuvre","link":"https:\/\/monumental-valois.com\/es\/obra-monumental\/aerogenerador-escultura-entre-naturaleza-y-futurismo\/","title":{"rendered":"Aerogenerador: escultura entre naturaleza y futurismo"},"content":{"rendered":"\n<div class=\"wp-block-columns alignwide is-style-espace-60-px is-layout-flex wp-container-core-columns-is-layout-28f84493 wp-block-columns-is-layout-flex\">\n<div class=\"wp-block-column is-layout-flow wp-block-column-is-layout-flow\" style=\"flex-basis:30%\"><div class=\"lazyblock-partager-la-page-Z1SDHFv wp-block-lazyblock-partager-la-page\"> <div class=\"partage-single\">\r\n                        <p>comparte esta p\u00e1gina<\/p>\r\n                        <div class=\"liens\">\r\n                            <a href=\"http:\/\/twitter.com\/share?url=https%3A%2F%2Fmonumental-valois.com%2Fes%2Fobra-monumental%2Faerogenerador-escultura-entre-naturaleza-y-futurismo%2F\" class=\"share-x\" target=\"_blank\" rel=\"nofollow\" title=\"Compartir en X\"><\/a>\r\n                            <a href=\"http:\/\/www.facebook.com\/sharer.php?u=https%3A%2F%2Fmonumental-valois.com%2Fes%2Fobra-monumental%2Faerogenerador-escultura-entre-naturaleza-y-futurismo%2F&#038;t=Aerogenerador%3A+escultura+entre+naturaleza+y+futurismo&#038;src=sp\" class=\"share-facebook\" target=\"_blank\" rel=\"nofollow\" title=\"Compartir en Facebook\">\r\n\r\n                            <\/a>\r\n\r\n\r\n                        <\/div>\r\n                    <\/div><\/div><\/div>\n\n\n\n<div class=\"wp-block-column is-layout-flow wp-block-column-is-layout-flow\" style=\"flex-basis:70%\">\n<p class=\"has-28-px-font-size\">La \u00c9olienne de Takis, expuesta en el patio Antoine Bourdelle del Donjon de Vez, encarna a la perfecci\u00f3n el esp\u00edritu del artista griego, donde naturaleza, tecnolog\u00eda y poes\u00eda se unen para ofrecer una visi\u00f3n singular del mundo.<\/p>\n<\/div>\n<\/div>\n\n<div class=\"wp-block-group alignfull is-style-fond-blanc-gris\"><div class=\"wp-block-group__inner-container is-layout-constrained wp-block-group-is-layout-constrained\">\n<div class=\"wp-block-columns alignwide are-vertically-aligned-bottom is-style-espace-60-px is-layout-flex wp-container-core-columns-is-layout-28f84493 wp-block-columns-is-layout-flex\">\n<div class=\"wp-block-column is-vertically-aligned-bottom is-layout-flow wp-block-column-is-layout-flow\" style=\"flex-basis:30%\">\n<p class=\"is-style-sur-titre-page\">Aerogenerador: escultura entre naturaleza y futurismo<\/p>\n\n\n\n<h2 class=\"wp-block-heading has-36-px-font-size\">Una escultura monumental e interactiva<\/h2>\n\n\n\n<p>\u00c9olienne se distingue por su interacci\u00f3n con el espacio que la rodea. Takis ve sus esculturas no s\u00f3lo como objetos de arte, sino tambi\u00e9n como elementos vivos que transforman el paisaje. La obra parece integrarse perfectamente en su entorno, aportando un toque de extra\u00f1eza y modernidad a un escenario tradicional.  <\/p>\n\n\n\n<h2 class=\"wp-block-heading has-36-px-font-size\"><strong>Entre futurismo y mitolog\u00eda<\/strong><\/h2>\n\n\n\n<p>Evocando tanto se\u00f1ales futuristas como figuras tot\u00e9micas, esta escultura combina formas abstractas y org\u00e1nicas, captando la energ\u00eda del viento como s\u00edmbolo de libertad y movimiento perpetuo.<\/p>\n<\/div>\n\n\n\n<div class=\"wp-block-column is-vertically-aligned-bottom is-layout-flow wp-block-column-is-layout-flow\" style=\"flex-basis:70%\">\n<figure class=\"wp-block-image size-large\"><img loading=\"lazy\" decoding=\"async\" width=\"600\" height=\"900\" src=\"https:\/\/monumental-valois.com\/wp-content\/uploads\/2025\/02\/eolienne-1-takis-600x900.jpg\" alt=\"Aerogenerador: escultura entre naturaleza y futurismo\" class=\"wp-image-776\" srcset=\"https:\/\/monumental-valois.com\/wp-content\/uploads\/2025\/02\/eolienne-1-takis-600x900.jpg 600w, https:\/\/monumental-valois.com\/wp-content\/uploads\/2025\/02\/eolienne-1-takis-267x400.jpg 267w, https:\/\/monumental-valois.com\/wp-content\/uploads\/2025\/02\/eolienne-1-takis-768x1152.jpg 768w, https:\/\/monumental-valois.com\/wp-content\/uploads\/2025\/02\/eolienne-1-takis-300x450.jpg 300w, https:\/\/monumental-valois.com\/wp-content\/uploads\/2025\/02\/eolienne-1-takis-400x600.jpg 400w, https:\/\/monumental-valois.com\/wp-content\/uploads\/2025\/02\/eolienne-1-takis.jpg 800w\" sizes=\"auto, (max-width: 600px) 100vw, 600px\" \/><\/figure>\n<\/div>\n<\/div>\n<\/div><\/div>\n\n<div style=\"height:50px\" aria-hidden=\"true\" class=\"wp-block-spacer\"><\/div>\n\n<div class=\"wp-block-cover alignwide\"><span aria-hidden=\"true\" class=\"wp-block-cover__background has-noir-background-color has-background-dim\"><\/span><img loading=\"lazy\" decoding=\"async\" width=\"1176\" height=\"1540\" class=\"wp-block-cover__image-background wp-image-350\" alt=\"\" src=\"https:\/\/monumental-valois.com\/wp-content\/uploads\/2025\/02\/takis-\u00a9Natalie-Seroussi.webp\" style=\"object-position:45% 22%\" data-object-fit=\"cover\" data-object-position=\"45% 22%\" srcset=\"https:\/\/monumental-valois.com\/wp-content\/uploads\/2025\/02\/takis-\u00a9Natalie-Seroussi.webp 1176w, https:\/\/monumental-valois.com\/wp-content\/uploads\/2025\/02\/takis-\u00a9Natalie-Seroussi-305x400.webp 305w, https:\/\/monumental-valois.com\/wp-content\/uploads\/2025\/02\/takis-\u00a9Natalie-Seroussi-687x900.webp 687w, https:\/\/monumental-valois.com\/wp-content\/uploads\/2025\/02\/takis-\u00a9Natalie-Seroussi-768x1006.webp 768w, https:\/\/monumental-valois.com\/wp-content\/uploads\/2025\/02\/takis-\u00a9Natalie-Seroussi-1173x1536.webp 1173w, https:\/\/monumental-valois.com\/wp-content\/uploads\/2025\/02\/takis-\u00a9Natalie-Seroussi-344x450.webp 344w, https:\/\/monumental-valois.com\/wp-content\/uploads\/2025\/02\/takis-\u00a9Natalie-Seroussi-458x600.webp 458w\" sizes=\"auto, (max-width: 1176px) 100vw, 1176px\" \/><div class=\"wp-block-cover__inner-container is-layout-constrained wp-block-cover-is-layout-constrained\">\n<h3 class=\"wp-block-heading alignwide has-text-align-left has-64-px-font-size\">Visita la p\u00e1gina<br\/>dedicada al artista<\/h3>\n\n\n\n<div class=\"wp-block-buttons alignwide is-layout-flex wp-block-buttons-is-layout-flex\">\n<div class=\"wp-block-button\"><a class=\"wp-block-button__link wp-element-button\" href=\"https:\/\/monumental-valois.com\/es\/artiste\/vassilakis-takis\/\">Ver al artista<\/a><\/div>\n<\/div>\n<\/div><\/div>\n\n<p><\/p>\n","protected":false},"excerpt":{"rendered":"<p>La \u00c9olienne de Takis, expuesta en el patio Antoine Bourdelle del Donjon de Vez, encarna a la perfecci\u00f3n el esp\u00edritu [&hellip;]<\/p>\n","protected":false},"featured_media":1420,"template":"","class_list":["post-1418","oeuvre","type-oeuvre","status-publish","has-post-thumbnail","hentry"],"_links":{"self":[{"href":"https:\/\/monumental-valois.com\/es\/wp-json\/wp\/v2\/oeuvre\/1418","targetHints":{"allow":["GET"]}}],"collection":[{"href":"https:\/\/monumental-valois.com\/es\/wp-json\/wp\/v2\/oeuvre"}],"about":[{"href":"https:\/\/monumental-valois.com\/es\/wp-json\/wp\/v2\/types\/oeuvre"}],"wp:featuredmedia":[{"embeddable":true,"href":"https:\/\/monumental-valois.com\/es\/wp-json\/wp\/v2\/media\/1420"}],"wp:attachment":[{"href":"https:\/\/monumental-valois.com\/es\/wp-json\/wp\/v2\/media?parent=1418"}],"curies":[{"name":"wp","href":"https:\/\/api.w.org\/{rel}","templated":true}]}}

<div class="wp-block-columns alignwide is-style-espace-60-px is-layout-flex wp-container-core-columns-is-layout-28f84493 wp-block-columns-is-layout-flex">
<div class="wp-block-column is-layout-flow wp-block-column-is-layout-flow" style="flex-basis:30%"><div class="lazyblock-partager-la-page-Z1SDHFv wp-block-lazyblock-partager-la-page"> <div class="partage-single">
                        <p>comparte esta página</p>
                        <div class="liens">
                            <a href="http://twitter.com/share?url=https%3A%2F%2Fmonumental-valois.com%2Fes%2Fobra-monumental%2Faerogenerador-escultura-entre-naturaleza-y-futurismo%2F" class="share-x" target="_blank" rel="nofollow" title="Compartir en X"></a>
                            <a href="http://www.facebook.com/sharer.php?u=https%3A%2F%2Fmonumental-valois.com%2Fes%2Fobra-monumental%2Faerogenerador-escultura-entre-naturaleza-y-futurismo%2F&#038;t=Aerogenerador%3A+escultura+entre+naturaleza+y+futurismo&#038;src=sp" class="share-facebook" target="_blank" rel="nofollow" title="Compartir en Facebook">

                            </a>


                        </div>
                    </div></div></div>



<div class="wp-block-column is-layout-flow wp-block-column-is-layout-flow" style="flex-basis:70%">
<p class="has-28-px-font-size">La Éolienne de Takis, expuesta en el patio Antoine Bourdelle del Donjon de Vez, encarna a la perfección el espíritu del artista griego, donde naturaleza, tecnología y poesía se unen para ofrecer una visión singular del mundo.</p>
</div>
</div>

<div class="wp-block-group alignfull is-style-fond-blanc-gris"><div class="wp-block-group__inner-container is-layout-constrained wp-block-group-is-layout-constrained">
<div class="wp-block-columns alignwide are-vertically-aligned-bottom is-style-espace-60-px is-layout-flex wp-container-core-columns-is-layout-28f84493 wp-block-columns-is-layout-flex">
<div class="wp-block-column is-vertically-aligned-bottom is-layout-flow wp-block-column-is-layout-flow" style="flex-basis:30%">
<p class="is-style-sur-titre-page">Aerogenerador: escultura entre naturaleza y futurismo</p>



<h2 class="wp-block-heading has-36-px-font-size">Una escultura monumental e interactiva</h2>



<p>Éolienne se distingue por su interacción con el espacio que la rodea. Takis ve sus esculturas no sólo como objetos de arte, sino también como elementos vivos que transforman el paisaje. La obra parece integrarse perfectamente en su entorno, aportando un toque de extrañeza y modernidad a un escenario tradicional.  </p>



<h2 class="wp-block-heading has-36-px-font-size"><strong>Entre futurismo y mitología</strong></h2>



<p>Evocando tanto señales futuristas como figuras totémicas, esta escultura combina formas abstractas y orgánicas, captando la energía del viento como símbolo de libertad y movimiento perpetuo.</p>
</div>



<div class="wp-block-column is-vertically-aligned-bottom is-layout-flow wp-block-column-is-layout-flow" style="flex-basis:70%">
<figure class="wp-block-image size-large"><img loading="lazy" decoding="async" width="600" height="900" src="https://monumental-valois.com/wp-content/uploads/2025/02/eolienne-1-takis-600x900.jpg" alt="Aerogenerador: escultura entre naturaleza y futurismo" class="wp-image-776" srcset="https://monumental-valois.com/wp-content/uploads/2025/02/eolienne-1-takis-600x900.jpg 600w, https://monumental-valois.com/wp-content/uploads/2025/02/eolienne-1-takis-267x400.jpg 267w, https://monumental-valois.com/wp-content/uploads/2025/02/eolienne-1-takis-768x1152.jpg 768w, https://monumental-valois.com/wp-content/uploads/2025/02/eolienne-1-takis-300x450.jpg 300w, https://monumental-valois.com/wp-content/uploads/2025/02/eolienne-1-takis-400x600.jpg 400w, https://monumental-valois.com/wp-content/uploads/2025/02/eolienne-1-takis.jpg 800w" sizes="auto, (max-width: 600px) 100vw, 600px" /></figure>
</div>
</div>
</div></div>

<div style="height:50px" aria-hidden="true" class="wp-block-spacer"></div>

<div class="wp-block-cover alignwide"><span aria-hidden="true" class="wp-block-cover__background has-noir-background-color has-background-dim"></span><img loading="lazy" decoding="async" width="1176" height="1540" class="wp-block-cover__image-background wp-image-350" alt="" src="https://monumental-valois.com/wp-content/uploads/2025/02/takis-©Natalie-Seroussi.webp" style="object-position:45% 22%" data-object-fit="cover" data-object-position="45% 22%" srcset="https://monumental-valois.com/wp-content/uploads/2025/02/takis-©Natalie-Seroussi.webp 1176w, https://monumental-valois.com/wp-content/uploads/2025/02/takis-©Natalie-Seroussi-305x400.webp 305w, https://monumental-valois.com/wp-content/uploads/2025/02/takis-©Natalie-Seroussi-687x900.webp 687w, https://monumental-valois.com/wp-content/uploads/2025/02/takis-©Natalie-Seroussi-768x1006.webp 768w, https://monumental-valois.com/wp-content/uploads/2025/02/takis-©Natalie-Seroussi-1173x1536.webp 1173w, https://monumental-valois.com/wp-content/uploads/2025/02/takis-©Natalie-Seroussi-344x450.webp 344w, https://monumental-valois.com/wp-content/uploads/2025/02/takis-©Natalie-Seroussi-458x600.webp 458w" sizes="auto, (max-width: 1176px) 100vw, 1176px" /><div class="wp-block-cover__inner-container is-layout-constrained wp-block-cover-is-layout-constrained">
<h3 class="wp-block-heading alignwide has-text-align-left has-64-px-font-size">Visita la página<br/>dedicada al artista</h3>



<div class="wp-block-buttons alignwide is-layout-flex wp-block-buttons-is-layout-flex">
<div class="wp-block-button"><a class="wp-block-button__link wp-element-button" href="https://monumental-valois.com/es/artiste/vassilakis-takis/">Ver al artista</a></div>
</div>
</div></div>

<p></p>

<p>La Éolienne de Takis, expuesta en el patio Antoine Bourdelle del Donjon de Vez, encarna a la perfección el espíritu [&hellip;]</p>
