{"id":1424,"date":"2025-02-19T09:38:05","date_gmt":"2025-02-19T08:38:05","guid":{"rendered":"https:\/\/monumental-valois.com\/oeuvre-monumentale\/cuadrado-el-poder-de-la-piedra\/"},"modified":"2026-02-11T15:29:35","modified_gmt":"2026-02-11T14:29:35","slug":"cuadrado-el-poder-de-la-piedra","status":"publish","type":"oeuvre","link":"https:\/\/monumental-valois.com\/es\/obra-monumental\/cuadrado-el-poder-de-la-piedra\/","title":{"rendered":"Cuadrado: el poder de la piedra"},"content":{"rendered":"\n<div class=\"wp-block-columns alignwide is-style-espace-60-px is-layout-flex wp-container-core-columns-is-layout-28f84493 wp-block-columns-is-layout-flex\">\n<div class=\"wp-block-column is-layout-flow wp-block-column-is-layout-flow\" style=\"flex-basis:30%\"><div class=\"lazyblock-partager-la-page-Z1SDHFv wp-block-lazyblock-partager-la-page\"> <div class=\"partage-single\">\r\n                        <p>comparte esta p\u00e1gina<\/p>\r\n                        <div class=\"liens\">\r\n                            <a href=\"http:\/\/twitter.com\/share?url=https%3A%2F%2Fmonumental-valois.com%2Fes%2Fobra-monumental%2Fcuadrado-el-poder-de-la-piedra%2F\" class=\"share-x\" target=\"_blank\" rel=\"nofollow\" title=\"Compartir en X\"><\/a>\r\n                            <a href=\"http:\/\/www.facebook.com\/sharer.php?u=https%3A%2F%2Fmonumental-valois.com%2Fes%2Fobra-monumental%2Fcuadrado-el-poder-de-la-piedra%2F&#038;t=Cuadrado%3A+el+poder+de+la+piedra&#038;src=sp\" class=\"share-facebook\" target=\"_blank\" rel=\"nofollow\" title=\"Compartir en Facebook\">\r\n\r\n                            <\/a>\r\n\r\n\r\n                        <\/div>\r\n                    <\/div><\/div><\/div>\n\n\n\n<div class=\"wp-block-column is-layout-flow wp-block-column-is-layout-flow\" style=\"flex-basis:70%\">\n<p class=\"has-28-px-font-size\">Carr\u00e9, de Eug\u00e8ne Dodeigne, expresa la energ\u00eda y la tensi\u00f3n de la piedra, una dualidad entre superficie y volumen que caracteriza su obra.<\/p>\n<\/div>\n<\/div>\n\n<div class=\"wp-block-group alignfull is-style-fond-blanc-gris\"><div class=\"wp-block-group__inner-container is-layout-constrained wp-block-group-is-layout-constrained\">\n<div class=\"wp-block-columns alignwide are-vertically-aligned-bottom is-style-espace-60-px is-layout-flex wp-container-core-columns-is-layout-28f84493 wp-block-columns-is-layout-flex\">\n<div class=\"wp-block-column is-vertically-aligned-bottom is-layout-flow wp-block-column-is-layout-flow\" style=\"flex-basis:30%\">\n<p class=\"is-style-sur-titre-page\">Cuadrado: el poder de la piedra<\/p>\n\n\n\n<h2 class=\"wp-block-heading has-36-px-font-size\"><strong>Expresar la energ\u00eda de la piedra<\/strong><\/h2>\n\n\n\n<p>Con su aparente sencillez, Carr\u00e9 revela una escultura sin concesiones, a la vez minimalista y profunda. A trav\u00e9s de este cuadrado de piedra, Dodeigne consigue liberar una energ\u00eda contenida, que parece desplegarse entre el equilibrio de la forma geom\u00e9trica y el aspecto bruto del material. <\/p>\n\n\n\n<h2 class=\"wp-block-heading has-36-px-font-size\"><strong>Una est\u00e9tica despojada y sagrada<\/strong><\/h2>\n\n\n\n<p>Fiel a su estilo, el artista utiliza formas sencillas, casi primordiales, que evocan s\u00edmbolos universales. Le Carr\u00e9 recuerda a un monumento funerario de una civilizaci\u00f3n antigua, dotado de una presencia casi m\u00edstica. Esta escultura es un homenaje al poder intemporal de la piedra, capaz de transmitir un simbolismo que trasciende el tiempo.  <\/p>\n<\/div>\n\n\n\n<div class=\"wp-block-column is-vertically-aligned-bottom is-layout-flow wp-block-column-is-layout-flow\" style=\"flex-basis:70%\">\n<figure class=\"wp-block-image size-full\"><img loading=\"lazy\" decoding=\"async\" width=\"600\" height=\"800\" src=\"https:\/\/monumental-valois.com\/wp-content\/uploads\/2025\/02\/Carre-eugene-dodeignet.jpg\" alt=\"Cuadrado: el poder de la piedra\" class=\"wp-image-788\" srcset=\"https:\/\/monumental-valois.com\/wp-content\/uploads\/2025\/02\/Carre-eugene-dodeignet.jpg 600w, https:\/\/monumental-valois.com\/wp-content\/uploads\/2025\/02\/Carre-eugene-dodeignet-300x400.jpg 300w, https:\/\/monumental-valois.com\/wp-content\/uploads\/2025\/02\/Carre-eugene-dodeignet-338x450.jpg 338w, https:\/\/monumental-valois.com\/wp-content\/uploads\/2025\/02\/Carre-eugene-dodeignet-450x600.jpg 450w\" sizes=\"auto, (max-width: 600px) 100vw, 600px\" \/><\/figure>\n<\/div>\n<\/div>\n<\/div><\/div>\n\n<div style=\"height:50px\" aria-hidden=\"true\" class=\"wp-block-spacer\"><\/div>\n\n<div class=\"wp-block-cover alignwide\"><span aria-hidden=\"true\" class=\"wp-block-cover__background has-noir-background-color has-background-dim\"><\/span><img loading=\"lazy\" decoding=\"async\" width=\"780\" height=\"1014\" class=\"wp-block-cover__image-background wp-image-335\" alt=\"\" src=\"https:\/\/monumental-valois.com\/wp-content\/uploads\/2025\/02\/Dodeigne-Eugene-\u00a9Academie-des-Beaux-Arts.jpg\" style=\"object-position:47% 12%\" data-object-fit=\"cover\" data-object-position=\"47% 12%\" srcset=\"https:\/\/monumental-valois.com\/wp-content\/uploads\/2025\/02\/Dodeigne-Eugene-\u00a9Academie-des-Beaux-Arts.jpg 780w, https:\/\/monumental-valois.com\/wp-content\/uploads\/2025\/02\/Dodeigne-Eugene-\u00a9Academie-des-Beaux-Arts-308x400.jpg 308w, https:\/\/monumental-valois.com\/wp-content\/uploads\/2025\/02\/Dodeigne-Eugene-\u00a9Academie-des-Beaux-Arts-692x900.jpg 692w, https:\/\/monumental-valois.com\/wp-content\/uploads\/2025\/02\/Dodeigne-Eugene-\u00a9Academie-des-Beaux-Arts-768x998.jpg 768w, https:\/\/monumental-valois.com\/wp-content\/uploads\/2025\/02\/Dodeigne-Eugene-\u00a9Academie-des-Beaux-Arts-346x450.jpg 346w, https:\/\/monumental-valois.com\/wp-content\/uploads\/2025\/02\/Dodeigne-Eugene-\u00a9Academie-des-Beaux-Arts-462x600.jpg 462w\" sizes=\"auto, (max-width: 780px) 100vw, 780px\" \/><div class=\"wp-block-cover__inner-container is-layout-constrained wp-block-cover-is-layout-constrained\">\n<h3 class=\"wp-block-heading alignwide has-text-align-left has-64-px-font-size\">Visita la p\u00e1gina<br\/>dedicada al artista<\/h3>\n\n\n\n<div class=\"wp-block-buttons alignwide is-layout-flex wp-block-buttons-is-layout-flex\">\n<div class=\"wp-block-button\"><a class=\"wp-block-button__link wp-element-button\" href=\"https:\/\/monumental-valois.com\/es\/artiste\/eugene-dodeigne\/\">Ver al artista<\/a><\/div>\n<\/div>\n<\/div><\/div>\n\n<p><\/p>\n","protected":false},"excerpt":{"rendered":"<p>Carr\u00e9, de Eug\u00e8ne Dodeigne, expresa la energ\u00eda y la tensi\u00f3n de la piedra, una dualidad entre superficie y volumen que [&hellip;]<\/p>\n","protected":false},"featured_media":1426,"template":"","class_list":["post-1424","oeuvre","type-oeuvre","status-publish","has-post-thumbnail","hentry"],"_links":{"self":[{"href":"https:\/\/monumental-valois.com\/es\/wp-json\/wp\/v2\/oeuvre\/1424","targetHints":{"allow":["GET"]}}],"collection":[{"href":"https:\/\/monumental-valois.com\/es\/wp-json\/wp\/v2\/oeuvre"}],"about":[{"href":"https:\/\/monumental-valois.com\/es\/wp-json\/wp\/v2\/types\/oeuvre"}],"wp:featuredmedia":[{"embeddable":true,"href":"https:\/\/monumental-valois.com\/es\/wp-json\/wp\/v2\/media\/1426"}],"wp:attachment":[{"href":"https:\/\/monumental-valois.com\/es\/wp-json\/wp\/v2\/media?parent=1424"}],"curies":[{"name":"wp","href":"https:\/\/api.w.org\/{rel}","templated":true}]}}

<div class="wp-block-columns alignwide is-style-espace-60-px is-layout-flex wp-container-core-columns-is-layout-28f84493 wp-block-columns-is-layout-flex">
<div class="wp-block-column is-layout-flow wp-block-column-is-layout-flow" style="flex-basis:30%"><div class="lazyblock-partager-la-page-Z1SDHFv wp-block-lazyblock-partager-la-page"> <div class="partage-single">
                        <p>comparte esta página</p>
                        <div class="liens">
                            <a href="http://twitter.com/share?url=https%3A%2F%2Fmonumental-valois.com%2Fes%2Fobra-monumental%2Fcuadrado-el-poder-de-la-piedra%2F" class="share-x" target="_blank" rel="nofollow" title="Compartir en X"></a>
                            <a href="http://www.facebook.com/sharer.php?u=https%3A%2F%2Fmonumental-valois.com%2Fes%2Fobra-monumental%2Fcuadrado-el-poder-de-la-piedra%2F&#038;t=Cuadrado%3A+el+poder+de+la+piedra&#038;src=sp" class="share-facebook" target="_blank" rel="nofollow" title="Compartir en Facebook">

                            </a>


                        </div>
                    </div></div></div>



<div class="wp-block-column is-layout-flow wp-block-column-is-layout-flow" style="flex-basis:70%">
<p class="has-28-px-font-size">Carré, de Eugène Dodeigne, expresa la energía y la tensión de la piedra, una dualidad entre superficie y volumen que caracteriza su obra.</p>
</div>
</div>

<div class="wp-block-group alignfull is-style-fond-blanc-gris"><div class="wp-block-group__inner-container is-layout-constrained wp-block-group-is-layout-constrained">
<div class="wp-block-columns alignwide are-vertically-aligned-bottom is-style-espace-60-px is-layout-flex wp-container-core-columns-is-layout-28f84493 wp-block-columns-is-layout-flex">
<div class="wp-block-column is-vertically-aligned-bottom is-layout-flow wp-block-column-is-layout-flow" style="flex-basis:30%">
<p class="is-style-sur-titre-page">Cuadrado: el poder de la piedra</p>



<h2 class="wp-block-heading has-36-px-font-size"><strong>Expresar la energía de la piedra</strong></h2>



<p>Con su aparente sencillez, Carré revela una escultura sin concesiones, a la vez minimalista y profunda. A través de este cuadrado de piedra, Dodeigne consigue liberar una energía contenida, que parece desplegarse entre el equilibrio de la forma geométrica y el aspecto bruto del material. </p>



<h2 class="wp-block-heading has-36-px-font-size"><strong>Una estética despojada y sagrada</strong></h2>



<p>Fiel a su estilo, el artista utiliza formas sencillas, casi primordiales, que evocan símbolos universales. Le Carré recuerda a un monumento funerario de una civilización antigua, dotado de una presencia casi mística. Esta escultura es un homenaje al poder intemporal de la piedra, capaz de transmitir un simbolismo que trasciende el tiempo.  </p>
</div>



<div class="wp-block-column is-vertically-aligned-bottom is-layout-flow wp-block-column-is-layout-flow" style="flex-basis:70%">
<figure class="wp-block-image size-full"><img loading="lazy" decoding="async" width="600" height="800" src="https://monumental-valois.com/wp-content/uploads/2025/02/Carre-eugene-dodeignet.jpg" alt="Cuadrado: el poder de la piedra" class="wp-image-788" srcset="https://monumental-valois.com/wp-content/uploads/2025/02/Carre-eugene-dodeignet.jpg 600w, https://monumental-valois.com/wp-content/uploads/2025/02/Carre-eugene-dodeignet-300x400.jpg 300w, https://monumental-valois.com/wp-content/uploads/2025/02/Carre-eugene-dodeignet-338x450.jpg 338w, https://monumental-valois.com/wp-content/uploads/2025/02/Carre-eugene-dodeignet-450x600.jpg 450w" sizes="auto, (max-width: 600px) 100vw, 600px" /></figure>
</div>
</div>
</div></div>

<div style="height:50px" aria-hidden="true" class="wp-block-spacer"></div>

<div class="wp-block-cover alignwide"><span aria-hidden="true" class="wp-block-cover__background has-noir-background-color has-background-dim"></span><img loading="lazy" decoding="async" width="780" height="1014" class="wp-block-cover__image-background wp-image-335" alt="" src="https://monumental-valois.com/wp-content/uploads/2025/02/Dodeigne-Eugene-©Academie-des-Beaux-Arts.jpg" style="object-position:47% 12%" data-object-fit="cover" data-object-position="47% 12%" srcset="https://monumental-valois.com/wp-content/uploads/2025/02/Dodeigne-Eugene-©Academie-des-Beaux-Arts.jpg 780w, https://monumental-valois.com/wp-content/uploads/2025/02/Dodeigne-Eugene-©Academie-des-Beaux-Arts-308x400.jpg 308w, https://monumental-valois.com/wp-content/uploads/2025/02/Dodeigne-Eugene-©Academie-des-Beaux-Arts-692x900.jpg 692w, https://monumental-valois.com/wp-content/uploads/2025/02/Dodeigne-Eugene-©Academie-des-Beaux-Arts-768x998.jpg 768w, https://monumental-valois.com/wp-content/uploads/2025/02/Dodeigne-Eugene-©Academie-des-Beaux-Arts-346x450.jpg 346w, https://monumental-valois.com/wp-content/uploads/2025/02/Dodeigne-Eugene-©Academie-des-Beaux-Arts-462x600.jpg 462w" sizes="auto, (max-width: 780px) 100vw, 780px" /><div class="wp-block-cover__inner-container is-layout-constrained wp-block-cover-is-layout-constrained">
<h3 class="wp-block-heading alignwide has-text-align-left has-64-px-font-size">Visita la página<br/>dedicada al artista</h3>



<div class="wp-block-buttons alignwide is-layout-flex wp-block-buttons-is-layout-flex">
<div class="wp-block-button"><a class="wp-block-button__link wp-element-button" href="https://monumental-valois.com/es/artiste/eugene-dodeigne/">Ver al artista</a></div>
</div>
</div></div>

<p></p>

<p>Carré, de Eugène Dodeigne, expresa la energía y la tensión de la piedra, una dualidad entre superficie y volumen que [&hellip;]</p>
