{"id":1430,"date":"2025-02-19T09:40:06","date_gmt":"2025-02-19T08:40:06","guid":{"rendered":"https:\/\/monumental-valois.com\/oeuvre-monumentale\/ampliacion-no-1-la-escultura-viviente-de-cesar\/"},"modified":"2026-02-11T15:29:35","modified_gmt":"2026-02-11T14:29:35","slug":"ampliacion-no-1-la-escultura-viviente-de-cesar","status":"publish","type":"oeuvre","link":"https:\/\/monumental-valois.com\/es\/obra-monumental\/ampliacion-no-1-la-escultura-viviente-de-cesar\/","title":{"rendered":"Ampliaci\u00f3n n\u00ba 1: La escultura viviente de C\u00e9sar"},"content":{"rendered":"\n<div class=\"wp-block-columns alignwide is-style-espace-60-px is-layout-flex wp-container-core-columns-is-layout-28f84493 wp-block-columns-is-layout-flex\">\n<div class=\"wp-block-column is-layout-flow wp-block-column-is-layout-flow\" style=\"flex-basis:30%\"><div class=\"lazyblock-partager-la-page-Z1SDHFv wp-block-lazyblock-partager-la-page\"> <div class=\"partage-single\">\r\n                        <p>comparte esta p\u00e1gina<\/p>\r\n                        <div class=\"liens\">\r\n                            <a href=\"http:\/\/twitter.com\/share?url=https%3A%2F%2Fmonumental-valois.com%2Fes%2Fobra-monumental%2Fampliacion-no-1-la-escultura-viviente-de-cesar%2F\" class=\"share-x\" target=\"_blank\" rel=\"nofollow\" title=\"Compartir en X\"><\/a>\r\n                            <a href=\"http:\/\/www.facebook.com\/sharer.php?u=https%3A%2F%2Fmonumental-valois.com%2Fes%2Fobra-monumental%2Fampliacion-no-1-la-escultura-viviente-de-cesar%2F&#038;t=Ampliaci%C3%B3n+n%C2%BA+1%3A+La+escultura+viviente+de+C%C3%A9sar&#038;src=sp\" class=\"share-facebook\" target=\"_blank\" rel=\"nofollow\" title=\"Compartir en Facebook\">\r\n\r\n                            <\/a>\r\n\r\n\r\n                        <\/div>\r\n                    <\/div><\/div><\/div>\n\n\n\n<div class=\"wp-block-column is-layout-flow wp-block-column-is-layout-flow\" style=\"flex-basis:70%\">\n<p class=\"has-28-px-font-size\">Expansi\u00f3n n\u00b01, expuesta en el Donjon de Vez, forma parte de la serie \u00abExpansiones\u00bb de C\u00e9sar, creada en 1967. Utilizando poliuretano, un material con propiedades \u00fanicas, esta escultura monumentaliza formas org\u00e1nicas que parecen a la vez congeladas y en movimiento. <\/p>\n<\/div>\n<\/div>\n\n<div class=\"wp-block-group alignfull is-style-fond-blanc-gris\"><div class=\"wp-block-group__inner-container is-layout-constrained wp-block-group-is-layout-constrained\">\n<div class=\"wp-block-columns alignwide are-vertically-aligned-bottom is-style-espace-60-px is-layout-flex wp-container-core-columns-is-layout-28f84493 wp-block-columns-is-layout-flex\">\n<div class=\"wp-block-column is-vertically-aligned-bottom is-layout-flow wp-block-column-is-layout-flow\" style=\"flex-basis:30%\">\n<p class=\"is-style-sur-titre-page\">Ampliaci\u00f3n n\u00ba 1: La escultura viviente de C\u00e9sar<\/p>\n\n\n\n<h2 class=\"wp-block-heading has-36-px-font-size\">Entre la suavidad y la aspereza<\/h2>\n\n\n\n<p>En la Expansi\u00f3n n\u00b01, la forma redonda y maciza de la obra contrasta con la textura rugosa de su superficie, marcada por el \u00f3xido. Esta pieza, llena de paradojas, combina la aparente suavidad de su forma con la dureza del material, una tensi\u00f3n caracter\u00edstica de las esculturas de C\u00e9sar. Aqu\u00ed, el artista explora las infinitas posibilidades del poliuretano, cuya fundici\u00f3n, estratificaci\u00f3n y acabado confieren a la obra una cualidad a la vez fija y viva.  <\/p>\n\n\n\n<h2 class=\"wp-block-heading has-36-px-font-size\"><strong>Una obra monumental y viva<\/strong><\/h2>\n\n\n\n<p>Expansi\u00f3n n\u00b01 evoluciona con el tiempo, el \u00f3xido y la transformaci\u00f3n, a\u00f1adiendo una dimensi\u00f3n viva a la obra. Esta escultura no es simplemente una forma, sino una experiencia sensorial y temporal, marcada por el proceso creativo aleatorio y la interacci\u00f3n con su entorno. <\/p>\n<\/div>\n\n\n\n<div class=\"wp-block-column is-vertically-aligned-bottom is-layout-flow wp-block-column-is-layout-flow\" style=\"flex-basis:70%\">\n<figure class=\"wp-block-image size-full\"><img loading=\"lazy\" decoding=\"async\" width=\"600\" height=\"550\" src=\"https:\/\/monumental-valois.com\/wp-content\/uploads\/2025\/02\/Expansion-n1-cesar.jpg\" alt=\"Ampliaci&#xF3;n n&#xBA; 1: La escultura viviente de C&#xE9;sar\" class=\"wp-image-786\" srcset=\"https:\/\/monumental-valois.com\/wp-content\/uploads\/2025\/02\/Expansion-n1-cesar.jpg 600w, https:\/\/monumental-valois.com\/wp-content\/uploads\/2025\/02\/Expansion-n1-cesar-436x400.jpg 436w, https:\/\/monumental-valois.com\/wp-content\/uploads\/2025\/02\/Expansion-n1-cesar-450x413.jpg 450w\" sizes=\"auto, (max-width: 600px) 100vw, 600px\" \/><\/figure>\n<\/div>\n<\/div>\n<\/div><\/div>\n\n<div style=\"height:50px\" aria-hidden=\"true\" class=\"wp-block-spacer\"><\/div>\n\n<div class=\"wp-block-cover alignwide\"><span aria-hidden=\"true\" class=\"wp-block-cover__background has-noir-background-color has-background-dim\"><\/span><img loading=\"lazy\" decoding=\"async\" width=\"512\" height=\"512\" class=\"wp-block-cover__image-background wp-image-339\" alt=\"C\u00e9sar\" src=\"https:\/\/monumental-valois.com\/wp-content\/uploads\/2025\/02\/cc3a9sar-baldaccini-\u00a9La-Beautaniste.jpg\" style=\"object-position:52% 14%\" data-object-fit=\"cover\" data-object-position=\"52% 14%\" srcset=\"https:\/\/monumental-valois.com\/wp-content\/uploads\/2025\/02\/cc3a9sar-baldaccini-\u00a9La-Beautaniste.jpg 512w, https:\/\/monumental-valois.com\/wp-content\/uploads\/2025\/02\/cc3a9sar-baldaccini-\u00a9La-Beautaniste-400x400.jpg 400w, https:\/\/monumental-valois.com\/wp-content\/uploads\/2025\/02\/cc3a9sar-baldaccini-\u00a9La-Beautaniste-300x300.jpg 300w, https:\/\/monumental-valois.com\/wp-content\/uploads\/2025\/02\/cc3a9sar-baldaccini-\u00a9La-Beautaniste-450x450.jpg 450w\" sizes=\"auto, (max-width: 512px) 100vw, 512px\" \/><div class=\"wp-block-cover__inner-container is-layout-constrained wp-block-cover-is-layout-constrained\">\n<h3 class=\"wp-block-heading alignwide has-text-align-left has-64-px-font-size\">Visita la p\u00e1gina<br\/>dedicada al artista<\/h3>\n\n\n\n<div class=\"wp-block-buttons alignwide is-layout-flex wp-block-buttons-is-layout-flex\">\n<div class=\"wp-block-button\"><a class=\"wp-block-button__link wp-element-button\" href=\"https:\/\/monumental-valois.com\/es\/artiste\/cesar\/\">Ver al artista<\/a><\/div>\n<\/div>\n<\/div><\/div>\n\n<p><\/p>\n","protected":false},"excerpt":{"rendered":"<p>Expansi\u00f3n n\u00b01, expuesta en el Donjon de Vez, forma parte de la serie \u00abExpansiones\u00bb de C\u00e9sar, creada en 1967. Utilizando [&hellip;]<\/p>\n","protected":false},"featured_media":1431,"template":"","class_list":["post-1430","oeuvre","type-oeuvre","status-publish","has-post-thumbnail","hentry"],"_links":{"self":[{"href":"https:\/\/monumental-valois.com\/es\/wp-json\/wp\/v2\/oeuvre\/1430","targetHints":{"allow":["GET"]}}],"collection":[{"href":"https:\/\/monumental-valois.com\/es\/wp-json\/wp\/v2\/oeuvre"}],"about":[{"href":"https:\/\/monumental-valois.com\/es\/wp-json\/wp\/v2\/types\/oeuvre"}],"wp:featuredmedia":[{"embeddable":true,"href":"https:\/\/monumental-valois.com\/es\/wp-json\/wp\/v2\/media\/1431"}],"wp:attachment":[{"href":"https:\/\/monumental-valois.com\/es\/wp-json\/wp\/v2\/media?parent=1430"}],"curies":[{"name":"wp","href":"https:\/\/api.w.org\/{rel}","templated":true}]}}

Ampliación nº 1: La escultura viviente de César

<div class="wp-block-columns alignwide is-style-espace-60-px is-layout-flex wp-container-core-columns-is-layout-28f84493 wp-block-columns-is-layout-flex">
<div class="wp-block-column is-layout-flow wp-block-column-is-layout-flow" style="flex-basis:30%"><div class="lazyblock-partager-la-page-Z1SDHFv wp-block-lazyblock-partager-la-page"> <div class="partage-single">
                        <p>comparte esta página</p>
                        <div class="liens">
                            <a href="http://twitter.com/share?url=https%3A%2F%2Fmonumental-valois.com%2Fes%2Fobra-monumental%2Fampliacion-no-1-la-escultura-viviente-de-cesar%2F" class="share-x" target="_blank" rel="nofollow" title="Compartir en X"></a>
                            <a href="http://www.facebook.com/sharer.php?u=https%3A%2F%2Fmonumental-valois.com%2Fes%2Fobra-monumental%2Fampliacion-no-1-la-escultura-viviente-de-cesar%2F&#038;t=Ampliaci%C3%B3n+n%C2%BA+1%3A+La+escultura+viviente+de+C%C3%A9sar&#038;src=sp" class="share-facebook" target="_blank" rel="nofollow" title="Compartir en Facebook">

                            </a>


                        </div>
                    </div></div></div>



<div class="wp-block-column is-layout-flow wp-block-column-is-layout-flow" style="flex-basis:70%">
<p class="has-28-px-font-size">Expansión n°1, expuesta en el Donjon de Vez, forma parte de la serie «Expansiones» de César, creada en 1967. Utilizando poliuretano, un material con propiedades únicas, esta escultura monumentaliza formas orgánicas que parecen a la vez congeladas y en movimiento. </p>
</div>
</div>

<div class="wp-block-group alignfull is-style-fond-blanc-gris"><div class="wp-block-group__inner-container is-layout-constrained wp-block-group-is-layout-constrained">
<div class="wp-block-columns alignwide are-vertically-aligned-bottom is-style-espace-60-px is-layout-flex wp-container-core-columns-is-layout-28f84493 wp-block-columns-is-layout-flex">
<div class="wp-block-column is-vertically-aligned-bottom is-layout-flow wp-block-column-is-layout-flow" style="flex-basis:30%">
<p class="is-style-sur-titre-page">Ampliación nº 1: La escultura viviente de César</p>



<h2 class="wp-block-heading has-36-px-font-size">Entre la suavidad y la aspereza</h2>



<p>En la Expansión n°1, la forma redonda y maciza de la obra contrasta con la textura rugosa de su superficie, marcada por el óxido. Esta pieza, llena de paradojas, combina la aparente suavidad de su forma con la dureza del material, una tensión característica de las esculturas de César. Aquí, el artista explora las infinitas posibilidades del poliuretano, cuya fundición, estratificación y acabado confieren a la obra una cualidad a la vez fija y viva.  </p>



<h2 class="wp-block-heading has-36-px-font-size"><strong>Una obra monumental y viva</strong></h2>



<p>Expansión n°1 evoluciona con el tiempo, el óxido y la transformación, añadiendo una dimensión viva a la obra. Esta escultura no es simplemente una forma, sino una experiencia sensorial y temporal, marcada por el proceso creativo aleatorio y la interacción con su entorno. </p>
</div>



<div class="wp-block-column is-vertically-aligned-bottom is-layout-flow wp-block-column-is-layout-flow" style="flex-basis:70%">
<figure class="wp-block-image size-full"><img loading="lazy" decoding="async" width="600" height="550" src="https://monumental-valois.com/wp-content/uploads/2025/02/Expansion-n1-cesar.jpg" alt="Ampliaci&#xF3;n n&#xBA; 1: La escultura viviente de C&#xE9;sar" class="wp-image-786" srcset="https://monumental-valois.com/wp-content/uploads/2025/02/Expansion-n1-cesar.jpg 600w, https://monumental-valois.com/wp-content/uploads/2025/02/Expansion-n1-cesar-436x400.jpg 436w, https://monumental-valois.com/wp-content/uploads/2025/02/Expansion-n1-cesar-450x413.jpg 450w" sizes="auto, (max-width: 600px) 100vw, 600px" /></figure>
</div>
</div>
</div></div>

<div style="height:50px" aria-hidden="true" class="wp-block-spacer"></div>

<div class="wp-block-cover alignwide"><span aria-hidden="true" class="wp-block-cover__background has-noir-background-color has-background-dim"></span><img loading="lazy" decoding="async" width="512" height="512" class="wp-block-cover__image-background wp-image-339" alt="César" src="https://monumental-valois.com/wp-content/uploads/2025/02/cc3a9sar-baldaccini-©La-Beautaniste.jpg" style="object-position:52% 14%" data-object-fit="cover" data-object-position="52% 14%" srcset="https://monumental-valois.com/wp-content/uploads/2025/02/cc3a9sar-baldaccini-©La-Beautaniste.jpg 512w, https://monumental-valois.com/wp-content/uploads/2025/02/cc3a9sar-baldaccini-©La-Beautaniste-400x400.jpg 400w, https://monumental-valois.com/wp-content/uploads/2025/02/cc3a9sar-baldaccini-©La-Beautaniste-300x300.jpg 300w, https://monumental-valois.com/wp-content/uploads/2025/02/cc3a9sar-baldaccini-©La-Beautaniste-450x450.jpg 450w" sizes="auto, (max-width: 512px) 100vw, 512px" /><div class="wp-block-cover__inner-container is-layout-constrained wp-block-cover-is-layout-constrained">
<h3 class="wp-block-heading alignwide has-text-align-left has-64-px-font-size">Visita la página<br/>dedicada al artista</h3>



<div class="wp-block-buttons alignwide is-layout-flex wp-block-buttons-is-layout-flex">
<div class="wp-block-button"><a class="wp-block-button__link wp-element-button" href="https://monumental-valois.com/es/artiste/cesar/">Ver al artista</a></div>
</div>
</div></div>

<p></p>

<p>Expansión n°1, expuesta en el Donjon de Vez, forma parte de la serie «Expansiones» de César, creada en 1967. Utilizando [&hellip;]</p>
