{"id":1433,"date":"2025-02-19T17:48:32","date_gmt":"2025-02-19T16:48:32","guid":{"rendered":"https:\/\/monumental-valois.com\/oeuvre-monumentale\/dibujo-mural-de-sol-lewitt-inmersion-geometrica\/"},"modified":"2026-02-11T15:29:36","modified_gmt":"2026-02-11T14:29:36","slug":"dibujo-mural-de-sol-lewitt-inmersion-geometrica","status":"publish","type":"oeuvre","link":"https:\/\/monumental-valois.com\/es\/obra-monumental\/dibujo-mural-de-sol-lewitt-inmersion-geometrica\/","title":{"rendered":"Dibujo mural de Sol LeWitt: inmersi\u00f3n geom\u00e9trica"},"content":{"rendered":"\n<div class=\"wp-block-columns alignwide is-style-espace-60-px is-layout-flex wp-container-core-columns-is-layout-28f84493 wp-block-columns-is-layout-flex\">\n<div class=\"wp-block-column is-layout-flow wp-block-column-is-layout-flow\" style=\"flex-basis:30%\"><div class=\"lazyblock-partager-la-page-Z1SDHFv wp-block-lazyblock-partager-la-page\"> <div class=\"partage-single\">\r\n                        <p>comparte esta p\u00e1gina<\/p>\r\n                        <div class=\"liens\">\r\n                            <a href=\"http:\/\/twitter.com\/share?url=https%3A%2F%2Fmonumental-valois.com%2Fes%2Fobra-monumental%2Fdibujo-mural-de-sol-lewitt-inmersion-geometrica%2F\" class=\"share-x\" target=\"_blank\" rel=\"nofollow\" title=\"Compartir en X\"><\/a>\r\n                            <a href=\"http:\/\/www.facebook.com\/sharer.php?u=https%3A%2F%2Fmonumental-valois.com%2Fes%2Fobra-monumental%2Fdibujo-mural-de-sol-lewitt-inmersion-geometrica%2F&#038;t=Dibujo+mural+de+Sol+LeWitt%3A+inmersi%C3%B3n+geom%C3%A9trica&#038;src=sp\" class=\"share-facebook\" target=\"_blank\" rel=\"nofollow\" title=\"Compartir en Facebook\">\r\n\r\n                            <\/a>\r\n\r\n\r\n                        <\/div>\r\n                    <\/div><\/div><\/div>\n\n\n\n<div class=\"wp-block-column is-layout-flow wp-block-column-is-layout-flow\" style=\"flex-basis:70%\">\n<p class=\"has-28-px-font-size\">En la gran sala de la planta baja del Donjon de Vez, una obra de Sol LeWitt, creada en 1995, cubre las cuatro paredes de la sala. Este fresco, titulado Dibujo mural, encarna el enfoque minimalista del artista estadounidense, famoso por su reducci\u00f3n de formas y colores a su esencia. <\/p>\n<\/div>\n<\/div>\n\n<div class=\"wp-block-group alignfull is-style-fond-blanc-gris\"><div class=\"wp-block-group__inner-container is-layout-constrained wp-block-group-is-layout-constrained\">\n<div class=\"wp-block-columns alignwide are-vertically-aligned-bottom is-style-espace-60-px is-layout-flex wp-container-core-columns-is-layout-28f84493 wp-block-columns-is-layout-flex\">\n<div class=\"wp-block-column is-vertically-aligned-bottom is-layout-flow wp-block-column-is-layout-flow\" style=\"flex-basis:30%\">\n<p class=\"is-style-sur-titre-page\">Dibujo mural de Sol LeWitt: inmersi\u00f3n geom\u00e9trica<\/p>\n\n\n\n<h2 class=\"wp-block-heading has-36-px-font-size\"><strong>Una est\u00e9tica minimalista<\/strong><\/h2>\n\n\n\n<p>Sol LeWitt es una figura clave del arte conceptual y minimalista. En la d\u00e9cada de 1960, caus\u00f3 un profundo impacto en la escena art\u00edstica con un enfoque radical que purificaba las formas y los colores, reduciendo los elementos visuales a su esencia. Esta b\u00fasqueda de la simplicidad se refleja en su Dibujo mural, donde la geometrizaci\u00f3n de los motivos y el uso exclusivo de colores primarios (rojo, amarillo y azul) reflejan su deseo de volver a lo b\u00e1sico.  <\/p>\n\n\n\n<h2 class=\"wp-block-heading has-36-px-font-size\"><strong>Una obra en di\u00e1logo con el espacio<\/strong><\/h2>\n\n\n\n<p>El dibujo mural en el Donjon de Vez se distingue por su rigor y su car\u00e1cter envolvente. Las paredes se convierten en una superficie viva donde se despliegan combinaciones geom\u00e9tricas cuidadosamente orquestadas. El objetivo de LeWitt no es simplemente producir una obra de arte, sino cuestionar la relaci\u00f3n entre el espacio y el espectador. La propia sala se convierte en parte integrante de la obra, un entorno en el que interact\u00faan el arte y la arquitectura.   <\/p>\n<\/div>\n\n\n\n<div class=\"wp-block-column is-vertically-aligned-bottom is-layout-flow wp-block-column-is-layout-flow\" style=\"flex-basis:70%\">\n<figure class=\"wp-block-image size-full\"><img loading=\"lazy\" decoding=\"async\" width=\"800\" height=\"533\" src=\"https:\/\/monumental-valois.com\/wp-content\/uploads\/2025\/02\/Wall-Drawing-sol-lewitt.jpg\" alt=\"Dibujo mural de Sol LeWitt: inmersi&#xF3;n geom&#xE9;trica\" class=\"wp-image-768\" srcset=\"https:\/\/monumental-valois.com\/wp-content\/uploads\/2025\/02\/Wall-Drawing-sol-lewitt.jpg 800w, https:\/\/monumental-valois.com\/wp-content\/uploads\/2025\/02\/Wall-Drawing-sol-lewitt-600x400.jpg 600w, https:\/\/monumental-valois.com\/wp-content\/uploads\/2025\/02\/Wall-Drawing-sol-lewitt-768x512.jpg 768w, https:\/\/monumental-valois.com\/wp-content\/uploads\/2025\/02\/Wall-Drawing-sol-lewitt-450x300.jpg 450w\" sizes=\"auto, (max-width: 800px) 100vw, 800px\" \/><\/figure>\n\n\n\n<figure class=\"wp-block-image size-full\"><img loading=\"lazy\" decoding=\"async\" width=\"800\" height=\"477\" src=\"https:\/\/monumental-valois.com\/wp-content\/uploads\/2025\/02\/Wall-Drawing-2sol-lewitt.jpg\" alt=\"\" class=\"wp-image-766\" srcset=\"https:\/\/monumental-valois.com\/wp-content\/uploads\/2025\/02\/Wall-Drawing-2sol-lewitt.jpg 800w, https:\/\/monumental-valois.com\/wp-content\/uploads\/2025\/02\/Wall-Drawing-2sol-lewitt-671x400.jpg 671w, https:\/\/monumental-valois.com\/wp-content\/uploads\/2025\/02\/Wall-Drawing-2sol-lewitt-768x458.jpg 768w, https:\/\/monumental-valois.com\/wp-content\/uploads\/2025\/02\/Wall-Drawing-2sol-lewitt-450x268.jpg 450w\" sizes=\"auto, (max-width: 800px) 100vw, 800px\" \/><\/figure>\n<\/div>\n<\/div>\n<\/div><\/div>\n\n<div style=\"height:50px\" aria-hidden=\"true\" class=\"wp-block-spacer\"><\/div>\n\n<div class=\"wp-block-cover alignwide\"><span aria-hidden=\"true\" class=\"wp-block-cover__background has-noir-background-color has-background-dim\"><\/span><img loading=\"lazy\" decoding=\"async\" width=\"964\" height=\"773\" class=\"wp-block-cover__image-background wp-image-356\" alt=\"\" src=\"https:\/\/monumental-valois.com\/wp-content\/uploads\/2025\/02\/Sol-LeWitt-\u00a9Beaux-Arts-magazine.jpg\" style=\"object-position:19% 59%\" data-object-fit=\"cover\" data-object-position=\"19% 59%\" srcset=\"https:\/\/monumental-valois.com\/wp-content\/uploads\/2025\/02\/Sol-LeWitt-\u00a9Beaux-Arts-magazine.jpg 964w, https:\/\/monumental-valois.com\/wp-content\/uploads\/2025\/02\/Sol-LeWitt-\u00a9Beaux-Arts-magazine-499x400.jpg 499w, https:\/\/monumental-valois.com\/wp-content\/uploads\/2025\/02\/Sol-LeWitt-\u00a9Beaux-Arts-magazine-768x616.jpg 768w, https:\/\/monumental-valois.com\/wp-content\/uploads\/2025\/02\/Sol-LeWitt-\u00a9Beaux-Arts-magazine-450x361.jpg 450w, https:\/\/monumental-valois.com\/wp-content\/uploads\/2025\/02\/Sol-LeWitt-\u00a9Beaux-Arts-magazine-748x600.jpg 748w\" sizes=\"auto, (max-width: 964px) 100vw, 964px\" \/><div class=\"wp-block-cover__inner-container is-layout-constrained wp-block-cover-is-layout-constrained\">\n<h3 class=\"wp-block-heading alignwide has-text-align-left has-64-px-font-size\">Visita la p\u00e1gina<br\/>dedicada al artista<\/h3>\n\n\n\n<div class=\"wp-block-buttons alignwide is-layout-flex wp-block-buttons-is-layout-flex\">\n<div class=\"wp-block-button\"><a class=\"wp-block-button__link wp-element-button\" href=\"https:\/\/monumental-valois.com\/es\/artiste\/sol-lewitt\/\">Ver al artista<\/a><\/div>\n<\/div>\n<\/div><\/div>\n\n<p><\/p>\n","protected":false},"excerpt":{"rendered":"<p>En la gran sala de la planta baja del Donjon de Vez, una obra de Sol LeWitt, creada en 1995, [&hellip;]<\/p>\n","protected":false},"featured_media":1434,"template":"","class_list":["post-1433","oeuvre","type-oeuvre","status-publish","has-post-thumbnail","hentry"],"_links":{"self":[{"href":"https:\/\/monumental-valois.com\/es\/wp-json\/wp\/v2\/oeuvre\/1433","targetHints":{"allow":["GET"]}}],"collection":[{"href":"https:\/\/monumental-valois.com\/es\/wp-json\/wp\/v2\/oeuvre"}],"about":[{"href":"https:\/\/monumental-valois.com\/es\/wp-json\/wp\/v2\/types\/oeuvre"}],"wp:featuredmedia":[{"embeddable":true,"href":"https:\/\/monumental-valois.com\/es\/wp-json\/wp\/v2\/media\/1434"}],"wp:attachment":[{"href":"https:\/\/monumental-valois.com\/es\/wp-json\/wp\/v2\/media?parent=1433"}],"curies":[{"name":"wp","href":"https:\/\/api.w.org\/{rel}","templated":true}]}}

Dibujo mural de Sol LeWitt: inmersión geométrica

<div class="wp-block-columns alignwide is-style-espace-60-px is-layout-flex wp-container-core-columns-is-layout-28f84493 wp-block-columns-is-layout-flex">
<div class="wp-block-column is-layout-flow wp-block-column-is-layout-flow" style="flex-basis:30%"><div class="lazyblock-partager-la-page-Z1SDHFv wp-block-lazyblock-partager-la-page"> <div class="partage-single">
                        <p>comparte esta página</p>
                        <div class="liens">
                            <a href="http://twitter.com/share?url=https%3A%2F%2Fmonumental-valois.com%2Fes%2Fobra-monumental%2Fdibujo-mural-de-sol-lewitt-inmersion-geometrica%2F" class="share-x" target="_blank" rel="nofollow" title="Compartir en X"></a>
                            <a href="http://www.facebook.com/sharer.php?u=https%3A%2F%2Fmonumental-valois.com%2Fes%2Fobra-monumental%2Fdibujo-mural-de-sol-lewitt-inmersion-geometrica%2F&#038;t=Dibujo+mural+de+Sol+LeWitt%3A+inmersi%C3%B3n+geom%C3%A9trica&#038;src=sp" class="share-facebook" target="_blank" rel="nofollow" title="Compartir en Facebook">

                            </a>


                        </div>
                    </div></div></div>



<div class="wp-block-column is-layout-flow wp-block-column-is-layout-flow" style="flex-basis:70%">
<p class="has-28-px-font-size">En la gran sala de la planta baja del Donjon de Vez, una obra de Sol LeWitt, creada en 1995, cubre las cuatro paredes de la sala. Este fresco, titulado Dibujo mural, encarna el enfoque minimalista del artista estadounidense, famoso por su reducción de formas y colores a su esencia. </p>
</div>
</div>

<div class="wp-block-group alignfull is-style-fond-blanc-gris"><div class="wp-block-group__inner-container is-layout-constrained wp-block-group-is-layout-constrained">
<div class="wp-block-columns alignwide are-vertically-aligned-bottom is-style-espace-60-px is-layout-flex wp-container-core-columns-is-layout-28f84493 wp-block-columns-is-layout-flex">
<div class="wp-block-column is-vertically-aligned-bottom is-layout-flow wp-block-column-is-layout-flow" style="flex-basis:30%">
<p class="is-style-sur-titre-page">Dibujo mural de Sol LeWitt: inmersión geométrica</p>



<h2 class="wp-block-heading has-36-px-font-size"><strong>Una estética minimalista</strong></h2>



<p>Sol LeWitt es una figura clave del arte conceptual y minimalista. En la década de 1960, causó un profundo impacto en la escena artística con un enfoque radical que purificaba las formas y los colores, reduciendo los elementos visuales a su esencia. Esta búsqueda de la simplicidad se refleja en su Dibujo mural, donde la geometrización de los motivos y el uso exclusivo de colores primarios (rojo, amarillo y azul) reflejan su deseo de volver a lo básico.  </p>



<h2 class="wp-block-heading has-36-px-font-size"><strong>Una obra en diálogo con el espacio</strong></h2>



<p>El dibujo mural en el Donjon de Vez se distingue por su rigor y su carácter envolvente. Las paredes se convierten en una superficie viva donde se despliegan combinaciones geométricas cuidadosamente orquestadas. El objetivo de LeWitt no es simplemente producir una obra de arte, sino cuestionar la relación entre el espacio y el espectador. La propia sala se convierte en parte integrante de la obra, un entorno en el que interactúan el arte y la arquitectura.   </p>
</div>



<div class="wp-block-column is-vertically-aligned-bottom is-layout-flow wp-block-column-is-layout-flow" style="flex-basis:70%">
<figure class="wp-block-image size-full"><img loading="lazy" decoding="async" width="800" height="533" src="https://monumental-valois.com/wp-content/uploads/2025/02/Wall-Drawing-sol-lewitt.jpg" alt="Dibujo mural de Sol LeWitt: inmersi&#xF3;n geom&#xE9;trica" class="wp-image-768" srcset="https://monumental-valois.com/wp-content/uploads/2025/02/Wall-Drawing-sol-lewitt.jpg 800w, https://monumental-valois.com/wp-content/uploads/2025/02/Wall-Drawing-sol-lewitt-600x400.jpg 600w, https://monumental-valois.com/wp-content/uploads/2025/02/Wall-Drawing-sol-lewitt-768x512.jpg 768w, https://monumental-valois.com/wp-content/uploads/2025/02/Wall-Drawing-sol-lewitt-450x300.jpg 450w" sizes="auto, (max-width: 800px) 100vw, 800px" /></figure>



<figure class="wp-block-image size-full"><img loading="lazy" decoding="async" width="800" height="477" src="https://monumental-valois.com/wp-content/uploads/2025/02/Wall-Drawing-2sol-lewitt.jpg" alt="" class="wp-image-766" srcset="https://monumental-valois.com/wp-content/uploads/2025/02/Wall-Drawing-2sol-lewitt.jpg 800w, https://monumental-valois.com/wp-content/uploads/2025/02/Wall-Drawing-2sol-lewitt-671x400.jpg 671w, https://monumental-valois.com/wp-content/uploads/2025/02/Wall-Drawing-2sol-lewitt-768x458.jpg 768w, https://monumental-valois.com/wp-content/uploads/2025/02/Wall-Drawing-2sol-lewitt-450x268.jpg 450w" sizes="auto, (max-width: 800px) 100vw, 800px" /></figure>
</div>
</div>
</div></div>

<div style="height:50px" aria-hidden="true" class="wp-block-spacer"></div>

<div class="wp-block-cover alignwide"><span aria-hidden="true" class="wp-block-cover__background has-noir-background-color has-background-dim"></span><img loading="lazy" decoding="async" width="964" height="773" class="wp-block-cover__image-background wp-image-356" alt="" src="https://monumental-valois.com/wp-content/uploads/2025/02/Sol-LeWitt-©Beaux-Arts-magazine.jpg" style="object-position:19% 59%" data-object-fit="cover" data-object-position="19% 59%" srcset="https://monumental-valois.com/wp-content/uploads/2025/02/Sol-LeWitt-©Beaux-Arts-magazine.jpg 964w, https://monumental-valois.com/wp-content/uploads/2025/02/Sol-LeWitt-©Beaux-Arts-magazine-499x400.jpg 499w, https://monumental-valois.com/wp-content/uploads/2025/02/Sol-LeWitt-©Beaux-Arts-magazine-768x616.jpg 768w, https://monumental-valois.com/wp-content/uploads/2025/02/Sol-LeWitt-©Beaux-Arts-magazine-450x361.jpg 450w, https://monumental-valois.com/wp-content/uploads/2025/02/Sol-LeWitt-©Beaux-Arts-magazine-748x600.jpg 748w" sizes="auto, (max-width: 964px) 100vw, 964px" /><div class="wp-block-cover__inner-container is-layout-constrained wp-block-cover-is-layout-constrained">
<h3 class="wp-block-heading alignwide has-text-align-left has-64-px-font-size">Visita la página<br/>dedicada al artista</h3>



<div class="wp-block-buttons alignwide is-layout-flex wp-block-buttons-is-layout-flex">
<div class="wp-block-button"><a class="wp-block-button__link wp-element-button" href="https://monumental-valois.com/es/artiste/sol-lewitt/">Ver al artista</a></div>
</div>
</div></div>

<p></p>
