{"id":1437,"date":"2025-02-19T09:52:48","date_gmt":"2025-02-19T08:52:48","guid":{"rendered":"https:\/\/monumental-valois.com\/oeuvre-monumentale\/9-lineas-oblicuas-el-impulso-monumental-de-bernar-venet\/"},"modified":"2026-02-11T15:29:35","modified_gmt":"2026-02-11T14:29:35","slug":"9-lineas-oblicuas-el-impulso-monumental-de-bernar-venet","status":"publish","type":"oeuvre","link":"https:\/\/monumental-valois.com\/es\/obra-monumental\/9-lineas-oblicuas-el-impulso-monumental-de-bernar-venet\/","title":{"rendered":"9 l\u00edneas oblicuas: el impulso monumental de Bernar Venet"},"content":{"rendered":"\n<div class=\"wp-block-columns alignwide is-style-espace-60-px is-layout-flex wp-container-core-columns-is-layout-28f84493 wp-block-columns-is-layout-flex\">\n<div class=\"wp-block-column is-layout-flow wp-block-column-is-layout-flow\" style=\"flex-basis:30%\"><div class=\"lazyblock-partager-la-page-Z1SDHFv wp-block-lazyblock-partager-la-page\"> <div class=\"partage-single\">\r\n                        <p>comparte esta p\u00e1gina<\/p>\r\n                        <div class=\"liens\">\r\n                            <a href=\"http:\/\/twitter.com\/share?url=https%3A%2F%2Fmonumental-valois.com%2Fes%2Fobra-monumental%2F9-lineas-oblicuas-el-impulso-monumental-de-bernar-venet%2F\" class=\"share-x\" target=\"_blank\" rel=\"nofollow\" title=\"Compartir en X\"><\/a>\r\n                            <a href=\"http:\/\/www.facebook.com\/sharer.php?u=https%3A%2F%2Fmonumental-valois.com%2Fes%2Fobra-monumental%2F9-lineas-oblicuas-el-impulso-monumental-de-bernar-venet%2F&#038;t=9+l%C3%ADneas+oblicuas%3A+el+impulso+monumental+de+Bernar+Venet&#038;src=sp\" class=\"share-facebook\" target=\"_blank\" rel=\"nofollow\" title=\"Compartir en Facebook\">\r\n\r\n                            <\/a>\r\n\r\n\r\n                        <\/div>\r\n                    <\/div><\/div><\/div>\n\n\n\n<div class=\"wp-block-column is-layout-flow wp-block-column-is-layout-flow\" style=\"flex-basis:70%\">\n<p class=\"has-28-px-font-size\">Creada en 2010 por Bernar Venet, esta escultura monumental est\u00e1 formada por nueve vigas inclinadas de acero corten que convergen en un punto en la parte superior. Mide 30 metros de altura y pesa 75 toneladas, imponiendo su presencia en el paisaje del Donjon de Vez. <\/p>\n<\/div>\n<\/div>\n\n<div class=\"wp-block-group alignfull is-style-fond-blanc-gris\"><div class=\"wp-block-group__inner-container is-layout-constrained wp-block-group-is-layout-constrained\">\n<div class=\"wp-block-columns alignwide are-vertically-aligned-bottom is-style-espace-60-px is-layout-flex wp-container-core-columns-is-layout-28f84493 wp-block-columns-is-layout-flex\">\n<div class=\"wp-block-column is-vertically-aligned-bottom is-layout-flow wp-block-column-is-layout-flow\" style=\"flex-basis:30%\">\n<p class=\"is-style-sur-titre-page\">9 l\u00edneas oblicuas: el impulso monumental de Bernar Venet<\/p>\n\n\n\n<h2 class=\"wp-block-heading has-36-px-font-size\"><strong>La b\u00fasqueda de la armon\u00eda entre modernidad y patrimonio<\/strong><\/h2>\n\n\n\n<p>Instalada en el patio, la obra se funde armoniosamente con el Donjon, sus tonos oxidados contrastan con la antigua canter\u00eda. La obra parece prolongar la verticalidad de las torres, llevando la mirada hasta el cielo. Este di\u00e1logo visual entre pasado y presente refuerza la atemporalidad de la instalaci\u00f3n.  <\/p>\n\n\n\n<h2 class=\"wp-block-heading has-36-px-font-size\"><strong>Bernar Venet, maestro de l\u00edneas monumentales<\/strong><\/h2>\n\n\n\n<p>Artista conceptual de primer orden, Bernar Venet explora la pureza de las l\u00edneas geom\u00e9tricas en sus esculturas monumentales de acero. 9 lignes obliques ilustra su b\u00fasqueda est\u00e9tica, libre de simbolismo y referencias culturales, ofreciendo una interpretaci\u00f3n personal del movimiento y el impulso. <\/p>\n<\/div>\n\n\n\n<div class=\"wp-block-column is-vertically-aligned-bottom is-layout-flow wp-block-column-is-layout-flow\" style=\"flex-basis:70%\">\n<figure class=\"wp-block-image size-large\"><img loading=\"lazy\" decoding=\"async\" width=\"599\" height=\"900\" src=\"https:\/\/monumental-valois.com\/wp-content\/uploads\/2025\/02\/Obliques-photo-2-bernar-venet-599x900.jpg\" alt=\"9 l&#xED;neas oblicuas: el impulso monumental de Bernar Venet\" class=\"wp-image-783\" srcset=\"https:\/\/monumental-valois.com\/wp-content\/uploads\/2025\/02\/Obliques-photo-2-bernar-venet-599x900.jpg 599w, https:\/\/monumental-valois.com\/wp-content\/uploads\/2025\/02\/Obliques-photo-2-bernar-venet-266x400.jpg 266w, https:\/\/monumental-valois.com\/wp-content\/uploads\/2025\/02\/Obliques-photo-2-bernar-venet-768x1154.jpg 768w, https:\/\/monumental-valois.com\/wp-content\/uploads\/2025\/02\/Obliques-photo-2-bernar-venet-300x450.jpg 300w, https:\/\/monumental-valois.com\/wp-content\/uploads\/2025\/02\/Obliques-photo-2-bernar-venet-399x600.jpg 399w, https:\/\/monumental-valois.com\/wp-content\/uploads\/2025\/02\/Obliques-photo-2-bernar-venet.jpg 800w\" sizes=\"auto, (max-width: 599px) 100vw, 599px\" \/><\/figure>\n<\/div>\n<\/div>\n<\/div><\/div>\n\n<div style=\"height:50px\" aria-hidden=\"true\" class=\"wp-block-spacer\"><\/div>\n\n<div class=\"wp-block-cover alignwide\"><span aria-hidden=\"true\" class=\"wp-block-cover__background has-noir-background-color has-background-dim\"><\/span><img loading=\"lazy\" decoding=\"async\" width=\"1260\" height=\"945\" class=\"wp-block-cover__image-background wp-image-344\" alt=\"\u00a9Florian-CHAMBON\" src=\"https:\/\/monumental-valois.com\/wp-content\/uploads\/2025\/02\/Bernar-Venet.jpg\" style=\"object-position:65% 0%\" data-object-fit=\"cover\" data-object-position=\"65% 0%\" srcset=\"https:\/\/monumental-valois.com\/wp-content\/uploads\/2025\/02\/Bernar-Venet.jpg 1260w, https:\/\/monumental-valois.com\/wp-content\/uploads\/2025\/02\/Bernar-Venet-533x400.jpg 533w, https:\/\/monumental-valois.com\/wp-content\/uploads\/2025\/02\/Bernar-Venet-1200x900.jpg 1200w, https:\/\/monumental-valois.com\/wp-content\/uploads\/2025\/02\/Bernar-Venet-768x576.jpg 768w, https:\/\/monumental-valois.com\/wp-content\/uploads\/2025\/02\/Bernar-Venet-450x338.jpg 450w, https:\/\/monumental-valois.com\/wp-content\/uploads\/2025\/02\/Bernar-Venet-800x600.jpg 800w\" sizes=\"auto, (max-width: 1260px) 100vw, 1260px\" \/><div class=\"wp-block-cover__inner-container is-layout-constrained wp-block-cover-is-layout-constrained\">\n<h3 class=\"wp-block-heading alignwide has-text-align-right has-64-px-font-size\">Visita la p\u00e1gina<br\/>dedicada al artista<\/h3>\n\n\n\n<div class=\"wp-block-buttons alignwide is-content-justification-right is-layout-flex wp-container-core-buttons-is-layout-d445cf74 wp-block-buttons-is-layout-flex\">\n<div class=\"wp-block-button\"><a class=\"wp-block-button__link has-text-align-right wp-element-button\" href=\"https:\/\/monumental-valois.com\/es\/artiste\/bernar-venet\/\">Ver al artista<\/a><\/div>\n<\/div>\n<\/div><\/div>\n\n<p><\/p>\n","protected":false},"excerpt":{"rendered":"<p>Creada en 2010 por Bernar Venet, esta escultura monumental est\u00e1 formada por nueve vigas inclinadas de acero corten que convergen [&hellip;]<\/p>\n","protected":false},"featured_media":1438,"template":"","class_list":["post-1437","oeuvre","type-oeuvre","status-publish","has-post-thumbnail","hentry"],"_links":{"self":[{"href":"https:\/\/monumental-valois.com\/es\/wp-json\/wp\/v2\/oeuvre\/1437","targetHints":{"allow":["GET"]}}],"collection":[{"href":"https:\/\/monumental-valois.com\/es\/wp-json\/wp\/v2\/oeuvre"}],"about":[{"href":"https:\/\/monumental-valois.com\/es\/wp-json\/wp\/v2\/types\/oeuvre"}],"wp:featuredmedia":[{"embeddable":true,"href":"https:\/\/monumental-valois.com\/es\/wp-json\/wp\/v2\/media\/1438"}],"wp:attachment":[{"href":"https:\/\/monumental-valois.com\/es\/wp-json\/wp\/v2\/media?parent=1437"}],"curies":[{"name":"wp","href":"https:\/\/api.w.org\/{rel}","templated":true}]}}

9 líneas oblicuas: el impulso monumental de Bernar Venet

<div class="wp-block-columns alignwide is-style-espace-60-px is-layout-flex wp-container-core-columns-is-layout-28f84493 wp-block-columns-is-layout-flex">
<div class="wp-block-column is-layout-flow wp-block-column-is-layout-flow" style="flex-basis:30%"><div class="lazyblock-partager-la-page-Z1SDHFv wp-block-lazyblock-partager-la-page"> <div class="partage-single">
                        <p>comparte esta página</p>
                        <div class="liens">
                            <a href="http://twitter.com/share?url=https%3A%2F%2Fmonumental-valois.com%2Fes%2Fobra-monumental%2F9-lineas-oblicuas-el-impulso-monumental-de-bernar-venet%2F" class="share-x" target="_blank" rel="nofollow" title="Compartir en X"></a>
                            <a href="http://www.facebook.com/sharer.php?u=https%3A%2F%2Fmonumental-valois.com%2Fes%2Fobra-monumental%2F9-lineas-oblicuas-el-impulso-monumental-de-bernar-venet%2F&#038;t=9+l%C3%ADneas+oblicuas%3A+el+impulso+monumental+de+Bernar+Venet&#038;src=sp" class="share-facebook" target="_blank" rel="nofollow" title="Compartir en Facebook">

                            </a>


                        </div>
                    </div></div></div>



<div class="wp-block-column is-layout-flow wp-block-column-is-layout-flow" style="flex-basis:70%">
<p class="has-28-px-font-size">Creada en 2010 por Bernar Venet, esta escultura monumental está formada por nueve vigas inclinadas de acero corten que convergen en un punto en la parte superior. Mide 30 metros de altura y pesa 75 toneladas, imponiendo su presencia en el paisaje del Donjon de Vez. </p>
</div>
</div>

<div class="wp-block-group alignfull is-style-fond-blanc-gris"><div class="wp-block-group__inner-container is-layout-constrained wp-block-group-is-layout-constrained">
<div class="wp-block-columns alignwide are-vertically-aligned-bottom is-style-espace-60-px is-layout-flex wp-container-core-columns-is-layout-28f84493 wp-block-columns-is-layout-flex">
<div class="wp-block-column is-vertically-aligned-bottom is-layout-flow wp-block-column-is-layout-flow" style="flex-basis:30%">
<p class="is-style-sur-titre-page">9 líneas oblicuas: el impulso monumental de Bernar Venet</p>



<h2 class="wp-block-heading has-36-px-font-size"><strong>La búsqueda de la armonía entre modernidad y patrimonio</strong></h2>



<p>Instalada en el patio, la obra se funde armoniosamente con el Donjon, sus tonos oxidados contrastan con la antigua cantería. La obra parece prolongar la verticalidad de las torres, llevando la mirada hasta el cielo. Este diálogo visual entre pasado y presente refuerza la atemporalidad de la instalación.  </p>



<h2 class="wp-block-heading has-36-px-font-size"><strong>Bernar Venet, maestro de líneas monumentales</strong></h2>



<p>Artista conceptual de primer orden, Bernar Venet explora la pureza de las líneas geométricas en sus esculturas monumentales de acero. 9 lignes obliques ilustra su búsqueda estética, libre de simbolismo y referencias culturales, ofreciendo una interpretación personal del movimiento y el impulso. </p>
</div>



<div class="wp-block-column is-vertically-aligned-bottom is-layout-flow wp-block-column-is-layout-flow" style="flex-basis:70%">
<figure class="wp-block-image size-large"><img loading="lazy" decoding="async" width="599" height="900" src="https://monumental-valois.com/wp-content/uploads/2025/02/Obliques-photo-2-bernar-venet-599x900.jpg" alt="9 l&#xED;neas oblicuas: el impulso monumental de Bernar Venet" class="wp-image-783" srcset="https://monumental-valois.com/wp-content/uploads/2025/02/Obliques-photo-2-bernar-venet-599x900.jpg 599w, https://monumental-valois.com/wp-content/uploads/2025/02/Obliques-photo-2-bernar-venet-266x400.jpg 266w, https://monumental-valois.com/wp-content/uploads/2025/02/Obliques-photo-2-bernar-venet-768x1154.jpg 768w, https://monumental-valois.com/wp-content/uploads/2025/02/Obliques-photo-2-bernar-venet-300x450.jpg 300w, https://monumental-valois.com/wp-content/uploads/2025/02/Obliques-photo-2-bernar-venet-399x600.jpg 399w, https://monumental-valois.com/wp-content/uploads/2025/02/Obliques-photo-2-bernar-venet.jpg 800w" sizes="auto, (max-width: 599px) 100vw, 599px" /></figure>
</div>
</div>
</div></div>

<div style="height:50px" aria-hidden="true" class="wp-block-spacer"></div>

<div class="wp-block-cover alignwide"><span aria-hidden="true" class="wp-block-cover__background has-noir-background-color has-background-dim"></span><img loading="lazy" decoding="async" width="1260" height="945" class="wp-block-cover__image-background wp-image-344" alt="©Florian-CHAMBON" src="https://monumental-valois.com/wp-content/uploads/2025/02/Bernar-Venet.jpg" style="object-position:65% 0%" data-object-fit="cover" data-object-position="65% 0%" srcset="https://monumental-valois.com/wp-content/uploads/2025/02/Bernar-Venet.jpg 1260w, https://monumental-valois.com/wp-content/uploads/2025/02/Bernar-Venet-533x400.jpg 533w, https://monumental-valois.com/wp-content/uploads/2025/02/Bernar-Venet-1200x900.jpg 1200w, https://monumental-valois.com/wp-content/uploads/2025/02/Bernar-Venet-768x576.jpg 768w, https://monumental-valois.com/wp-content/uploads/2025/02/Bernar-Venet-450x338.jpg 450w, https://monumental-valois.com/wp-content/uploads/2025/02/Bernar-Venet-800x600.jpg 800w" sizes="auto, (max-width: 1260px) 100vw, 1260px" /><div class="wp-block-cover__inner-container is-layout-constrained wp-block-cover-is-layout-constrained">
<h3 class="wp-block-heading alignwide has-text-align-right has-64-px-font-size">Visita la página<br/>dedicada al artista</h3>



<div class="wp-block-buttons alignwide is-content-justification-right is-layout-flex wp-container-core-buttons-is-layout-d445cf74 wp-block-buttons-is-layout-flex">
<div class="wp-block-button"><a class="wp-block-button__link has-text-align-right wp-element-button" href="https://monumental-valois.com/es/artiste/bernar-venet/">Ver al artista</a></div>
</div>
</div></div>

<p></p>

<p>Creada en 2010 por Bernar Venet, esta escultura monumental está formada por nueve vigas inclinadas de acero corten que convergen [&hellip;]</p>
