{"id":1440,"date":"2025-02-19T17:50:50","date_gmt":"2025-02-19T16:50:50","guid":{"rendered":"https:\/\/monumental-valois.com\/oeuvre-monumentale\/jardin-minimalista-un-dialogo-entre-naturaleza-e-historia\/"},"modified":"2026-02-11T15:29:36","modified_gmt":"2026-02-11T14:29:36","slug":"jardin-minimalista-un-dialogo-entre-naturaleza-e-historia","status":"publish","type":"oeuvre","link":"https:\/\/monumental-valois.com\/es\/obra-monumental\/jardin-minimalista-un-dialogo-entre-naturaleza-e-historia\/","title":{"rendered":"Jard\u00edn minimalista: un di\u00e1logo entre naturaleza e historia"},"content":{"rendered":"\n<div class=\"wp-block-columns alignwide is-style-espace-60-px is-layout-flex wp-container-core-columns-is-layout-28f84493 wp-block-columns-is-layout-flex\">\n<div class=\"wp-block-column is-layout-flow wp-block-column-is-layout-flow\" style=\"flex-basis:30%\"><div class=\"lazyblock-partager-la-page-ZGJtkP wp-block-lazyblock-partager-la-page\"> <div class=\"partage-single\">\r\n                        <p>comparte esta p\u00e1gina<\/p>\r\n                        <div class=\"liens\">\r\n                            <a href=\"http:\/\/twitter.com\/share?url=https%3A%2F%2Fmonumental-valois.com%2Fes%2Fobra-monumental%2Fjardin-minimalista-un-dialogo-entre-naturaleza-e-historia%2F\" class=\"share-x\" target=\"_blank\" rel=\"nofollow\" title=\"Compartir en X\"><\/a>\r\n                            <a href=\"http:\/\/www.facebook.com\/sharer.php?u=https%3A%2F%2Fmonumental-valois.com%2Fes%2Fobra-monumental%2Fjardin-minimalista-un-dialogo-entre-naturaleza-e-historia%2F&#038;t=Jard%C3%ADn+minimalista%3A+un+di%C3%A1logo+entre+naturaleza+e+historia&#038;src=sp\" class=\"share-facebook\" target=\"_blank\" rel=\"nofollow\" title=\"Compartir en Facebook\">\r\n\r\n                            <\/a>\r\n\r\n\r\n                        <\/div>\r\n                    <\/div><\/div><\/div>\n\n\n\n<div class=\"wp-block-column is-layout-flow wp-block-column-is-layout-flow\" style=\"flex-basis:70%\">\n<p class=\"has-28-px-font-size\">En 1989, el maestro paisajista de renombre internacional Pascal Cribier y Patrick Ecoutin dise\u00f1aron un jard\u00edn minimalista \u00fanico para el patio principal del Donjon de Vez. Este proyecto contempor\u00e1neo, clasificado como \u00abJard\u00edn Notable\u00bb por el Ministerio de Cultura franc\u00e9s, retoma con elegancia los c\u00f3digos de los jardines medievales al tiempo que incorpora una visi\u00f3n contempor\u00e1nea. <\/p>\n<\/div>\n<\/div>\n\n<div class=\"wp-block-group alignfull is-style-fond-blanc-gris\"><div class=\"wp-block-group__inner-container is-layout-constrained wp-block-group-is-layout-constrained\">\n<div class=\"wp-block-columns alignwide are-vertically-aligned-bottom is-style-espace-60-px is-layout-flex wp-container-core-columns-is-layout-28f84493 wp-block-columns-is-layout-flex\">\n<div class=\"wp-block-column is-vertically-aligned-bottom is-layout-flow wp-block-column-is-layout-flow\" style=\"flex-basis:30%\">\n<p class=\"is-style-sur-titre-page\">Jard\u00edn minimalista: un di\u00e1logo entre naturaleza e historia<\/p>\n\n\n\n<h2 class=\"wp-block-heading has-36-px-font-size\"><strong>Una reinterpretaci\u00f3n de los jardines medievales<\/strong><\/h2>\n\n\n\n<p>Inspir\u00e1ndose en la tradici\u00f3n de los jardines amurallados de la Edad Media, Cribier retoma las formas geom\u00e9tricas emblem\u00e1ticas de aquella \u00e9poca, en particular los cuatrifolios. Estos motivos vegetales, mezclados con los cuatrifolios de piedra, crean una simbiosis entre la arquitectura viva y la mineral. Las variaciones de niveles y los atajos de perspectiva evocan una \u00e9poca en la que la profundidad era sugerida por el juego de vol\u00famenes m\u00e1s que por las leyes de la perspectiva.  <\/p>\n\n\n\n<h2 class=\"wp-block-heading has-36-px-font-size\"><strong>Un homenaje a los tapices medievales<\/strong><\/h2>\n\n\n\n<p>En el centro del jard\u00edn, los ramos de gaura recuerdan los famosos tapices de las \u00abmil flores\u00bb, a\u00f1adiendo un toque po\u00e9tico que cambia con las estaciones. Los setos de boj, deliberadamente m\u00e1s bajos al llegar que al marcharse, potencian el efecto de concentraci\u00f3n y contemplaci\u00f3n. <\/p>\n<\/div>\n\n\n\n<div class=\"wp-block-column is-vertically-aligned-bottom is-layout-flow wp-block-column-is-layout-flow\" style=\"flex-basis:70%\">\n<figure class=\"wp-block-image size-full\"><img loading=\"lazy\" decoding=\"async\" width=\"800\" height=\"532\" src=\"https:\/\/monumental-valois.com\/wp-content\/uploads\/2025\/02\/Jardin-minimaliste-2-pascal-cribier.jpg\" alt=\"Jard&#xED;n minimalista: un di&#xE1;logo entre naturaleza e historia\" class=\"wp-image-760\" srcset=\"https:\/\/monumental-valois.com\/wp-content\/uploads\/2025\/02\/Jardin-minimaliste-2-pascal-cribier.jpg 800w, https:\/\/monumental-valois.com\/wp-content\/uploads\/2025\/02\/Jardin-minimaliste-2-pascal-cribier-602x400.jpg 602w, https:\/\/monumental-valois.com\/wp-content\/uploads\/2025\/02\/Jardin-minimaliste-2-pascal-cribier-768x511.jpg 768w, https:\/\/monumental-valois.com\/wp-content\/uploads\/2025\/02\/Jardin-minimaliste-2-pascal-cribier-450x299.jpg 450w\" sizes=\"auto, (max-width: 800px) 100vw, 800px\" \/><\/figure>\n<\/div>\n<\/div>\n<\/div><\/div>\n\n<div style=\"height:50px\" aria-hidden=\"true\" class=\"wp-block-spacer\"><\/div>\n\n<div class=\"wp-block-columns alignwide is-layout-flex wp-container-core-columns-is-layout-28f84493 wp-block-columns-is-layout-flex\">\n<div class=\"wp-block-column is-layout-flow wp-block-column-is-layout-flow\" style=\"flex-basis:50%\">\n<figure class=\"wp-block-image size-full\"><img loading=\"lazy\" decoding=\"async\" width=\"800\" height=\"532\" src=\"https:\/\/monumental-valois.com\/wp-content\/uploads\/2025\/02\/Jardin-minimaliste-pascal-cribier.jpg\" alt=\"Jard&#xED;n minimalista: un di&#xE1;logo entre naturaleza e historia\" class=\"wp-image-762\" srcset=\"https:\/\/monumental-valois.com\/wp-content\/uploads\/2025\/02\/Jardin-minimaliste-pascal-cribier.jpg 800w, https:\/\/monumental-valois.com\/wp-content\/uploads\/2025\/02\/Jardin-minimaliste-pascal-cribier-602x400.jpg 602w, https:\/\/monumental-valois.com\/wp-content\/uploads\/2025\/02\/Jardin-minimaliste-pascal-cribier-768x511.jpg 768w, https:\/\/monumental-valois.com\/wp-content\/uploads\/2025\/02\/Jardin-minimaliste-pascal-cribier-450x299.jpg 450w\" sizes=\"auto, (max-width: 800px) 100vw, 800px\" \/><\/figure>\n<\/div>\n\n\n\n<div class=\"wp-block-column is-vertically-aligned-bottom is-layout-flow wp-block-column-is-layout-flow\" style=\"flex-basis:50%\">\n<div class=\"wp-block-group is-style-largeur-max-370\"><div class=\"wp-block-group__inner-container is-layout-constrained wp-block-group-is-layout-constrained\">\n<p class=\"is-style-sur-titre-page\">Jard\u00edn minimalista: un di\u00e1logo entre naturaleza e historia<\/p>\n\n\n\n<h2 class=\"wp-block-heading has-36-px-font-size\">Agua, luz y simbolismo<\/h2>\n\n\n\n<p>Un espejo de agua, colocado al pie de la capilla, refleja las ruinas de la vivienda fortificada y ampl\u00eda la majestuosidad del lugar con un juego de luces y reflejos. Rodeado de un lecho de lirios azules, s\u00edmbolo de la realeza francesa, ancla el jard\u00edn en una tradici\u00f3n hist\u00f3rica, al tiempo que ofrece una paleta que estalla con las estaciones: tulipanes negros y amarillos, ramos de lino e iris sibirica. <\/p>\n<\/div><\/div>\n<\/div>\n<\/div>\n\n<div style=\"height:50px\" aria-hidden=\"true\" class=\"wp-block-spacer\"><\/div>\n\n<div class=\"wp-block-cover alignwide\"><span aria-hidden=\"true\" class=\"wp-block-cover__background has-noir-background-color has-background-dim\"><\/span><img loading=\"lazy\" decoding=\"async\" width=\"1260\" height=\"839\" class=\"wp-block-cover__image-background wp-image-446\" alt=\"Pascal Cribier\" src=\"https:\/\/monumental-valois.com\/wp-content\/uploads\/2025\/02\/Pascal-Cribier-jardin-Sebastien-Soriano-Le-Figaro.jpg\" style=\"object-position:43% 29%\" data-object-fit=\"cover\" data-object-position=\"43% 29%\" srcset=\"https:\/\/monumental-valois.com\/wp-content\/uploads\/2025\/02\/Pascal-Cribier-jardin-Sebastien-Soriano-Le-Figaro.jpg 1260w, https:\/\/monumental-valois.com\/wp-content\/uploads\/2025\/02\/Pascal-Cribier-jardin-Sebastien-Soriano-Le-Figaro-601x400.jpg 601w, https:\/\/monumental-valois.com\/wp-content\/uploads\/2025\/02\/Pascal-Cribier-jardin-Sebastien-Soriano-Le-Figaro-768x511.jpg 768w, https:\/\/monumental-valois.com\/wp-content\/uploads\/2025\/02\/Pascal-Cribier-jardin-Sebastien-Soriano-Le-Figaro-450x300.jpg 450w, https:\/\/monumental-valois.com\/wp-content\/uploads\/2025\/02\/Pascal-Cribier-jardin-Sebastien-Soriano-Le-Figaro-901x600.jpg 901w\" sizes=\"auto, (max-width: 1260px) 100vw, 1260px\" \/><div class=\"wp-block-cover__inner-container is-layout-constrained wp-block-cover-is-layout-constrained\">\n<h3 class=\"wp-block-heading alignwide has-text-align-left has-64-px-font-size\">Visita la p\u00e1gina<br\/>dedicada al artista<\/h3>\n\n\n\n<div class=\"wp-block-buttons alignwide is-layout-flex wp-block-buttons-is-layout-flex\">\n<div class=\"wp-block-button\"><a class=\"wp-block-button__link wp-element-button\" href=\"https:\/\/monumental-valois.com\/es\/artiste\/pascal-cribier\/\">Ver al artista<\/a><\/div>\n<\/div>\n<\/div><\/div>\n","protected":false},"excerpt":{"rendered":"<p>En 1989, el maestro paisajista de renombre internacional Pascal Cribier y Patrick Ecoutin dise\u00f1aron un jard\u00edn minimalista \u00fanico para el [&hellip;]<\/p>\n","protected":false},"featured_media":2626,"template":"","class_list":["post-1440","oeuvre","type-oeuvre","status-publish","has-post-thumbnail","hentry"],"_links":{"self":[{"href":"https:\/\/monumental-valois.com\/es\/wp-json\/wp\/v2\/oeuvre\/1440","targetHints":{"allow":["GET"]}}],"collection":[{"href":"https:\/\/monumental-valois.com\/es\/wp-json\/wp\/v2\/oeuvre"}],"about":[{"href":"https:\/\/monumental-valois.com\/es\/wp-json\/wp\/v2\/types\/oeuvre"}],"wp:featuredmedia":[{"embeddable":true,"href":"https:\/\/monumental-valois.com\/es\/wp-json\/wp\/v2\/media\/2626"}],"wp:attachment":[{"href":"https:\/\/monumental-valois.com\/es\/wp-json\/wp\/v2\/media?parent=1440"}],"curies":[{"name":"wp","href":"https:\/\/api.w.org\/{rel}","templated":true}]}}

Jardín minimalista: un diálogo entre naturaleza e historia

<div class="wp-block-columns alignwide is-style-espace-60-px is-layout-flex wp-container-core-columns-is-layout-28f84493 wp-block-columns-is-layout-flex">
<div class="wp-block-column is-layout-flow wp-block-column-is-layout-flow" style="flex-basis:30%"><div class="lazyblock-partager-la-page-ZGJtkP wp-block-lazyblock-partager-la-page"> <div class="partage-single">
                        <p>comparte esta página</p>
                        <div class="liens">
                            <a href="http://twitter.com/share?url=https%3A%2F%2Fmonumental-valois.com%2Fes%2Fobra-monumental%2Fjardin-minimalista-un-dialogo-entre-naturaleza-e-historia%2F" class="share-x" target="_blank" rel="nofollow" title="Compartir en X"></a>
                            <a href="http://www.facebook.com/sharer.php?u=https%3A%2F%2Fmonumental-valois.com%2Fes%2Fobra-monumental%2Fjardin-minimalista-un-dialogo-entre-naturaleza-e-historia%2F&#038;t=Jard%C3%ADn+minimalista%3A+un+di%C3%A1logo+entre+naturaleza+e+historia&#038;src=sp" class="share-facebook" target="_blank" rel="nofollow" title="Compartir en Facebook">

                            </a>


                        </div>
                    </div></div></div>



<div class="wp-block-column is-layout-flow wp-block-column-is-layout-flow" style="flex-basis:70%">
<p class="has-28-px-font-size">En 1989, el maestro paisajista de renombre internacional Pascal Cribier y Patrick Ecoutin diseñaron un jardín minimalista único para el patio principal del Donjon de Vez. Este proyecto contemporáneo, clasificado como «Jardín Notable» por el Ministerio de Cultura francés, retoma con elegancia los códigos de los jardines medievales al tiempo que incorpora una visión contemporánea. </p>
</div>
</div>

<div class="wp-block-group alignfull is-style-fond-blanc-gris"><div class="wp-block-group__inner-container is-layout-constrained wp-block-group-is-layout-constrained">
<div class="wp-block-columns alignwide are-vertically-aligned-bottom is-style-espace-60-px is-layout-flex wp-container-core-columns-is-layout-28f84493 wp-block-columns-is-layout-flex">
<div class="wp-block-column is-vertically-aligned-bottom is-layout-flow wp-block-column-is-layout-flow" style="flex-basis:30%">
<p class="is-style-sur-titre-page">Jardín minimalista: un diálogo entre naturaleza e historia</p>



<h2 class="wp-block-heading has-36-px-font-size"><strong>Una reinterpretación de los jardines medievales</strong></h2>



<p>Inspirándose en la tradición de los jardines amurallados de la Edad Media, Cribier retoma las formas geométricas emblemáticas de aquella época, en particular los cuatrifolios. Estos motivos vegetales, mezclados con los cuatrifolios de piedra, crean una simbiosis entre la arquitectura viva y la mineral. Las variaciones de niveles y los atajos de perspectiva evocan una época en la que la profundidad era sugerida por el juego de volúmenes más que por las leyes de la perspectiva.  </p>



<h2 class="wp-block-heading has-36-px-font-size"><strong>Un homenaje a los tapices medievales</strong></h2>



<p>En el centro del jardín, los ramos de gaura recuerdan los famosos tapices de las «mil flores», añadiendo un toque poético que cambia con las estaciones. Los setos de boj, deliberadamente más bajos al llegar que al marcharse, potencian el efecto de concentración y contemplación. </p>
</div>



<div class="wp-block-column is-vertically-aligned-bottom is-layout-flow wp-block-column-is-layout-flow" style="flex-basis:70%">
<figure class="wp-block-image size-full"><img loading="lazy" decoding="async" width="800" height="532" src="https://monumental-valois.com/wp-content/uploads/2025/02/Jardin-minimaliste-2-pascal-cribier.jpg" alt="Jard&#xED;n minimalista: un di&#xE1;logo entre naturaleza e historia" class="wp-image-760" srcset="https://monumental-valois.com/wp-content/uploads/2025/02/Jardin-minimaliste-2-pascal-cribier.jpg 800w, https://monumental-valois.com/wp-content/uploads/2025/02/Jardin-minimaliste-2-pascal-cribier-602x400.jpg 602w, https://monumental-valois.com/wp-content/uploads/2025/02/Jardin-minimaliste-2-pascal-cribier-768x511.jpg 768w, https://monumental-valois.com/wp-content/uploads/2025/02/Jardin-minimaliste-2-pascal-cribier-450x299.jpg 450w" sizes="auto, (max-width: 800px) 100vw, 800px" /></figure>
</div>
</div>
</div></div>

<div style="height:50px" aria-hidden="true" class="wp-block-spacer"></div>

<div class="wp-block-columns alignwide is-layout-flex wp-container-core-columns-is-layout-28f84493 wp-block-columns-is-layout-flex">
<div class="wp-block-column is-layout-flow wp-block-column-is-layout-flow" style="flex-basis:50%">
<figure class="wp-block-image size-full"><img loading="lazy" decoding="async" width="800" height="532" src="https://monumental-valois.com/wp-content/uploads/2025/02/Jardin-minimaliste-pascal-cribier.jpg" alt="Jard&#xED;n minimalista: un di&#xE1;logo entre naturaleza e historia" class="wp-image-762" srcset="https://monumental-valois.com/wp-content/uploads/2025/02/Jardin-minimaliste-pascal-cribier.jpg 800w, https://monumental-valois.com/wp-content/uploads/2025/02/Jardin-minimaliste-pascal-cribier-602x400.jpg 602w, https://monumental-valois.com/wp-content/uploads/2025/02/Jardin-minimaliste-pascal-cribier-768x511.jpg 768w, https://monumental-valois.com/wp-content/uploads/2025/02/Jardin-minimaliste-pascal-cribier-450x299.jpg 450w" sizes="auto, (max-width: 800px) 100vw, 800px" /></figure>
</div>



<div class="wp-block-column is-vertically-aligned-bottom is-layout-flow wp-block-column-is-layout-flow" style="flex-basis:50%">
<div class="wp-block-group is-style-largeur-max-370"><div class="wp-block-group__inner-container is-layout-constrained wp-block-group-is-layout-constrained">
<p class="is-style-sur-titre-page">Jardín minimalista: un diálogo entre naturaleza e historia</p>



<h2 class="wp-block-heading has-36-px-font-size">Agua, luz y simbolismo</h2>



<p>Un espejo de agua, colocado al pie de la capilla, refleja las ruinas de la vivienda fortificada y amplía la majestuosidad del lugar con un juego de luces y reflejos. Rodeado de un lecho de lirios azules, símbolo de la realeza francesa, ancla el jardín en una tradición histórica, al tiempo que ofrece una paleta que estalla con las estaciones: tulipanes negros y amarillos, ramos de lino e iris sibirica. </p>
</div></div>
</div>
</div>

<div style="height:50px" aria-hidden="true" class="wp-block-spacer"></div>

<div class="wp-block-cover alignwide"><span aria-hidden="true" class="wp-block-cover__background has-noir-background-color has-background-dim"></span><img loading="lazy" decoding="async" width="1260" height="839" class="wp-block-cover__image-background wp-image-446" alt="Pascal Cribier" src="https://monumental-valois.com/wp-content/uploads/2025/02/Pascal-Cribier-jardin-Sebastien-Soriano-Le-Figaro.jpg" style="object-position:43% 29%" data-object-fit="cover" data-object-position="43% 29%" srcset="https://monumental-valois.com/wp-content/uploads/2025/02/Pascal-Cribier-jardin-Sebastien-Soriano-Le-Figaro.jpg 1260w, https://monumental-valois.com/wp-content/uploads/2025/02/Pascal-Cribier-jardin-Sebastien-Soriano-Le-Figaro-601x400.jpg 601w, https://monumental-valois.com/wp-content/uploads/2025/02/Pascal-Cribier-jardin-Sebastien-Soriano-Le-Figaro-768x511.jpg 768w, https://monumental-valois.com/wp-content/uploads/2025/02/Pascal-Cribier-jardin-Sebastien-Soriano-Le-Figaro-450x300.jpg 450w, https://monumental-valois.com/wp-content/uploads/2025/02/Pascal-Cribier-jardin-Sebastien-Soriano-Le-Figaro-901x600.jpg 901w" sizes="auto, (max-width: 1260px) 100vw, 1260px" /><div class="wp-block-cover__inner-container is-layout-constrained wp-block-cover-is-layout-constrained">
<h3 class="wp-block-heading alignwide has-text-align-left has-64-px-font-size">Visita la página<br/>dedicada al artista</h3>



<div class="wp-block-buttons alignwide is-layout-flex wp-block-buttons-is-layout-flex">
<div class="wp-block-button"><a class="wp-block-button__link wp-element-button" href="https://monumental-valois.com/es/artiste/pascal-cribier/">Ver al artista</a></div>
</div>
</div></div>

<p>En 1989, el maestro paisajista de renombre internacional Pascal Cribier y Patrick Ecoutin diseñaron un jardín minimalista único para el [&hellip;]</p>
