{"id":1444,"date":"2025-02-19T10:05:58","date_gmt":"2025-02-19T09:05:58","guid":{"rendered":"https:\/\/monumental-valois.com\/oeuvre-monumentale\/sapho-armonia-entre-arte-y-naturaleza-por-bourdelle\/"},"modified":"2026-02-11T15:29:36","modified_gmt":"2026-02-11T14:29:36","slug":"sapho-armonia-entre-arte-y-naturaleza-por-bourdelle","status":"publish","type":"oeuvre","link":"https:\/\/monumental-valois.com\/es\/obra-monumental\/sapho-armonia-entre-arte-y-naturaleza-por-bourdelle\/","title":{"rendered":"Sapho: armon\u00eda entre arte y naturaleza por Bourdelle"},"content":{"rendered":"\n<div class=\"wp-block-columns alignwide is-style-espace-60-px is-layout-flex wp-container-core-columns-is-layout-28f84493 wp-block-columns-is-layout-flex\">\n<div class=\"wp-block-column is-layout-flow wp-block-column-is-layout-flow\" style=\"flex-basis:30%\"><div class=\"lazyblock-partager-la-page-Z1SDHFv wp-block-lazyblock-partager-la-page\"> <div class=\"partage-single\">\r\n                        <p>comparte esta p\u00e1gina<\/p>\r\n                        <div class=\"liens\">\r\n                            <a href=\"http:\/\/twitter.com\/share?url=https%3A%2F%2Fmonumental-valois.com%2Fes%2Fobra-monumental%2Fsapho-armonia-entre-arte-y-naturaleza-por-bourdelle%2F\" class=\"share-x\" target=\"_blank\" rel=\"nofollow\" title=\"Compartir en X\"><\/a>\r\n                            <a href=\"http:\/\/www.facebook.com\/sharer.php?u=https%3A%2F%2Fmonumental-valois.com%2Fes%2Fobra-monumental%2Fsapho-armonia-entre-arte-y-naturaleza-por-bourdelle%2F&#038;t=Sapho%3A+armon%C3%ADa+entre+arte+y+naturaleza+por+Bourdelle&#038;src=sp\" class=\"share-facebook\" target=\"_blank\" rel=\"nofollow\" title=\"Compartir en Facebook\">\r\n\r\n                            <\/a>\r\n\r\n\r\n                        <\/div>\r\n                    <\/div><\/div><\/div>\n\n\n\n<div class=\"wp-block-column is-layout-flow wp-block-column-is-layout-flow\" style=\"flex-basis:70%\">\n<p class=\"has-28-px-font-size\">Sapho, una obra extraordinaria de Antoine Bourdelle, est\u00e1 entronizada en el manzanar del Donjon de Vez. Este marco natural, concebido como un escaparate, magnifica la poes\u00eda de esta escultura, al tiempo que subraya el sutil di\u00e1logo entre arte y naturaleza. <\/p>\n<\/div>\n<\/div>\n\n<div class=\"wp-block-group alignfull is-style-fond-blanc-gris\"><div class=\"wp-block-group__inner-container is-layout-constrained wp-block-group-is-layout-constrained\">\n<div class=\"wp-block-columns alignwide are-vertically-aligned-bottom is-style-espace-60-px is-layout-flex wp-container-core-columns-is-layout-28f84493 wp-block-columns-is-layout-flex\">\n<div class=\"wp-block-column is-vertically-aligned-bottom is-layout-flow wp-block-column-is-layout-flow\" style=\"flex-basis:30%\">\n<p class=\"is-style-sur-titre-page\">Sapho: armon\u00eda entre arte y naturaleza por Bourdelle<\/p>\n\n\n\n<h2 class=\"wp-block-heading has-36-px-font-size\"><strong>Un tema retomado por Bourdelle<\/strong><\/h2>\n\n\n\n<p>Inspirado ya en 1887 por una joven italiana, Bourdelle dio a Sapho su forma definitiva en 1925. Presentada en la Exposition Internationale des Arts D\u00e9coratifs, la obra refleja la b\u00fasqueda de simplicidad y monumentalidad de Bourdelle, en reacci\u00f3n a la escultura considerada demasiado expresiva. <\/p>\n\n\n\n<h2 class=\"wp-block-heading has-36-px-font-size\"><strong>Una est\u00e9tica entre el arca\u00edsmo y la modernidad<\/strong><\/h2>\n\n\n\n<p>Una est\u00e9tica entre el arca\u00edsmo y la modernidad<br\/>Sentada en meditaci\u00f3n, Sapho sostiene una lira esquematizada de tintes cubistas. La geometrizaci\u00f3n de las formas, los pliegues angulosos de su vestido y la composici\u00f3n triangular confieren a la obra una fuerza intemporal, que oscila entre el arca\u00edsmo y la abstracci\u00f3n. <\/p>\n\n\n\n<h2 class=\"wp-block-heading has-36-px-font-size\"><strong>Monumentalismo en los a\u00f1os veinte<\/strong><\/h2>\n\n\n\n<p>Con Sapho, Bourdelle dio un car\u00e1cter monumental a una escena \u00edntima. Su estilo depurado y geom\u00e9trico ilustra la b\u00fasqueda de equilibrio caracter\u00edstica de los a\u00f1os veinte, combinando sobriedad y fuerza expresiva. <\/p>\n<\/div>\n\n\n\n<div class=\"wp-block-column is-vertically-aligned-bottom is-layout-flow wp-block-column-is-layout-flow\" style=\"flex-basis:70%\">\n<figure class=\"wp-block-image size-full\"><img loading=\"lazy\" decoding=\"async\" width=\"600\" height=\"800\" src=\"https:\/\/monumental-valois.com\/wp-content\/uploads\/2025\/02\/Sapho-antoine-bourdelle.jpg\" alt=\"Sapho: armon&#xED;a entre arte y naturaleza por Bourdelle\" class=\"wp-image-779\" srcset=\"https:\/\/monumental-valois.com\/wp-content\/uploads\/2025\/02\/Sapho-antoine-bourdelle.jpg 600w, https:\/\/monumental-valois.com\/wp-content\/uploads\/2025\/02\/Sapho-antoine-bourdelle-300x400.jpg 300w, https:\/\/monumental-valois.com\/wp-content\/uploads\/2025\/02\/Sapho-antoine-bourdelle-338x450.jpg 338w, https:\/\/monumental-valois.com\/wp-content\/uploads\/2025\/02\/Sapho-antoine-bourdelle-450x600.jpg 450w\" sizes=\"auto, (max-width: 600px) 100vw, 600px\" \/><\/figure>\n<\/div>\n<\/div>\n<\/div><\/div>\n\n<div style=\"height:50px\" aria-hidden=\"true\" class=\"wp-block-spacer\"><\/div>\n\n<div class=\"wp-block-cover alignwide\"><span aria-hidden=\"true\" class=\"wp-block-cover__background has-noir-background-color has-background-dim\"><\/span><img loading=\"lazy\" decoding=\"async\" width=\"1200\" height=\"1630\" class=\"wp-block-cover__image-background wp-image-347\" alt=\"\" src=\"https:\/\/monumental-valois.com\/wp-content\/uploads\/2025\/02\/Antoine_Bourdelle-\u00a9agence-de-presse-Meurisse.jpg\" style=\"object-position:43% 22%\" data-object-fit=\"cover\" data-object-position=\"43% 22%\" srcset=\"https:\/\/monumental-valois.com\/wp-content\/uploads\/2025\/02\/Antoine_Bourdelle-\u00a9agence-de-presse-Meurisse.jpg 1200w, https:\/\/monumental-valois.com\/wp-content\/uploads\/2025\/02\/Antoine_Bourdelle-\u00a9agence-de-presse-Meurisse-294x400.jpg 294w, https:\/\/monumental-valois.com\/wp-content\/uploads\/2025\/02\/Antoine_Bourdelle-\u00a9agence-de-presse-Meurisse-663x900.jpg 663w, https:\/\/monumental-valois.com\/wp-content\/uploads\/2025\/02\/Antoine_Bourdelle-\u00a9agence-de-presse-Meurisse-768x1043.jpg 768w, https:\/\/monumental-valois.com\/wp-content\/uploads\/2025\/02\/Antoine_Bourdelle-\u00a9agence-de-presse-Meurisse-1131x1536.jpg 1131w, https:\/\/monumental-valois.com\/wp-content\/uploads\/2025\/02\/Antoine_Bourdelle-\u00a9agence-de-presse-Meurisse-331x450.jpg 331w, https:\/\/monumental-valois.com\/wp-content\/uploads\/2025\/02\/Antoine_Bourdelle-\u00a9agence-de-presse-Meurisse-442x600.jpg 442w\" sizes=\"auto, (max-width: 1200px) 100vw, 1200px\" \/><div class=\"wp-block-cover__inner-container is-layout-constrained wp-block-cover-is-layout-constrained\">\n<h3 class=\"wp-block-heading alignwide has-text-align-left has-64-px-font-size\">Visita la p\u00e1gina<br\/>dedicada al artista<\/h3>\n\n\n\n<div class=\"wp-block-buttons alignwide is-layout-flex wp-block-buttons-is-layout-flex\">\n<div class=\"wp-block-button\"><a class=\"wp-block-button__link wp-element-button\" href=\"https:\/\/monumental-valois.com\/es\/artiste\/antoine-bourdelle\/\">Ver al artista<\/a><\/div>\n<\/div>\n<\/div><\/div>\n\n<p><\/p>\n","protected":false},"excerpt":{"rendered":"<p>Sapho, una obra extraordinaria de Antoine Bourdelle, est\u00e1 entronizada en el manzanar del Donjon de Vez. Este marco natural, concebido [&hellip;]<\/p>\n","protected":false},"featured_media":1445,"template":"","class_list":["post-1444","oeuvre","type-oeuvre","status-publish","has-post-thumbnail","hentry"],"_links":{"self":[{"href":"https:\/\/monumental-valois.com\/es\/wp-json\/wp\/v2\/oeuvre\/1444","targetHints":{"allow":["GET"]}}],"collection":[{"href":"https:\/\/monumental-valois.com\/es\/wp-json\/wp\/v2\/oeuvre"}],"about":[{"href":"https:\/\/monumental-valois.com\/es\/wp-json\/wp\/v2\/types\/oeuvre"}],"wp:featuredmedia":[{"embeddable":true,"href":"https:\/\/monumental-valois.com\/es\/wp-json\/wp\/v2\/media\/1445"}],"wp:attachment":[{"href":"https:\/\/monumental-valois.com\/es\/wp-json\/wp\/v2\/media?parent=1444"}],"curies":[{"name":"wp","href":"https:\/\/api.w.org\/{rel}","templated":true}]}}

Sapho: armonía entre arte y naturaleza por Bourdelle

<div class="wp-block-columns alignwide is-style-espace-60-px is-layout-flex wp-container-core-columns-is-layout-28f84493 wp-block-columns-is-layout-flex">
<div class="wp-block-column is-layout-flow wp-block-column-is-layout-flow" style="flex-basis:30%"><div class="lazyblock-partager-la-page-Z1SDHFv wp-block-lazyblock-partager-la-page"> <div class="partage-single">
                        <p>comparte esta página</p>
                        <div class="liens">
                            <a href="http://twitter.com/share?url=https%3A%2F%2Fmonumental-valois.com%2Fes%2Fobra-monumental%2Fsapho-armonia-entre-arte-y-naturaleza-por-bourdelle%2F" class="share-x" target="_blank" rel="nofollow" title="Compartir en X"></a>
                            <a href="http://www.facebook.com/sharer.php?u=https%3A%2F%2Fmonumental-valois.com%2Fes%2Fobra-monumental%2Fsapho-armonia-entre-arte-y-naturaleza-por-bourdelle%2F&#038;t=Sapho%3A+armon%C3%ADa+entre+arte+y+naturaleza+por+Bourdelle&#038;src=sp" class="share-facebook" target="_blank" rel="nofollow" title="Compartir en Facebook">

                            </a>


                        </div>
                    </div></div></div>



<div class="wp-block-column is-layout-flow wp-block-column-is-layout-flow" style="flex-basis:70%">
<p class="has-28-px-font-size">Sapho, una obra extraordinaria de Antoine Bourdelle, está entronizada en el manzanar del Donjon de Vez. Este marco natural, concebido como un escaparate, magnifica la poesía de esta escultura, al tiempo que subraya el sutil diálogo entre arte y naturaleza. </p>
</div>
</div>

<div class="wp-block-group alignfull is-style-fond-blanc-gris"><div class="wp-block-group__inner-container is-layout-constrained wp-block-group-is-layout-constrained">
<div class="wp-block-columns alignwide are-vertically-aligned-bottom is-style-espace-60-px is-layout-flex wp-container-core-columns-is-layout-28f84493 wp-block-columns-is-layout-flex">
<div class="wp-block-column is-vertically-aligned-bottom is-layout-flow wp-block-column-is-layout-flow" style="flex-basis:30%">
<p class="is-style-sur-titre-page">Sapho: armonía entre arte y naturaleza por Bourdelle</p>



<h2 class="wp-block-heading has-36-px-font-size"><strong>Un tema retomado por Bourdelle</strong></h2>



<p>Inspirado ya en 1887 por una joven italiana, Bourdelle dio a Sapho su forma definitiva en 1925. Presentada en la Exposition Internationale des Arts Décoratifs, la obra refleja la búsqueda de simplicidad y monumentalidad de Bourdelle, en reacción a la escultura considerada demasiado expresiva. </p>



<h2 class="wp-block-heading has-36-px-font-size"><strong>Una estética entre el arcaísmo y la modernidad</strong></h2>



<p>Una estética entre el arcaísmo y la modernidad<br/>Sentada en meditación, Sapho sostiene una lira esquematizada de tintes cubistas. La geometrización de las formas, los pliegues angulosos de su vestido y la composición triangular confieren a la obra una fuerza intemporal, que oscila entre el arcaísmo y la abstracción. </p>



<h2 class="wp-block-heading has-36-px-font-size"><strong>Monumentalismo en los años veinte</strong></h2>



<p>Con Sapho, Bourdelle dio un carácter monumental a una escena íntima. Su estilo depurado y geométrico ilustra la búsqueda de equilibrio característica de los años veinte, combinando sobriedad y fuerza expresiva. </p>
</div>



<div class="wp-block-column is-vertically-aligned-bottom is-layout-flow wp-block-column-is-layout-flow" style="flex-basis:70%">
<figure class="wp-block-image size-full"><img loading="lazy" decoding="async" width="600" height="800" src="https://monumental-valois.com/wp-content/uploads/2025/02/Sapho-antoine-bourdelle.jpg" alt="Sapho: armon&#xED;a entre arte y naturaleza por Bourdelle" class="wp-image-779" srcset="https://monumental-valois.com/wp-content/uploads/2025/02/Sapho-antoine-bourdelle.jpg 600w, https://monumental-valois.com/wp-content/uploads/2025/02/Sapho-antoine-bourdelle-300x400.jpg 300w, https://monumental-valois.com/wp-content/uploads/2025/02/Sapho-antoine-bourdelle-338x450.jpg 338w, https://monumental-valois.com/wp-content/uploads/2025/02/Sapho-antoine-bourdelle-450x600.jpg 450w" sizes="auto, (max-width: 600px) 100vw, 600px" /></figure>
</div>
</div>
</div></div>

<div style="height:50px" aria-hidden="true" class="wp-block-spacer"></div>

<div class="wp-block-cover alignwide"><span aria-hidden="true" class="wp-block-cover__background has-noir-background-color has-background-dim"></span><img loading="lazy" decoding="async" width="1200" height="1630" class="wp-block-cover__image-background wp-image-347" alt="" src="https://monumental-valois.com/wp-content/uploads/2025/02/Antoine_Bourdelle-©agence-de-presse-Meurisse.jpg" style="object-position:43% 22%" data-object-fit="cover" data-object-position="43% 22%" srcset="https://monumental-valois.com/wp-content/uploads/2025/02/Antoine_Bourdelle-©agence-de-presse-Meurisse.jpg 1200w, https://monumental-valois.com/wp-content/uploads/2025/02/Antoine_Bourdelle-©agence-de-presse-Meurisse-294x400.jpg 294w, https://monumental-valois.com/wp-content/uploads/2025/02/Antoine_Bourdelle-©agence-de-presse-Meurisse-663x900.jpg 663w, https://monumental-valois.com/wp-content/uploads/2025/02/Antoine_Bourdelle-©agence-de-presse-Meurisse-768x1043.jpg 768w, https://monumental-valois.com/wp-content/uploads/2025/02/Antoine_Bourdelle-©agence-de-presse-Meurisse-1131x1536.jpg 1131w, https://monumental-valois.com/wp-content/uploads/2025/02/Antoine_Bourdelle-©agence-de-presse-Meurisse-331x450.jpg 331w, https://monumental-valois.com/wp-content/uploads/2025/02/Antoine_Bourdelle-©agence-de-presse-Meurisse-442x600.jpg 442w" sizes="auto, (max-width: 1200px) 100vw, 1200px" /><div class="wp-block-cover__inner-container is-layout-constrained wp-block-cover-is-layout-constrained">
<h3 class="wp-block-heading alignwide has-text-align-left has-64-px-font-size">Visita la página<br/>dedicada al artista</h3>



<div class="wp-block-buttons alignwide is-layout-flex wp-block-buttons-is-layout-flex">
<div class="wp-block-button"><a class="wp-block-button__link wp-element-button" href="https://monumental-valois.com/es/artiste/antoine-bourdelle/">Ver al artista</a></div>
</div>
</div></div>

<p></p>

<p>Sapho, una obra extraordinaria de Antoine Bourdelle, está entronizada en el manzanar del Donjon de Vez. Este marco natural, concebido [&hellip;]</p>
