{"id":1450,"date":"2025-02-19T17:56:19","date_gmt":"2025-02-19T16:56:19","guid":{"rendered":"https:\/\/monumental-valois.com\/oeuvre-monumentale\/la-olla-de-oro-de-jean-pierre-raynaud-el-brillo-del-arte-contemporaneo\/"},"modified":"2026-02-11T15:29:44","modified_gmt":"2026-02-11T14:29:44","slug":"la-olla-de-oro-de-jean-pierre-raynaud-el-brillo-del-arte-contemporaneo","status":"publish","type":"oeuvre","link":"https:\/\/monumental-valois.com\/es\/obra-monumental\/la-olla-de-oro-de-jean-pierre-raynaud-el-brillo-del-arte-contemporaneo\/","title":{"rendered":"La olla de oro de Jean-Pierre Raynaud: el brillo del arte contempor\u00e1neo"},"content":{"rendered":"\n<div class=\"wp-block-columns alignwide is-style-espace-60-px is-layout-flex wp-container-core-columns-is-layout-28f84493 wp-block-columns-is-layout-flex\">\n<div class=\"wp-block-column is-layout-flow wp-block-column-is-layout-flow\" style=\"flex-basis:30%\"><div class=\"lazyblock-partager-la-page-Z1SDHFv wp-block-lazyblock-partager-la-page\"> <div class=\"partage-single\">\r\n                        <p>comparte esta p\u00e1gina<\/p>\r\n                        <div class=\"liens\">\r\n                            <a href=\"http:\/\/twitter.com\/share?url=https%3A%2F%2Fmonumental-valois.com%2Fes%2Fobra-monumental%2Fla-olla-de-oro-de-jean-pierre-raynaud-el-brillo-del-arte-contemporaneo%2F\" class=\"share-x\" target=\"_blank\" rel=\"nofollow\" title=\"Compartir en X\"><\/a>\r\n                            <a href=\"http:\/\/www.facebook.com\/sharer.php?u=https%3A%2F%2Fmonumental-valois.com%2Fes%2Fobra-monumental%2Fla-olla-de-oro-de-jean-pierre-raynaud-el-brillo-del-arte-contemporaneo%2F&#038;t=La+olla+de+oro+de+Jean-Pierre+Raynaud%3A+el+brillo+del+arte+contempor%C3%A1neo&#038;src=sp\" class=\"share-facebook\" target=\"_blank\" rel=\"nofollow\" title=\"Compartir en Facebook\">\r\n\r\n                            <\/a>\r\n\r\n\r\n                        <\/div>\r\n                    <\/div><\/div><\/div>\n\n\n\n<div class=\"wp-block-column is-layout-flow wp-block-column-is-layout-flow\" style=\"flex-basis:70%\">\n<p class=\"has-28-px-font-size\">En el patio principal del Donjon de Vez, detr\u00e1s de la capilla, un espejo de agua dise\u00f1ado por el paisajista Pascal Cribier sublima las ruinas de la antigua vivienda fortificada. Este marco po\u00e9tico y luminoso constituye el tel\u00f3n de fondo perfecto para una de las obras m\u00e1s emblem\u00e1ticas de Jean-Pierre Raynaud: la Olla de Oro. <\/p>\n<\/div>\n<\/div>\n\n<div class=\"wp-block-group alignfull is-style-fond-blanc-gris\"><div class=\"wp-block-group__inner-container is-layout-constrained wp-block-group-is-layout-constrained\">\n<div class=\"wp-block-columns alignwide are-vertically-aligned-bottom is-style-espace-60-px is-layout-flex wp-container-core-columns-is-layout-28f84493 wp-block-columns-is-layout-flex\">\n<div class=\"wp-block-column is-vertically-aligned-bottom is-layout-flow wp-block-column-is-layout-flow\" style=\"flex-basis:30%\">\n<p class=\"is-style-sur-titre-page\">La olla de oro de Jean-Pierre Raynaud: el brillo del arte contempor\u00e1neo<\/p>\n\n\n\n<h2 class=\"wp-block-heading has-36-px-font-size\"><strong>Una escultura monumental<\/strong><\/h2>\n\n\n\n<p>Creada por Jean-Pierre Raynaud, artista nacido en 1939 y famoso por sus obras que combinan minimalismo y simbolismo, la Olla de Oro es una escultura monumental recubierta de pan de oro de 23,5 quilates. Realizada en poli\u00e9ster laminado y acero tratado, esta obra expresa a la vez sencillez formal e impactante poder visual. <\/p>\n\n\n\n<h2 class=\"wp-block-heading has-36-px-font-size\"><strong>Influencia internacional<\/strong><\/h2>\n\n\n\n<p>Le Pot Or fue encargada originalmente en 1985 por la Fundaci\u00f3n Cartier, convirti\u00e9ndose en una de las piezas m\u00e1s famosas del artista. Expuesta en Jouy-en-Josas, luego en Berl\u00edn y Pek\u00edn, y finalmente en la terraza del Centro Georges Pompidou de Par\u00eds, esta escultura monumental mide 3,5 metros de altura y hasta 3,92 metros de di\u00e1metro en la parte superior. <\/p>\n<\/div>\n\n\n\n<div class=\"wp-block-column is-vertically-aligned-bottom is-layout-flow wp-block-column-is-layout-flow\" style=\"flex-basis:70%\">\n<figure class=\"wp-block-image size-full\"><img loading=\"lazy\" decoding=\"async\" width=\"600\" height=\"900\" src=\"https:\/\/monumental-valois.com\/wp-content\/uploads\/2025\/02\/Pot-or-jean-pierre-raynaud.jpg\" alt=\"La olla de oro de Jean-Pierre Raynaud: el brillo del arte contempor&#xE1;neo\" class=\"wp-image-753\" srcset=\"https:\/\/monumental-valois.com\/wp-content\/uploads\/2025\/02\/Pot-or-jean-pierre-raynaud.jpg 600w, https:\/\/monumental-valois.com\/wp-content\/uploads\/2025\/02\/Pot-or-jean-pierre-raynaud-267x400.jpg 267w, https:\/\/monumental-valois.com\/wp-content\/uploads\/2025\/02\/Pot-or-jean-pierre-raynaud-300x450.jpg 300w, https:\/\/monumental-valois.com\/wp-content\/uploads\/2025\/02\/Pot-or-jean-pierre-raynaud-400x600.jpg 400w\" sizes=\"auto, (max-width: 600px) 100vw, 600px\" \/><\/figure>\n<\/div>\n<\/div>\n<\/div><\/div>\n\n<div style=\"height:50px\" aria-hidden=\"true\" class=\"wp-block-spacer\"><\/div>\n\n<div class=\"wp-block-cover alignwide\"><span aria-hidden=\"true\" class=\"wp-block-cover__background has-noir-background-color has-background-dim\"><\/span><img loading=\"lazy\" decoding=\"async\" width=\"900\" height=\"1306\" class=\"wp-block-cover__image-background wp-image-453\" alt=\"Jean-Pierre Raynaud : artiste entre symboles et espaces\" src=\"https:\/\/monumental-valois.com\/wp-content\/uploads\/2025\/02\/Jean-Pierre-Raynaud.jpg\" style=\"object-position:28% 28%\" data-object-fit=\"cover\" data-object-position=\"28% 28%\" srcset=\"https:\/\/monumental-valois.com\/wp-content\/uploads\/2025\/02\/Jean-Pierre-Raynaud.jpg 900w, https:\/\/monumental-valois.com\/wp-content\/uploads\/2025\/02\/Jean-Pierre-Raynaud-276x400.jpg 276w, https:\/\/monumental-valois.com\/wp-content\/uploads\/2025\/02\/Jean-Pierre-Raynaud-620x900.jpg 620w, https:\/\/monumental-valois.com\/wp-content\/uploads\/2025\/02\/Jean-Pierre-Raynaud-768x1114.jpg 768w, https:\/\/monumental-valois.com\/wp-content\/uploads\/2025\/02\/Jean-Pierre-Raynaud-310x450.jpg 310w, https:\/\/monumental-valois.com\/wp-content\/uploads\/2025\/02\/Jean-Pierre-Raynaud-413x600.jpg 413w\" sizes=\"auto, (max-width: 900px) 100vw, 900px\" \/><div class=\"wp-block-cover__inner-container is-layout-constrained wp-block-cover-is-layout-constrained\">\n<h3 class=\"wp-block-heading alignwide has-text-align-left has-64-px-font-size\">Visita la p\u00e1gina<br\/>dedicada al artista<\/h3>\n\n\n\n<div class=\"wp-block-buttons alignwide is-layout-flex wp-block-buttons-is-layout-flex\">\n<div class=\"wp-block-button\"><a class=\"wp-block-button__link wp-element-button\" href=\"https:\/\/monumental-valois.com\/es\/artiste\/jean-pierre-raynaud\/\">Ver al artista<\/a><\/div>\n<\/div>\n<\/div><\/div>\n\n<p><\/p>\n","protected":false},"excerpt":{"rendered":"<p>En el patio principal del Donjon de Vez, detr\u00e1s de la capilla, un espejo de agua dise\u00f1ado por el paisajista [&hellip;]<\/p>\n","protected":false},"featured_media":1451,"template":"","class_list":["post-1450","oeuvre","type-oeuvre","status-publish","has-post-thumbnail","hentry"],"_links":{"self":[{"href":"https:\/\/monumental-valois.com\/es\/wp-json\/wp\/v2\/oeuvre\/1450","targetHints":{"allow":["GET"]}}],"collection":[{"href":"https:\/\/monumental-valois.com\/es\/wp-json\/wp\/v2\/oeuvre"}],"about":[{"href":"https:\/\/monumental-valois.com\/es\/wp-json\/wp\/v2\/types\/oeuvre"}],"wp:featuredmedia":[{"embeddable":true,"href":"https:\/\/monumental-valois.com\/es\/wp-json\/wp\/v2\/media\/1451"}],"wp:attachment":[{"href":"https:\/\/monumental-valois.com\/es\/wp-json\/wp\/v2\/media?parent=1450"}],"curies":[{"name":"wp","href":"https:\/\/api.w.org\/{rel}","templated":true}]}}

La olla de oro de Jean-Pierre Raynaud: el brillo del arte contemporáneo

<div class="wp-block-columns alignwide is-style-espace-60-px is-layout-flex wp-container-core-columns-is-layout-28f84493 wp-block-columns-is-layout-flex">
<div class="wp-block-column is-layout-flow wp-block-column-is-layout-flow" style="flex-basis:30%"><div class="lazyblock-partager-la-page-Z1SDHFv wp-block-lazyblock-partager-la-page"> <div class="partage-single">
                        <p>comparte esta página</p>
                        <div class="liens">
                            <a href="http://twitter.com/share?url=https%3A%2F%2Fmonumental-valois.com%2Fes%2Fobra-monumental%2Fla-olla-de-oro-de-jean-pierre-raynaud-el-brillo-del-arte-contemporaneo%2F" class="share-x" target="_blank" rel="nofollow" title="Compartir en X"></a>
                            <a href="http://www.facebook.com/sharer.php?u=https%3A%2F%2Fmonumental-valois.com%2Fes%2Fobra-monumental%2Fla-olla-de-oro-de-jean-pierre-raynaud-el-brillo-del-arte-contemporaneo%2F&#038;t=La+olla+de+oro+de+Jean-Pierre+Raynaud%3A+el+brillo+del+arte+contempor%C3%A1neo&#038;src=sp" class="share-facebook" target="_blank" rel="nofollow" title="Compartir en Facebook">

                            </a>


                        </div>
                    </div></div></div>



<div class="wp-block-column is-layout-flow wp-block-column-is-layout-flow" style="flex-basis:70%">
<p class="has-28-px-font-size">En el patio principal del Donjon de Vez, detrás de la capilla, un espejo de agua diseñado por el paisajista Pascal Cribier sublima las ruinas de la antigua vivienda fortificada. Este marco poético y luminoso constituye el telón de fondo perfecto para una de las obras más emblemáticas de Jean-Pierre Raynaud: la Olla de Oro. </p>
</div>
</div>

<div class="wp-block-group alignfull is-style-fond-blanc-gris"><div class="wp-block-group__inner-container is-layout-constrained wp-block-group-is-layout-constrained">
<div class="wp-block-columns alignwide are-vertically-aligned-bottom is-style-espace-60-px is-layout-flex wp-container-core-columns-is-layout-28f84493 wp-block-columns-is-layout-flex">
<div class="wp-block-column is-vertically-aligned-bottom is-layout-flow wp-block-column-is-layout-flow" style="flex-basis:30%">
<p class="is-style-sur-titre-page">La olla de oro de Jean-Pierre Raynaud: el brillo del arte contemporáneo</p>



<h2 class="wp-block-heading has-36-px-font-size"><strong>Una escultura monumental</strong></h2>



<p>Creada por Jean-Pierre Raynaud, artista nacido en 1939 y famoso por sus obras que combinan minimalismo y simbolismo, la Olla de Oro es una escultura monumental recubierta de pan de oro de 23,5 quilates. Realizada en poliéster laminado y acero tratado, esta obra expresa a la vez sencillez formal e impactante poder visual. </p>



<h2 class="wp-block-heading has-36-px-font-size"><strong>Influencia internacional</strong></h2>



<p>Le Pot Or fue encargada originalmente en 1985 por la Fundación Cartier, convirtiéndose en una de las piezas más famosas del artista. Expuesta en Jouy-en-Josas, luego en Berlín y Pekín, y finalmente en la terraza del Centro Georges Pompidou de París, esta escultura monumental mide 3,5 metros de altura y hasta 3,92 metros de diámetro en la parte superior. </p>
</div>



<div class="wp-block-column is-vertically-aligned-bottom is-layout-flow wp-block-column-is-layout-flow" style="flex-basis:70%">
<figure class="wp-block-image size-full"><img loading="lazy" decoding="async" width="600" height="900" src="https://monumental-valois.com/wp-content/uploads/2025/02/Pot-or-jean-pierre-raynaud.jpg" alt="La olla de oro de Jean-Pierre Raynaud: el brillo del arte contempor&#xE1;neo" class="wp-image-753" srcset="https://monumental-valois.com/wp-content/uploads/2025/02/Pot-or-jean-pierre-raynaud.jpg 600w, https://monumental-valois.com/wp-content/uploads/2025/02/Pot-or-jean-pierre-raynaud-267x400.jpg 267w, https://monumental-valois.com/wp-content/uploads/2025/02/Pot-or-jean-pierre-raynaud-300x450.jpg 300w, https://monumental-valois.com/wp-content/uploads/2025/02/Pot-or-jean-pierre-raynaud-400x600.jpg 400w" sizes="auto, (max-width: 600px) 100vw, 600px" /></figure>
</div>
</div>
</div></div>

<div style="height:50px" aria-hidden="true" class="wp-block-spacer"></div>

<div class="wp-block-cover alignwide"><span aria-hidden="true" class="wp-block-cover__background has-noir-background-color has-background-dim"></span><img loading="lazy" decoding="async" width="900" height="1306" class="wp-block-cover__image-background wp-image-453" alt="Jean-Pierre Raynaud : artiste entre symboles et espaces" src="https://monumental-valois.com/wp-content/uploads/2025/02/Jean-Pierre-Raynaud.jpg" style="object-position:28% 28%" data-object-fit="cover" data-object-position="28% 28%" srcset="https://monumental-valois.com/wp-content/uploads/2025/02/Jean-Pierre-Raynaud.jpg 900w, https://monumental-valois.com/wp-content/uploads/2025/02/Jean-Pierre-Raynaud-276x400.jpg 276w, https://monumental-valois.com/wp-content/uploads/2025/02/Jean-Pierre-Raynaud-620x900.jpg 620w, https://monumental-valois.com/wp-content/uploads/2025/02/Jean-Pierre-Raynaud-768x1114.jpg 768w, https://monumental-valois.com/wp-content/uploads/2025/02/Jean-Pierre-Raynaud-310x450.jpg 310w, https://monumental-valois.com/wp-content/uploads/2025/02/Jean-Pierre-Raynaud-413x600.jpg 413w" sizes="auto, (max-width: 900px) 100vw, 900px" /><div class="wp-block-cover__inner-container is-layout-constrained wp-block-cover-is-layout-constrained">
<h3 class="wp-block-heading alignwide has-text-align-left has-64-px-font-size">Visita la página<br/>dedicada al artista</h3>



<div class="wp-block-buttons alignwide is-layout-flex wp-block-buttons-is-layout-flex">
<div class="wp-block-button"><a class="wp-block-button__link wp-element-button" href="https://monumental-valois.com/es/artiste/jean-pierre-raynaud/">Ver al artista</a></div>
</div>
</div></div>

<p></p>

<p>En el patio principal del Donjon de Vez, detrás de la capilla, un espejo de agua diseñado por el paisajista [&hellip;]</p>
