{"id":1453,"date":"2025-02-19T18:08:01","date_gmt":"2025-02-19T17:08:01","guid":{"rendered":"https:\/\/monumental-valois.com\/oeuvre-monumentale\/estructura-una-obra-en-hierro-de-eiffel\/"},"modified":"2026-02-11T15:29:43","modified_gmt":"2026-02-11T14:29:43","slug":"estructura-una-obra-en-hierro-de-eiffel","status":"publish","type":"oeuvre","link":"https:\/\/monumental-valois.com\/es\/obra-monumental\/estructura-una-obra-en-hierro-de-eiffel\/","title":{"rendered":"Estructura: una obra en hierro de Eiffel"},"content":{"rendered":"\n<div class=\"wp-block-columns alignwide is-style-espace-60-px is-layout-flex wp-container-core-columns-is-layout-28f84493 wp-block-columns-is-layout-flex\">\n<div class=\"wp-block-column is-layout-flow wp-block-column-is-layout-flow\" style=\"flex-basis:30%\"><div class=\"lazyblock-partager-la-page-Z1SDHFv wp-block-lazyblock-partager-la-page\"> <div class=\"partage-single\">\r\n                        <p>comparte esta p\u00e1gina<\/p>\r\n                        <div class=\"liens\">\r\n                            <a href=\"http:\/\/twitter.com\/share?url=https%3A%2F%2Fmonumental-valois.com%2Fes%2Fobra-monumental%2Festructura-una-obra-en-hierro-de-eiffel%2F\" class=\"share-x\" target=\"_blank\" rel=\"nofollow\" title=\"Compartir en X\"><\/a>\r\n                            <a href=\"http:\/\/www.facebook.com\/sharer.php?u=https%3A%2F%2Fmonumental-valois.com%2Fes%2Fobra-monumental%2Festructura-una-obra-en-hierro-de-eiffel%2F&#038;t=Estructura%3A+una+obra+en+hierro+de+Eiffel&#038;src=sp\" class=\"share-facebook\" target=\"_blank\" rel=\"nofollow\" title=\"Compartir en Facebook\">\r\n\r\n                            <\/a>\r\n\r\n\r\n                        <\/div>\r\n                    <\/div><\/div><\/div>\n\n\n\n<div class=\"wp-block-column is-layout-flow wp-block-column-is-layout-flow\" style=\"flex-basis:70%\">\n<p class=\"has-28-px-font-size\">La Sala Eiffel del Donjon de Vez es un testimonio \u00fanico del talento de Gustave Eiffel, el famoso ingeniero franc\u00e9s que dise\u00f1\u00f3 la Torre Eiffel. Aqu\u00ed, su genio se expresa en un notable armaz\u00f3n de hierro, dise\u00f1ado en forma de armaz\u00f3n con forma de tonel. Esta obra maestra de la arquitectura, a la vez funcional y est\u00e9tica, ilustra la revolucionaria contribuci\u00f3n de Eiffel a la ingenier\u00eda civil del siglo XIX.  <\/p>\n<\/div>\n<\/div>\n\n<div class=\"wp-block-group alignfull is-style-fond-blanc-gris\"><div class=\"wp-block-group__inner-container is-layout-constrained wp-block-group-is-layout-constrained\">\n<div class=\"wp-block-columns alignwide are-vertically-aligned-bottom is-style-espace-60-px is-layout-flex wp-container-core-columns-is-layout-28f84493 wp-block-columns-is-layout-flex\">\n<div class=\"wp-block-column is-vertically-aligned-bottom is-layout-flow wp-block-column-is-layout-flow\" style=\"flex-basis:30%\">\n<p class=\"is-style-sur-titre-page\">Estructura: una obra en hierro de Eiffel<\/p>\n\n\n\n<h2 class=\"wp-block-heading has-36-px-font-size\"><strong>L\u00e9on Dru, restaurador y mecenas<\/strong><\/h2>\n\n\n\n<p>La creaci\u00f3n de esta sala form\u00f3 parte de las obras emprendidas por L\u00e9on Dru, c\u00e9lebre industrial y antiguo propietario de la finca. Deseoso de restaurar el car\u00e1cter feudal del torre\u00f3n, se rode\u00f3 de los mejores talentos de su \u00e9poca, entre ellos Gustave Eiffel. Adem\u00e1s de sus esfuerzos por preservar el patrimonio de la finca, L\u00e9on Dru se distingui\u00f3 como mecenas de las artes, contribuyendo a enriquecer las colecciones nacionales.  <\/p>\n\n\n\n<h2 class=\"wp-block-heading has-36-px-font-size\"><strong>Lo viejo se encuentra con lo nuevo<\/strong><\/h2>\n\n\n\n<p>La Salle Eiffel ilustra a la perfecci\u00f3n el encuentro entre tradici\u00f3n y modernidad, simbolizando la audaz uni\u00f3n entre el patrimonio medieval y los avances industriales de la \u00e9poca. Encarna el esp\u00edritu innovador de Gustave Eiffel y el compromiso de L\u00e9on Dru con la conservaci\u00f3n y valorizaci\u00f3n de los monumentos hist\u00f3ricos. <\/p>\n<\/div>\n\n\n\n<div class=\"wp-block-column is-vertically-aligned-bottom is-layout-flow wp-block-column-is-layout-flow\" style=\"flex-basis:70%\">\n<figure class=\"wp-block-image size-large\"><img loading=\"lazy\" decoding=\"async\" width=\"599\" height=\"900\" src=\"https:\/\/monumental-valois.com\/wp-content\/uploads\/2025\/02\/Salle-Eiffel-charpente-599x900.jpg\" alt=\"Estructura: una obra en hierro de Eiffel\" class=\"wp-image-735\" srcset=\"https:\/\/monumental-valois.com\/wp-content\/uploads\/2025\/02\/Salle-Eiffel-charpente-599x900.jpg 599w, https:\/\/monumental-valois.com\/wp-content\/uploads\/2025\/02\/Salle-Eiffel-charpente-266x400.jpg 266w, https:\/\/monumental-valois.com\/wp-content\/uploads\/2025\/02\/Salle-Eiffel-charpente-299x450.jpg 299w, https:\/\/monumental-valois.com\/wp-content\/uploads\/2025\/02\/Salle-Eiffel-charpente-399x600.jpg 399w, https:\/\/monumental-valois.com\/wp-content\/uploads\/2025\/02\/Salle-Eiffel-charpente.jpg 681w\" sizes=\"auto, (max-width: 599px) 100vw, 599px\" \/><\/figure>\n<\/div>\n<\/div>\n<\/div><\/div>\n\n<div style=\"height:50px\" aria-hidden=\"true\" class=\"wp-block-spacer\"><\/div>\n\n<div class=\"wp-block-cover alignwide\"><span aria-hidden=\"true\" class=\"wp-block-cover__background has-noir-background-color has-background-dim\"><\/span><img loading=\"lazy\" decoding=\"async\" width=\"1200\" height=\"680\" class=\"wp-block-cover__image-background wp-image-466\" alt=\"Gustave Eiffel, b\u00e2tisseur de l'impossible\" src=\"https:\/\/monumental-valois.com\/wp-content\/uploads\/2025\/02\/Gustave-Eiffel.jpg\" style=\"object-position:50% 9%\" data-object-fit=\"cover\" data-object-position=\"50% 9%\" srcset=\"https:\/\/monumental-valois.com\/wp-content\/uploads\/2025\/02\/Gustave-Eiffel.jpg 1200w, https:\/\/monumental-valois.com\/wp-content\/uploads\/2025\/02\/Gustave-Eiffel-706x400.jpg 706w, https:\/\/monumental-valois.com\/wp-content\/uploads\/2025\/02\/Gustave-Eiffel-768x435.jpg 768w, https:\/\/monumental-valois.com\/wp-content\/uploads\/2025\/02\/Gustave-Eiffel-450x255.jpg 450w, https:\/\/monumental-valois.com\/wp-content\/uploads\/2025\/02\/Gustave-Eiffel-1059x600.jpg 1059w\" sizes=\"auto, (max-width: 1200px) 100vw, 1200px\" \/><div class=\"wp-block-cover__inner-container is-layout-constrained wp-block-cover-is-layout-constrained\">\n<h3 class=\"wp-block-heading alignwide has-text-align-left has-64-px-font-size\">Visita la p\u00e1gina<br\/>dedicada al artista<\/h3>\n\n\n\n<div class=\"wp-block-buttons alignwide is-layout-flex wp-block-buttons-is-layout-flex\">\n<div class=\"wp-block-button\"><a class=\"wp-block-button__link wp-element-button\" href=\"https:\/\/monumental-valois.com\/es\/artiste\/gustave-eiffel\/\">Ver al artista<\/a><\/div>\n<\/div>\n<\/div><\/div>\n\n<p><\/p>\n","protected":false},"excerpt":{"rendered":"<p>La Sala Eiffel del Donjon de Vez es un testimonio \u00fanico del talento de Gustave Eiffel, el famoso ingeniero franc\u00e9s [&hellip;]<\/p>\n","protected":false},"featured_media":1454,"template":"","class_list":["post-1453","oeuvre","type-oeuvre","status-publish","has-post-thumbnail","hentry"],"_links":{"self":[{"href":"https:\/\/monumental-valois.com\/es\/wp-json\/wp\/v2\/oeuvre\/1453","targetHints":{"allow":["GET"]}}],"collection":[{"href":"https:\/\/monumental-valois.com\/es\/wp-json\/wp\/v2\/oeuvre"}],"about":[{"href":"https:\/\/monumental-valois.com\/es\/wp-json\/wp\/v2\/types\/oeuvre"}],"wp:featuredmedia":[{"embeddable":true,"href":"https:\/\/monumental-valois.com\/es\/wp-json\/wp\/v2\/media\/1454"}],"wp:attachment":[{"href":"https:\/\/monumental-valois.com\/es\/wp-json\/wp\/v2\/media?parent=1453"}],"curies":[{"name":"wp","href":"https:\/\/api.w.org\/{rel}","templated":true}]}}

<div class="wp-block-columns alignwide is-style-espace-60-px is-layout-flex wp-container-core-columns-is-layout-28f84493 wp-block-columns-is-layout-flex">
<div class="wp-block-column is-layout-flow wp-block-column-is-layout-flow" style="flex-basis:30%"><div class="lazyblock-partager-la-page-Z1SDHFv wp-block-lazyblock-partager-la-page"> <div class="partage-single">
                        <p>comparte esta página</p>
                        <div class="liens">
                            <a href="http://twitter.com/share?url=https%3A%2F%2Fmonumental-valois.com%2Fes%2Fobra-monumental%2Festructura-una-obra-en-hierro-de-eiffel%2F" class="share-x" target="_blank" rel="nofollow" title="Compartir en X"></a>
                            <a href="http://www.facebook.com/sharer.php?u=https%3A%2F%2Fmonumental-valois.com%2Fes%2Fobra-monumental%2Festructura-una-obra-en-hierro-de-eiffel%2F&#038;t=Estructura%3A+una+obra+en+hierro+de+Eiffel&#038;src=sp" class="share-facebook" target="_blank" rel="nofollow" title="Compartir en Facebook">

                            </a>


                        </div>
                    </div></div></div>



<div class="wp-block-column is-layout-flow wp-block-column-is-layout-flow" style="flex-basis:70%">
<p class="has-28-px-font-size">La Sala Eiffel del Donjon de Vez es un testimonio único del talento de Gustave Eiffel, el famoso ingeniero francés que diseñó la Torre Eiffel. Aquí, su genio se expresa en un notable armazón de hierro, diseñado en forma de armazón con forma de tonel. Esta obra maestra de la arquitectura, a la vez funcional y estética, ilustra la revolucionaria contribución de Eiffel a la ingeniería civil del siglo XIX.  </p>
</div>
</div>

<div class="wp-block-group alignfull is-style-fond-blanc-gris"><div class="wp-block-group__inner-container is-layout-constrained wp-block-group-is-layout-constrained">
<div class="wp-block-columns alignwide are-vertically-aligned-bottom is-style-espace-60-px is-layout-flex wp-container-core-columns-is-layout-28f84493 wp-block-columns-is-layout-flex">
<div class="wp-block-column is-vertically-aligned-bottom is-layout-flow wp-block-column-is-layout-flow" style="flex-basis:30%">
<p class="is-style-sur-titre-page">Estructura: una obra en hierro de Eiffel</p>



<h2 class="wp-block-heading has-36-px-font-size"><strong>Léon Dru, restaurador y mecenas</strong></h2>



<p>La creación de esta sala formó parte de las obras emprendidas por Léon Dru, célebre industrial y antiguo propietario de la finca. Deseoso de restaurar el carácter feudal del torreón, se rodeó de los mejores talentos de su época, entre ellos Gustave Eiffel. Además de sus esfuerzos por preservar el patrimonio de la finca, Léon Dru se distinguió como mecenas de las artes, contribuyendo a enriquecer las colecciones nacionales.  </p>



<h2 class="wp-block-heading has-36-px-font-size"><strong>Lo viejo se encuentra con lo nuevo</strong></h2>



<p>La Salle Eiffel ilustra a la perfección el encuentro entre tradición y modernidad, simbolizando la audaz unión entre el patrimonio medieval y los avances industriales de la época. Encarna el espíritu innovador de Gustave Eiffel y el compromiso de Léon Dru con la conservación y valorización de los monumentos históricos. </p>
</div>



<div class="wp-block-column is-vertically-aligned-bottom is-layout-flow wp-block-column-is-layout-flow" style="flex-basis:70%">
<figure class="wp-block-image size-large"><img loading="lazy" decoding="async" width="599" height="900" src="https://monumental-valois.com/wp-content/uploads/2025/02/Salle-Eiffel-charpente-599x900.jpg" alt="Estructura: una obra en hierro de Eiffel" class="wp-image-735" srcset="https://monumental-valois.com/wp-content/uploads/2025/02/Salle-Eiffel-charpente-599x900.jpg 599w, https://monumental-valois.com/wp-content/uploads/2025/02/Salle-Eiffel-charpente-266x400.jpg 266w, https://monumental-valois.com/wp-content/uploads/2025/02/Salle-Eiffel-charpente-299x450.jpg 299w, https://monumental-valois.com/wp-content/uploads/2025/02/Salle-Eiffel-charpente-399x600.jpg 399w, https://monumental-valois.com/wp-content/uploads/2025/02/Salle-Eiffel-charpente.jpg 681w" sizes="auto, (max-width: 599px) 100vw, 599px" /></figure>
</div>
</div>
</div></div>

<div style="height:50px" aria-hidden="true" class="wp-block-spacer"></div>

<div class="wp-block-cover alignwide"><span aria-hidden="true" class="wp-block-cover__background has-noir-background-color has-background-dim"></span><img loading="lazy" decoding="async" width="1200" height="680" class="wp-block-cover__image-background wp-image-466" alt="Gustave Eiffel, bâtisseur de l'impossible" src="https://monumental-valois.com/wp-content/uploads/2025/02/Gustave-Eiffel.jpg" style="object-position:50% 9%" data-object-fit="cover" data-object-position="50% 9%" srcset="https://monumental-valois.com/wp-content/uploads/2025/02/Gustave-Eiffel.jpg 1200w, https://monumental-valois.com/wp-content/uploads/2025/02/Gustave-Eiffel-706x400.jpg 706w, https://monumental-valois.com/wp-content/uploads/2025/02/Gustave-Eiffel-768x435.jpg 768w, https://monumental-valois.com/wp-content/uploads/2025/02/Gustave-Eiffel-450x255.jpg 450w, https://monumental-valois.com/wp-content/uploads/2025/02/Gustave-Eiffel-1059x600.jpg 1059w" sizes="auto, (max-width: 1200px) 100vw, 1200px" /><div class="wp-block-cover__inner-container is-layout-constrained wp-block-cover-is-layout-constrained">
<h3 class="wp-block-heading alignwide has-text-align-left has-64-px-font-size">Visita la página<br/>dedicada al artista</h3>



<div class="wp-block-buttons alignwide is-layout-flex wp-block-buttons-is-layout-flex">
<div class="wp-block-button"><a class="wp-block-button__link wp-element-button" href="https://monumental-valois.com/es/artiste/gustave-eiffel/">Ver al artista</a></div>
</div>
</div></div>

<p></p>

<p>La Sala Eiffel del Donjon de Vez es un testimonio único del talento de Gustave Eiffel, el famoso ingeniero francés [&hellip;]</p>
