{"id":1456,"date":"2025-02-19T17:58:19","date_gmt":"2025-02-19T16:58:19","guid":{"rendered":"https:\/\/monumental-valois.com\/oeuvre-monumentale\/alegorias-elocuencia-fuerza-y-libertad\/"},"modified":"2026-02-11T15:29:44","modified_gmt":"2026-02-11T14:29:44","slug":"alegorias-elocuencia-fuerza-y-libertad","status":"publish","type":"oeuvre","link":"https:\/\/monumental-valois.com\/es\/obra-monumental\/alegorias-elocuencia-fuerza-y-libertad\/","title":{"rendered":"Alegor\u00edas: elocuencia, fuerza y libertad"},"content":{"rendered":"\n<div class=\"wp-block-columns alignwide is-style-espace-60-px is-layout-flex wp-container-core-columns-is-layout-28f84493 wp-block-columns-is-layout-flex\">\n<div class=\"wp-block-column is-layout-flow wp-block-column-is-layout-flow\" style=\"flex-basis:30%\"><div class=\"lazyblock-partager-la-page-Z1SDHFv wp-block-lazyblock-partager-la-page\"> <div class=\"partage-single\">\r\n                        <p>comparte esta p\u00e1gina<\/p>\r\n                        <div class=\"liens\">\r\n                            <a href=\"http:\/\/twitter.com\/share?url=https%3A%2F%2Fmonumental-valois.com%2Fes%2Fobra-monumental%2Falegorias-elocuencia-fuerza-y-libertad%2F\" class=\"share-x\" target=\"_blank\" rel=\"nofollow\" title=\"Compartir en X\"><\/a>\r\n                            <a href=\"http:\/\/www.facebook.com\/sharer.php?u=https%3A%2F%2Fmonumental-valois.com%2Fes%2Fobra-monumental%2Falegorias-elocuencia-fuerza-y-libertad%2F&#038;t=Alegor%C3%ADas%3A+elocuencia%2C+fuerza+y+libertad&#038;src=sp\" class=\"share-facebook\" target=\"_blank\" rel=\"nofollow\" title=\"Compartir en Facebook\">\r\n\r\n                            <\/a>\r\n\r\n\r\n                        <\/div>\r\n                    <\/div><\/div><\/div>\n\n\n\n<div class=\"wp-block-column is-layout-flow wp-block-column-is-layout-flow\" style=\"flex-basis:70%\">\n<p class=\"has-28-px-font-size\">En el patio principal del Donjon de Vez, la obra All\u00e9gories de Antoine Bourdelle destila poder simb\u00f3lico. Compuesta por tres figuras monumentales de bronce, encarna la elocuencia, la fuerza y la libertad, valores universales dise\u00f1ados para el monumento ecuestre al General Alvear en Buenos Aires. <\/p>\n<\/div>\n<\/div>\n\n<div class=\"wp-block-group alignfull is-style-fond-blanc-gris\"><div class=\"wp-block-group__inner-container is-layout-constrained wp-block-group-is-layout-constrained\">\n<div class=\"wp-block-columns alignwide are-vertically-aligned-bottom is-style-espace-60-px is-layout-flex wp-container-core-columns-is-layout-28f84493 wp-block-columns-is-layout-flex\">\n<div class=\"wp-block-column is-vertically-aligned-bottom is-layout-flow wp-block-column-is-layout-flow\" style=\"flex-basis:30%\">\n<p class=\"is-style-sur-titre-page\">Alegor\u00edas: elocuencia, fuerza y libertad<\/p>\n\n\n\n<h2 class=\"wp-block-heading has-36-px-font-size\"><strong>Patrimonio cl\u00e1sico y modernidad<\/strong><\/h2>\n\n\n\n<p>Alumno de Rodin y maestro de Giacometti, Antoine Bourdelle se inspir\u00f3 en el orden y la armon\u00eda de las esculturas antiguas. Con All\u00e9gories, revisita estos ideales a trav\u00e9s de un estilo poderoso y refinado, anclando sus figuras en una monumentalidad moderna e intemporal. <\/p>\n\n\n\n<h2 class=\"wp-block-heading has-36-px-font-size\"><strong>Cifras de energ\u00eda y equilibrio<\/strong><\/h2>\n\n\n\n<p>Cada una de las tres alegor\u00edas posee una energ\u00eda distinta: la elocuencia se afirma a trav\u00e9s del gesto, la fuerza impone su robustez y la libertad se eleva con gracia. Lejos de ser meros s\u00edmbolos, estas figuras encarnan valores humanos intemporales, magnificados por el bronce. <\/p>\n<\/div>\n\n\n\n<div class=\"wp-block-column is-vertically-aligned-bottom is-layout-flow wp-block-column-is-layout-flow\" style=\"flex-basis:70%\">\n<figure class=\"wp-block-image size-full\"><img loading=\"lazy\" decoding=\"async\" width=\"600\" height=\"900\" src=\"https:\/\/monumental-valois.com\/wp-content\/uploads\/2025\/02\/Allegories-antoine-bourdelle.jpg\" alt=\"Alegor&#xED;as: elocuencia, fuerza y libertad\" class=\"wp-image-750\" srcset=\"https:\/\/monumental-valois.com\/wp-content\/uploads\/2025\/02\/Allegories-antoine-bourdelle.jpg 600w, https:\/\/monumental-valois.com\/wp-content\/uploads\/2025\/02\/Allegories-antoine-bourdelle-267x400.jpg 267w, https:\/\/monumental-valois.com\/wp-content\/uploads\/2025\/02\/Allegories-antoine-bourdelle-300x450.jpg 300w, https:\/\/monumental-valois.com\/wp-content\/uploads\/2025\/02\/Allegories-antoine-bourdelle-400x600.jpg 400w\" sizes=\"auto, (max-width: 600px) 100vw, 600px\" \/><\/figure>\n<\/div>\n<\/div>\n<\/div><\/div>\n\n<div style=\"height:50px\" aria-hidden=\"true\" class=\"wp-block-spacer\"><\/div>\n\n<div class=\"wp-block-cover alignwide\"><span aria-hidden=\"true\" class=\"wp-block-cover__background has-noir-background-color has-background-dim\"><\/span><img loading=\"lazy\" decoding=\"async\" width=\"1200\" height=\"1630\" class=\"wp-block-cover__image-background wp-image-347\" alt=\"\" src=\"https:\/\/monumental-valois.com\/wp-content\/uploads\/2025\/02\/Antoine_Bourdelle-\u00a9agence-de-presse-Meurisse.jpg\" style=\"object-position:40% 19%\" data-object-fit=\"cover\" data-object-position=\"40% 19%\" srcset=\"https:\/\/monumental-valois.com\/wp-content\/uploads\/2025\/02\/Antoine_Bourdelle-\u00a9agence-de-presse-Meurisse.jpg 1200w, https:\/\/monumental-valois.com\/wp-content\/uploads\/2025\/02\/Antoine_Bourdelle-\u00a9agence-de-presse-Meurisse-294x400.jpg 294w, https:\/\/monumental-valois.com\/wp-content\/uploads\/2025\/02\/Antoine_Bourdelle-\u00a9agence-de-presse-Meurisse-663x900.jpg 663w, https:\/\/monumental-valois.com\/wp-content\/uploads\/2025\/02\/Antoine_Bourdelle-\u00a9agence-de-presse-Meurisse-768x1043.jpg 768w, https:\/\/monumental-valois.com\/wp-content\/uploads\/2025\/02\/Antoine_Bourdelle-\u00a9agence-de-presse-Meurisse-1131x1536.jpg 1131w, https:\/\/monumental-valois.com\/wp-content\/uploads\/2025\/02\/Antoine_Bourdelle-\u00a9agence-de-presse-Meurisse-331x450.jpg 331w, https:\/\/monumental-valois.com\/wp-content\/uploads\/2025\/02\/Antoine_Bourdelle-\u00a9agence-de-presse-Meurisse-442x600.jpg 442w\" sizes=\"auto, (max-width: 1200px) 100vw, 1200px\" \/><div class=\"wp-block-cover__inner-container is-layout-constrained wp-block-cover-is-layout-constrained\">\n<h3 class=\"wp-block-heading alignwide has-text-align-left has-64-px-font-size\">Visita la p\u00e1gina<br\/>dedicada al artista<\/h3>\n\n\n\n<div class=\"wp-block-buttons alignwide is-layout-flex wp-block-buttons-is-layout-flex\">\n<div class=\"wp-block-button\"><a class=\"wp-block-button__link wp-element-button\" href=\"https:\/\/monumental-valois.com\/es\/artiste\/antoine-bourdelle\/\">Ver al artista<\/a><\/div>\n<\/div>\n<\/div><\/div>\n\n<p><\/p>\n","protected":false},"excerpt":{"rendered":"<p>En el patio principal del Donjon de Vez, la obra All\u00e9gories de Antoine Bourdelle destila poder simb\u00f3lico. Compuesta por tres [&hellip;]<\/p>\n","protected":false},"featured_media":1457,"template":"","class_list":["post-1456","oeuvre","type-oeuvre","status-publish","has-post-thumbnail","hentry"],"_links":{"self":[{"href":"https:\/\/monumental-valois.com\/es\/wp-json\/wp\/v2\/oeuvre\/1456","targetHints":{"allow":["GET"]}}],"collection":[{"href":"https:\/\/monumental-valois.com\/es\/wp-json\/wp\/v2\/oeuvre"}],"about":[{"href":"https:\/\/monumental-valois.com\/es\/wp-json\/wp\/v2\/types\/oeuvre"}],"wp:featuredmedia":[{"embeddable":true,"href":"https:\/\/monumental-valois.com\/es\/wp-json\/wp\/v2\/media\/1457"}],"wp:attachment":[{"href":"https:\/\/monumental-valois.com\/es\/wp-json\/wp\/v2\/media?parent=1456"}],"curies":[{"name":"wp","href":"https:\/\/api.w.org\/{rel}","templated":true}]}}

Alegorías: elocuencia, fuerza y libertad

<div class="wp-block-columns alignwide is-style-espace-60-px is-layout-flex wp-container-core-columns-is-layout-28f84493 wp-block-columns-is-layout-flex">
<div class="wp-block-column is-layout-flow wp-block-column-is-layout-flow" style="flex-basis:30%"><div class="lazyblock-partager-la-page-Z1SDHFv wp-block-lazyblock-partager-la-page"> <div class="partage-single">
                        <p>comparte esta página</p>
                        <div class="liens">
                            <a href="http://twitter.com/share?url=https%3A%2F%2Fmonumental-valois.com%2Fes%2Fobra-monumental%2Falegorias-elocuencia-fuerza-y-libertad%2F" class="share-x" target="_blank" rel="nofollow" title="Compartir en X"></a>
                            <a href="http://www.facebook.com/sharer.php?u=https%3A%2F%2Fmonumental-valois.com%2Fes%2Fobra-monumental%2Falegorias-elocuencia-fuerza-y-libertad%2F&#038;t=Alegor%C3%ADas%3A+elocuencia%2C+fuerza+y+libertad&#038;src=sp" class="share-facebook" target="_blank" rel="nofollow" title="Compartir en Facebook">

                            </a>


                        </div>
                    </div></div></div>



<div class="wp-block-column is-layout-flow wp-block-column-is-layout-flow" style="flex-basis:70%">
<p class="has-28-px-font-size">En el patio principal del Donjon de Vez, la obra Allégories de Antoine Bourdelle destila poder simbólico. Compuesta por tres figuras monumentales de bronce, encarna la elocuencia, la fuerza y la libertad, valores universales diseñados para el monumento ecuestre al General Alvear en Buenos Aires. </p>
</div>
</div>

<div class="wp-block-group alignfull is-style-fond-blanc-gris"><div class="wp-block-group__inner-container is-layout-constrained wp-block-group-is-layout-constrained">
<div class="wp-block-columns alignwide are-vertically-aligned-bottom is-style-espace-60-px is-layout-flex wp-container-core-columns-is-layout-28f84493 wp-block-columns-is-layout-flex">
<div class="wp-block-column is-vertically-aligned-bottom is-layout-flow wp-block-column-is-layout-flow" style="flex-basis:30%">
<p class="is-style-sur-titre-page">Alegorías: elocuencia, fuerza y libertad</p>



<h2 class="wp-block-heading has-36-px-font-size"><strong>Patrimonio clásico y modernidad</strong></h2>



<p>Alumno de Rodin y maestro de Giacometti, Antoine Bourdelle se inspiró en el orden y la armonía de las esculturas antiguas. Con Allégories, revisita estos ideales a través de un estilo poderoso y refinado, anclando sus figuras en una monumentalidad moderna e intemporal. </p>



<h2 class="wp-block-heading has-36-px-font-size"><strong>Cifras de energía y equilibrio</strong></h2>



<p>Cada una de las tres alegorías posee una energía distinta: la elocuencia se afirma a través del gesto, la fuerza impone su robustez y la libertad se eleva con gracia. Lejos de ser meros símbolos, estas figuras encarnan valores humanos intemporales, magnificados por el bronce. </p>
</div>



<div class="wp-block-column is-vertically-aligned-bottom is-layout-flow wp-block-column-is-layout-flow" style="flex-basis:70%">
<figure class="wp-block-image size-full"><img loading="lazy" decoding="async" width="600" height="900" src="https://monumental-valois.com/wp-content/uploads/2025/02/Allegories-antoine-bourdelle.jpg" alt="Alegor&#xED;as: elocuencia, fuerza y libertad" class="wp-image-750" srcset="https://monumental-valois.com/wp-content/uploads/2025/02/Allegories-antoine-bourdelle.jpg 600w, https://monumental-valois.com/wp-content/uploads/2025/02/Allegories-antoine-bourdelle-267x400.jpg 267w, https://monumental-valois.com/wp-content/uploads/2025/02/Allegories-antoine-bourdelle-300x450.jpg 300w, https://monumental-valois.com/wp-content/uploads/2025/02/Allegories-antoine-bourdelle-400x600.jpg 400w" sizes="auto, (max-width: 600px) 100vw, 600px" /></figure>
</div>
</div>
</div></div>

<div style="height:50px" aria-hidden="true" class="wp-block-spacer"></div>

<div class="wp-block-cover alignwide"><span aria-hidden="true" class="wp-block-cover__background has-noir-background-color has-background-dim"></span><img loading="lazy" decoding="async" width="1200" height="1630" class="wp-block-cover__image-background wp-image-347" alt="" src="https://monumental-valois.com/wp-content/uploads/2025/02/Antoine_Bourdelle-©agence-de-presse-Meurisse.jpg" style="object-position:40% 19%" data-object-fit="cover" data-object-position="40% 19%" srcset="https://monumental-valois.com/wp-content/uploads/2025/02/Antoine_Bourdelle-©agence-de-presse-Meurisse.jpg 1200w, https://monumental-valois.com/wp-content/uploads/2025/02/Antoine_Bourdelle-©agence-de-presse-Meurisse-294x400.jpg 294w, https://monumental-valois.com/wp-content/uploads/2025/02/Antoine_Bourdelle-©agence-de-presse-Meurisse-663x900.jpg 663w, https://monumental-valois.com/wp-content/uploads/2025/02/Antoine_Bourdelle-©agence-de-presse-Meurisse-768x1043.jpg 768w, https://monumental-valois.com/wp-content/uploads/2025/02/Antoine_Bourdelle-©agence-de-presse-Meurisse-1131x1536.jpg 1131w, https://monumental-valois.com/wp-content/uploads/2025/02/Antoine_Bourdelle-©agence-de-presse-Meurisse-331x450.jpg 331w, https://monumental-valois.com/wp-content/uploads/2025/02/Antoine_Bourdelle-©agence-de-presse-Meurisse-442x600.jpg 442w" sizes="auto, (max-width: 1200px) 100vw, 1200px" /><div class="wp-block-cover__inner-container is-layout-constrained wp-block-cover-is-layout-constrained">
<h3 class="wp-block-heading alignwide has-text-align-left has-64-px-font-size">Visita la página<br/>dedicada al artista</h3>



<div class="wp-block-buttons alignwide is-layout-flex wp-block-buttons-is-layout-flex">
<div class="wp-block-button"><a class="wp-block-button__link wp-element-button" href="https://monumental-valois.com/es/artiste/antoine-bourdelle/">Ver al artista</a></div>
</div>
</div></div>

<p></p>

<p>En el patio principal del Donjon de Vez, la obra Allégories de Antoine Bourdelle destila poder simbólico. Compuesta por tres [&hellip;]</p>
