{"id":1462,"date":"2025-02-19T18:00:44","date_gmt":"2025-02-19T17:00:44","guid":{"rendered":"https:\/\/monumental-valois.com\/oeuvre-monumentale\/les-verrieres-de-buren-o-el-arte-de-la-luz\/"},"modified":"2026-02-11T15:29:44","modified_gmt":"2026-02-11T14:29:44","slug":"les-verrieres-de-buren-o-el-arte-de-la-luz","status":"publish","type":"oeuvre","link":"https:\/\/monumental-valois.com\/es\/obra-monumental\/les-verrieres-de-buren-o-el-arte-de-la-luz\/","title":{"rendered":"Les Verri\u00e8res de Buren o el arte de la luz"},"content":{"rendered":"\n<div class=\"wp-block-columns alignwide is-style-espace-60-px is-layout-flex wp-container-core-columns-is-layout-28f84493 wp-block-columns-is-layout-flex\">\n<div class=\"wp-block-column is-layout-flow wp-block-column-is-layout-flow\" style=\"flex-basis:30%\"><div class=\"lazyblock-partager-la-page-Z1SDHFv wp-block-lazyblock-partager-la-page\"> <div class=\"partage-single\">\r\n                        <p>comparte esta p\u00e1gina<\/p>\r\n                        <div class=\"liens\">\r\n                            <a href=\"http:\/\/twitter.com\/share?url=https%3A%2F%2Fmonumental-valois.com%2Fes%2Fobra-monumental%2Fles-verrieres-de-buren-o-el-arte-de-la-luz%2F\" class=\"share-x\" target=\"_blank\" rel=\"nofollow\" title=\"Compartir en X\"><\/a>\r\n                            <a href=\"http:\/\/www.facebook.com\/sharer.php?u=https%3A%2F%2Fmonumental-valois.com%2Fes%2Fobra-monumental%2Fles-verrieres-de-buren-o-el-arte-de-la-luz%2F&#038;t=Les+Verri%C3%A8res+de+Buren+o+el+arte+de+la+luz&#038;src=sp\" class=\"share-facebook\" target=\"_blank\" rel=\"nofollow\" title=\"Compartir en Facebook\">\r\n\r\n                            <\/a>\r\n\r\n\r\n                        <\/div>\r\n                    <\/div><\/div><\/div>\n\n\n\n<div class=\"wp-block-column is-layout-flow wp-block-column-is-layout-flow\" style=\"flex-basis:70%\">\n<p class=\"has-28-px-font-size\">Daniel Buren, importante artista contempor\u00e1neo, es conocido por sus obras site-specific que transforman los espacios que ocupan. Buren se ha forjado una firma ic\u00f3nica gracias a la alternancia de tiras verticales blancas y de color de 8,7 cm de ancho que utiliza desde 1967. Este planteamiento est\u00e9tico se inscribe en un contexto en el que se cuestiona el arte tradicional y su interacci\u00f3n con los espacios expositivos.  <\/p>\n<\/div>\n<\/div>\n\n<div class=\"wp-block-group alignfull is-style-fond-blanc-gris\"><div class=\"wp-block-group__inner-container is-layout-constrained wp-block-group-is-layout-constrained\">\n<div class=\"wp-block-columns alignwide are-vertically-aligned-bottom is-style-espace-60-px is-layout-flex wp-container-core-columns-is-layout-28f84493 wp-block-columns-is-layout-flex\">\n<div class=\"wp-block-column is-vertically-aligned-bottom is-layout-flow wp-block-column-is-layout-flow\" style=\"flex-basis:30%\">\n<p class=\"is-style-sur-titre-page\">Les Verri\u00e8res de Buren o el arte de la luz<\/p>\n\n\n\n<h2 class=\"wp-block-heading has-36-px-font-size\"><strong>Una obra en di\u00e1logo<\/strong><\/h2>\n\n\n\n<p>En 2005, Daniel Buren se hizo cargo de la capilla del Donjon de Vez, creando una obra especialmente concebida para este espacio \u00fanico. Verri\u00e8res cubre los dos grandes ventanales de la capilla, transformando la luz y las l\u00edneas de la arquitectura. Las tiras verticales de Buren, integradas en las vidrieras, interact\u00faan con la luz natural que penetra en el espacio, creando una experiencia visual que cambia con el d\u00eda y las estaciones.  <\/p>\n\n\n\n<h2 class=\"wp-block-heading has-36-px-font-size\"><strong>Jugar con la luz y la percepci\u00f3n<\/strong><\/h2>\n\n\n\n<p>Esta intervenci\u00f3n no se limita a a\u00f1adir colores y motivos. Al jugar con la alternancia de franjas y la intensidad de la luz, el artista altera la atm\u00f3sfera de la capilla, revelando perspectivas inesperadas y redefiniendo el espacio interior. Las Verri\u00e8res de Buren son mucho m\u00e1s que mera decoraci\u00f3n, pues invitan al espectador a explorar la interacci\u00f3n entre la arquitectura del lugar y los elementos visuales de la obra.  <\/p>\n<\/div>\n\n\n\n<div class=\"wp-block-column is-vertically-aligned-bottom is-layout-flow wp-block-column-is-layout-flow\" style=\"flex-basis:70%\">\n<figure class=\"wp-block-image size-full\"><img loading=\"lazy\" decoding=\"async\" width=\"600\" height=\"801\" src=\"https:\/\/monumental-valois.com\/wp-content\/uploads\/2025\/02\/Verrieres-daniel-buren-1.jpg\" alt=\"Les Verri&#xE8;res de Buren o el arte de la luz\" class=\"wp-image-747\" srcset=\"https:\/\/monumental-valois.com\/wp-content\/uploads\/2025\/02\/Verrieres-daniel-buren-1.jpg 600w, https:\/\/monumental-valois.com\/wp-content\/uploads\/2025\/02\/Verrieres-daniel-buren-1-300x400.jpg 300w, https:\/\/monumental-valois.com\/wp-content\/uploads\/2025\/02\/Verrieres-daniel-buren-1-337x450.jpg 337w, https:\/\/monumental-valois.com\/wp-content\/uploads\/2025\/02\/Verrieres-daniel-buren-1-449x600.jpg 449w\" sizes=\"auto, (max-width: 600px) 100vw, 600px\" \/><\/figure>\n<\/div>\n<\/div>\n<\/div><\/div>\n\n<div style=\"height:50px\" aria-hidden=\"true\" class=\"wp-block-spacer\"><\/div>\n\n<div class=\"wp-block-cover alignwide\"><span aria-hidden=\"true\" class=\"wp-block-cover__background has-noir-background-color has-background-dim\"><\/span><img loading=\"lazy\" decoding=\"async\" width=\"964\" height=\"643\" class=\"wp-block-cover__image-background wp-image-456\" alt=\"Daniel Buren : artiste des bandes et des lieux\" src=\"https:\/\/monumental-valois.com\/wp-content\/uploads\/2025\/02\/daniel-buren.jpg\" style=\"object-position:49% 36%\" data-object-fit=\"cover\" data-object-position=\"49% 36%\" srcset=\"https:\/\/monumental-valois.com\/wp-content\/uploads\/2025\/02\/daniel-buren.jpg 964w, https:\/\/monumental-valois.com\/wp-content\/uploads\/2025\/02\/daniel-buren-600x400.jpg 600w, https:\/\/monumental-valois.com\/wp-content\/uploads\/2025\/02\/daniel-buren-768x512.jpg 768w, https:\/\/monumental-valois.com\/wp-content\/uploads\/2025\/02\/daniel-buren-450x300.jpg 450w, https:\/\/monumental-valois.com\/wp-content\/uploads\/2025\/02\/daniel-buren-900x600.jpg 900w\" sizes=\"auto, (max-width: 964px) 100vw, 964px\" \/><div class=\"wp-block-cover__inner-container is-layout-constrained wp-block-cover-is-layout-constrained\">\n<h3 class=\"wp-block-heading alignwide has-text-align-left has-64-px-font-size\">Visita la p\u00e1gina<br\/>dedicada al artista<\/h3>\n\n\n\n<div class=\"wp-block-buttons alignwide is-layout-flex wp-block-buttons-is-layout-flex\">\n<div class=\"wp-block-button\"><a class=\"wp-block-button__link wp-element-button\" href=\"https:\/\/monumental-valois.com\/es\/artiste\/daniel-buren\/\">Ver al artista<\/a><\/div>\n<\/div>\n<\/div><\/div>\n\n<p><\/p>\n","protected":false},"excerpt":{"rendered":"<p>Daniel Buren, importante artista contempor\u00e1neo, es conocido por sus obras site-specific que transforman los espacios que ocupan. Buren se ha [&hellip;]<\/p>\n","protected":false},"featured_media":1463,"template":"","class_list":["post-1462","oeuvre","type-oeuvre","status-publish","has-post-thumbnail","hentry"],"_links":{"self":[{"href":"https:\/\/monumental-valois.com\/es\/wp-json\/wp\/v2\/oeuvre\/1462","targetHints":{"allow":["GET"]}}],"collection":[{"href":"https:\/\/monumental-valois.com\/es\/wp-json\/wp\/v2\/oeuvre"}],"about":[{"href":"https:\/\/monumental-valois.com\/es\/wp-json\/wp\/v2\/types\/oeuvre"}],"wp:featuredmedia":[{"embeddable":true,"href":"https:\/\/monumental-valois.com\/es\/wp-json\/wp\/v2\/media\/1463"}],"wp:attachment":[{"href":"https:\/\/monumental-valois.com\/es\/wp-json\/wp\/v2\/media?parent=1462"}],"curies":[{"name":"wp","href":"https:\/\/api.w.org\/{rel}","templated":true}]}}

Les Verrières de Buren o el arte de la luz

<div class="wp-block-columns alignwide is-style-espace-60-px is-layout-flex wp-container-core-columns-is-layout-28f84493 wp-block-columns-is-layout-flex">
<div class="wp-block-column is-layout-flow wp-block-column-is-layout-flow" style="flex-basis:30%"><div class="lazyblock-partager-la-page-Z1SDHFv wp-block-lazyblock-partager-la-page"> <div class="partage-single">
                        <p>comparte esta página</p>
                        <div class="liens">
                            <a href="http://twitter.com/share?url=https%3A%2F%2Fmonumental-valois.com%2Fes%2Fobra-monumental%2Fles-verrieres-de-buren-o-el-arte-de-la-luz%2F" class="share-x" target="_blank" rel="nofollow" title="Compartir en X"></a>
                            <a href="http://www.facebook.com/sharer.php?u=https%3A%2F%2Fmonumental-valois.com%2Fes%2Fobra-monumental%2Fles-verrieres-de-buren-o-el-arte-de-la-luz%2F&#038;t=Les+Verri%C3%A8res+de+Buren+o+el+arte+de+la+luz&#038;src=sp" class="share-facebook" target="_blank" rel="nofollow" title="Compartir en Facebook">

                            </a>


                        </div>
                    </div></div></div>



<div class="wp-block-column is-layout-flow wp-block-column-is-layout-flow" style="flex-basis:70%">
<p class="has-28-px-font-size">Daniel Buren, importante artista contemporáneo, es conocido por sus obras site-specific que transforman los espacios que ocupan. Buren se ha forjado una firma icónica gracias a la alternancia de tiras verticales blancas y de color de 8,7 cm de ancho que utiliza desde 1967. Este planteamiento estético se inscribe en un contexto en el que se cuestiona el arte tradicional y su interacción con los espacios expositivos.  </p>
</div>
</div>

<div class="wp-block-group alignfull is-style-fond-blanc-gris"><div class="wp-block-group__inner-container is-layout-constrained wp-block-group-is-layout-constrained">
<div class="wp-block-columns alignwide are-vertically-aligned-bottom is-style-espace-60-px is-layout-flex wp-container-core-columns-is-layout-28f84493 wp-block-columns-is-layout-flex">
<div class="wp-block-column is-vertically-aligned-bottom is-layout-flow wp-block-column-is-layout-flow" style="flex-basis:30%">
<p class="is-style-sur-titre-page">Les Verrières de Buren o el arte de la luz</p>



<h2 class="wp-block-heading has-36-px-font-size"><strong>Una obra en diálogo</strong></h2>



<p>En 2005, Daniel Buren se hizo cargo de la capilla del Donjon de Vez, creando una obra especialmente concebida para este espacio único. Verrières cubre los dos grandes ventanales de la capilla, transformando la luz y las líneas de la arquitectura. Las tiras verticales de Buren, integradas en las vidrieras, interactúan con la luz natural que penetra en el espacio, creando una experiencia visual que cambia con el día y las estaciones.  </p>



<h2 class="wp-block-heading has-36-px-font-size"><strong>Jugar con la luz y la percepción</strong></h2>



<p>Esta intervención no se limita a añadir colores y motivos. Al jugar con la alternancia de franjas y la intensidad de la luz, el artista altera la atmósfera de la capilla, revelando perspectivas inesperadas y redefiniendo el espacio interior. Las Verrières de Buren son mucho más que mera decoración, pues invitan al espectador a explorar la interacción entre la arquitectura del lugar y los elementos visuales de la obra.  </p>
</div>



<div class="wp-block-column is-vertically-aligned-bottom is-layout-flow wp-block-column-is-layout-flow" style="flex-basis:70%">
<figure class="wp-block-image size-full"><img loading="lazy" decoding="async" width="600" height="801" src="https://monumental-valois.com/wp-content/uploads/2025/02/Verrieres-daniel-buren-1.jpg" alt="Les Verri&#xE8;res de Buren o el arte de la luz" class="wp-image-747" srcset="https://monumental-valois.com/wp-content/uploads/2025/02/Verrieres-daniel-buren-1.jpg 600w, https://monumental-valois.com/wp-content/uploads/2025/02/Verrieres-daniel-buren-1-300x400.jpg 300w, https://monumental-valois.com/wp-content/uploads/2025/02/Verrieres-daniel-buren-1-337x450.jpg 337w, https://monumental-valois.com/wp-content/uploads/2025/02/Verrieres-daniel-buren-1-449x600.jpg 449w" sizes="auto, (max-width: 600px) 100vw, 600px" /></figure>
</div>
</div>
</div></div>

<div style="height:50px" aria-hidden="true" class="wp-block-spacer"></div>

<div class="wp-block-cover alignwide"><span aria-hidden="true" class="wp-block-cover__background has-noir-background-color has-background-dim"></span><img loading="lazy" decoding="async" width="964" height="643" class="wp-block-cover__image-background wp-image-456" alt="Daniel Buren : artiste des bandes et des lieux" src="https://monumental-valois.com/wp-content/uploads/2025/02/daniel-buren.jpg" style="object-position:49% 36%" data-object-fit="cover" data-object-position="49% 36%" srcset="https://monumental-valois.com/wp-content/uploads/2025/02/daniel-buren.jpg 964w, https://monumental-valois.com/wp-content/uploads/2025/02/daniel-buren-600x400.jpg 600w, https://monumental-valois.com/wp-content/uploads/2025/02/daniel-buren-768x512.jpg 768w, https://monumental-valois.com/wp-content/uploads/2025/02/daniel-buren-450x300.jpg 450w, https://monumental-valois.com/wp-content/uploads/2025/02/daniel-buren-900x600.jpg 900w" sizes="auto, (max-width: 964px) 100vw, 964px" /><div class="wp-block-cover__inner-container is-layout-constrained wp-block-cover-is-layout-constrained">
<h3 class="wp-block-heading alignwide has-text-align-left has-64-px-font-size">Visita la página<br/>dedicada al artista</h3>



<div class="wp-block-buttons alignwide is-layout-flex wp-block-buttons-is-layout-flex">
<div class="wp-block-button"><a class="wp-block-button__link wp-element-button" href="https://monumental-valois.com/es/artiste/daniel-buren/">Ver al artista</a></div>
</div>
</div></div>

<p></p>

<p>Daniel Buren, importante artista contemporáneo, es conocido por sus obras site-specific que transforman los espacios que ocupan. Buren se ha [&hellip;]</p>
