{"id":1471,"date":"2025-02-19T18:12:35","date_gmt":"2025-02-19T17:12:35","guid":{"rendered":"https:\/\/monumental-valois.com\/oeuvre-monumentale\/michel-verjux-revelar-el-espacio-a-traves-de-la-luz\/"},"modified":"2026-02-11T15:29:43","modified_gmt":"2026-02-11T14:29:43","slug":"michel-verjux-revelar-el-espacio-a-traves-de-la-luz","status":"publish","type":"oeuvre","link":"https:\/\/monumental-valois.com\/es\/obra-monumental\/michel-verjux-revelar-el-espacio-a-traves-de-la-luz\/","title":{"rendered":"Michel Verjux: revelar el espacio a trav\u00e9s de la luz"},"content":{"rendered":"\n<div class=\"wp-block-columns alignwide is-style-espace-60-px is-layout-flex wp-container-core-columns-is-layout-28f84493 wp-block-columns-is-layout-flex\">\n<div class=\"wp-block-column is-layout-flow wp-block-column-is-layout-flow\" style=\"flex-basis:30%\"><div class=\"lazyblock-partager-la-page-Z1SDHFv wp-block-lazyblock-partager-la-page\"> <div class=\"partage-single\">\r\n                        <p>comparte esta p\u00e1gina<\/p>\r\n                        <div class=\"liens\">\r\n                            <a href=\"http:\/\/twitter.com\/share?url=https%3A%2F%2Fmonumental-valois.com%2Fes%2Fobra-monumental%2Fmichel-verjux-revelar-el-espacio-a-traves-de-la-luz%2F\" class=\"share-x\" target=\"_blank\" rel=\"nofollow\" title=\"Compartir en X\"><\/a>\r\n                            <a href=\"http:\/\/www.facebook.com\/sharer.php?u=https%3A%2F%2Fmonumental-valois.com%2Fes%2Fobra-monumental%2Fmichel-verjux-revelar-el-espacio-a-traves-de-la-luz%2F&#038;t=Michel+Verjux%3A+revelar+el+espacio+a+trav%C3%A9s+de+la+luz&#038;src=sp\" class=\"share-facebook\" target=\"_blank\" rel=\"nofollow\" title=\"Compartir en Facebook\">\r\n\r\n                            <\/a>\r\n\r\n\r\n                        <\/div>\r\n                    <\/div><\/div><\/div>\n\n\n\n<div class=\"wp-block-column is-layout-flow wp-block-column-is-layout-flow\" style=\"flex-basis:70%\">\n<p class=\"has-28-px-font-size\">En marzo de 2011, el artista Michel Verjux tom\u00f3 las galer\u00edas subterr\u00e1neas del Donjon de Vez con una instalaci\u00f3n lum\u00ednica minimalista. Estas galer\u00edas, excavadas en la roca y utilizadas anta\u00f1o para extraer la piedra del castillo, se convierten en el escenario de un sutil juego de luces y sombras.<\/p>\n<\/div>\n<\/div>\n\n<div class=\"wp-block-group alignfull is-style-fond-blanc-gris\"><div class=\"wp-block-group__inner-container is-layout-constrained wp-block-group-is-layout-constrained\">\n<div class=\"wp-block-columns alignwide are-vertically-aligned-bottom is-style-espace-60-px is-layout-flex wp-container-core-columns-is-layout-28f84493 wp-block-columns-is-layout-flex\">\n<div class=\"wp-block-column is-vertically-aligned-bottom is-layout-flow wp-block-column-is-layout-flow\" style=\"flex-basis:30%\">\n<p class=\"is-style-sur-titre-page\">Michel Verjux<\/p>\n\n\n\n<h2 class=\"wp-block-heading has-36-px-font-size\"><strong>Una instalaci\u00f3n de luz en el coraz\u00f3n del metro<\/strong><\/h2>\n\n\n\n<p>Con sus proyecciones de luz blanca, Verjux no pretende a\u00f1adir un elemento externo, sino revelar el propio espacio. Resalta la textura cruda de las paredes y subraya la estructura del espacio, transformando la galer\u00eda en una obra de arte en s\u00ed misma. Fiel a su planteamiento, aqu\u00ed cuestiona la forma en que la luz moldea nuestra percepci\u00f3n y nos invita a ver nuestro entorno de otra manera.<\/p>\n<\/div>\n\n\n\n<div class=\"wp-block-column is-vertically-aligned-bottom is-layout-flow wp-block-column-is-layout-flow\" style=\"flex-basis:70%\">\n<figure class=\"wp-block-image alignwide size-full is-style-img-responsive\"><img loading=\"lazy\" decoding=\"async\" width=\"1500\" height=\"1000\" src=\"https:\/\/monumental-valois.com\/wp-content\/uploads\/2025\/02\/Galeries-souterraines.jpg\" alt=\"Michel Verjux: revelar el espacio a trav&#xE9;s de la luz\" class=\"wp-image-575\" srcset=\"https:\/\/monumental-valois.com\/wp-content\/uploads\/2025\/02\/Galeries-souterraines.jpg 1500w, https:\/\/monumental-valois.com\/wp-content\/uploads\/2025\/02\/Galeries-souterraines-600x400.jpg 600w, https:\/\/monumental-valois.com\/wp-content\/uploads\/2025\/02\/Galeries-souterraines-1350x900.jpg 1350w, https:\/\/monumental-valois.com\/wp-content\/uploads\/2025\/02\/Galeries-souterraines-768x512.jpg 768w, https:\/\/monumental-valois.com\/wp-content\/uploads\/2025\/02\/Galeries-souterraines-450x300.jpg 450w, https:\/\/monumental-valois.com\/wp-content\/uploads\/2025\/02\/Galeries-souterraines-900x600.jpg 900w\" sizes=\"auto, (max-width: 1500px) 100vw, 1500px\" \/><\/figure>\n<\/div>\n<\/div>\n<\/div><\/div>\n\n<div style=\"height:70px\" aria-hidden=\"true\" class=\"wp-block-spacer\"><\/div>\n\n<div class=\"wp-block-cover alignwide\"><span aria-hidden=\"true\" class=\"wp-block-cover__background has-noir-background-color has-background-dim\"><\/span><img loading=\"lazy\" decoding=\"async\" width=\"1500\" height=\"1000\" class=\"wp-block-cover__image-background wp-image-575\" alt=\"Michel Verjux : r\u00e9v\u00e9ler l\u2019espace par la lumi\u00e8re\" src=\"https:\/\/monumental-valois.com\/wp-content\/uploads\/2025\/02\/Galeries-souterraines.jpg\" style=\"object-position:32% 73%\" data-object-fit=\"cover\" data-object-position=\"32% 73%\" srcset=\"https:\/\/monumental-valois.com\/wp-content\/uploads\/2025\/02\/Galeries-souterraines.jpg 1500w, https:\/\/monumental-valois.com\/wp-content\/uploads\/2025\/02\/Galeries-souterraines-600x400.jpg 600w, https:\/\/monumental-valois.com\/wp-content\/uploads\/2025\/02\/Galeries-souterraines-1350x900.jpg 1350w, https:\/\/monumental-valois.com\/wp-content\/uploads\/2025\/02\/Galeries-souterraines-768x512.jpg 768w, https:\/\/monumental-valois.com\/wp-content\/uploads\/2025\/02\/Galeries-souterraines-450x300.jpg 450w, https:\/\/monumental-valois.com\/wp-content\/uploads\/2025\/02\/Galeries-souterraines-900x600.jpg 900w\" sizes=\"auto, (max-width: 1500px) 100vw, 1500px\" \/><div class=\"wp-block-cover__inner-container is-layout-constrained wp-block-cover-is-layout-constrained\">\n<h3 class=\"wp-block-heading alignwide has-text-align-left has-64-px-font-size\">Visita la p\u00e1gina<br\/>dedicada al artista<\/h3>\n\n\n\n<div class=\"wp-block-buttons alignwide is-layout-flex wp-block-buttons-is-layout-flex\">\n<div class=\"wp-block-button\"><a class=\"wp-block-button__link wp-element-button\" href=\"https:\/\/monumental-valois.com\/es\/artiste\/michel-verjux\/\">Ver al artista<\/a><\/div>\n<\/div>\n<\/div><\/div>\n\n<p><\/p>\n","protected":false},"excerpt":{"rendered":"<p>En marzo de 2011, el artista Michel Verjux tom\u00f3 las galer\u00edas subterr\u00e1neas del Donjon de Vez con una instalaci\u00f3n lum\u00ednica [&hellip;]<\/p>\n","protected":false},"featured_media":1472,"template":"","class_list":["post-1471","oeuvre","type-oeuvre","status-publish","has-post-thumbnail","hentry"],"_links":{"self":[{"href":"https:\/\/monumental-valois.com\/es\/wp-json\/wp\/v2\/oeuvre\/1471","targetHints":{"allow":["GET"]}}],"collection":[{"href":"https:\/\/monumental-valois.com\/es\/wp-json\/wp\/v2\/oeuvre"}],"about":[{"href":"https:\/\/monumental-valois.com\/es\/wp-json\/wp\/v2\/types\/oeuvre"}],"wp:featuredmedia":[{"embeddable":true,"href":"https:\/\/monumental-valois.com\/es\/wp-json\/wp\/v2\/media\/1472"}],"wp:attachment":[{"href":"https:\/\/monumental-valois.com\/es\/wp-json\/wp\/v2\/media?parent=1471"}],"curies":[{"name":"wp","href":"https:\/\/api.w.org\/{rel}","templated":true}]}}

Michel Verjux: revelar el espacio a través de la luz

<div class="wp-block-columns alignwide is-style-espace-60-px is-layout-flex wp-container-core-columns-is-layout-28f84493 wp-block-columns-is-layout-flex">
<div class="wp-block-column is-layout-flow wp-block-column-is-layout-flow" style="flex-basis:30%"><div class="lazyblock-partager-la-page-Z1SDHFv wp-block-lazyblock-partager-la-page"> <div class="partage-single">
                        <p>comparte esta página</p>
                        <div class="liens">
                            <a href="http://twitter.com/share?url=https%3A%2F%2Fmonumental-valois.com%2Fes%2Fobra-monumental%2Fmichel-verjux-revelar-el-espacio-a-traves-de-la-luz%2F" class="share-x" target="_blank" rel="nofollow" title="Compartir en X"></a>
                            <a href="http://www.facebook.com/sharer.php?u=https%3A%2F%2Fmonumental-valois.com%2Fes%2Fobra-monumental%2Fmichel-verjux-revelar-el-espacio-a-traves-de-la-luz%2F&#038;t=Michel+Verjux%3A+revelar+el+espacio+a+trav%C3%A9s+de+la+luz&#038;src=sp" class="share-facebook" target="_blank" rel="nofollow" title="Compartir en Facebook">

                            </a>


                        </div>
                    </div></div></div>



<div class="wp-block-column is-layout-flow wp-block-column-is-layout-flow" style="flex-basis:70%">
<p class="has-28-px-font-size">En marzo de 2011, el artista Michel Verjux tomó las galerías subterráneas del Donjon de Vez con una instalación lumínica minimalista. Estas galerías, excavadas en la roca y utilizadas antaño para extraer la piedra del castillo, se convierten en el escenario de un sutil juego de luces y sombras.</p>
</div>
</div>

<div class="wp-block-group alignfull is-style-fond-blanc-gris"><div class="wp-block-group__inner-container is-layout-constrained wp-block-group-is-layout-constrained">
<div class="wp-block-columns alignwide are-vertically-aligned-bottom is-style-espace-60-px is-layout-flex wp-container-core-columns-is-layout-28f84493 wp-block-columns-is-layout-flex">
<div class="wp-block-column is-vertically-aligned-bottom is-layout-flow wp-block-column-is-layout-flow" style="flex-basis:30%">
<p class="is-style-sur-titre-page">Michel Verjux</p>



<h2 class="wp-block-heading has-36-px-font-size"><strong>Una instalación de luz en el corazón del metro</strong></h2>



<p>Con sus proyecciones de luz blanca, Verjux no pretende añadir un elemento externo, sino revelar el propio espacio. Resalta la textura cruda de las paredes y subraya la estructura del espacio, transformando la galería en una obra de arte en sí misma. Fiel a su planteamiento, aquí cuestiona la forma en que la luz moldea nuestra percepción y nos invita a ver nuestro entorno de otra manera.</p>
</div>



<div class="wp-block-column is-vertically-aligned-bottom is-layout-flow wp-block-column-is-layout-flow" style="flex-basis:70%">
<figure class="wp-block-image alignwide size-full is-style-img-responsive"><img loading="lazy" decoding="async" width="1500" height="1000" src="https://monumental-valois.com/wp-content/uploads/2025/02/Galeries-souterraines.jpg" alt="Michel Verjux: revelar el espacio a trav&#xE9;s de la luz" class="wp-image-575" srcset="https://monumental-valois.com/wp-content/uploads/2025/02/Galeries-souterraines.jpg 1500w, https://monumental-valois.com/wp-content/uploads/2025/02/Galeries-souterraines-600x400.jpg 600w, https://monumental-valois.com/wp-content/uploads/2025/02/Galeries-souterraines-1350x900.jpg 1350w, https://monumental-valois.com/wp-content/uploads/2025/02/Galeries-souterraines-768x512.jpg 768w, https://monumental-valois.com/wp-content/uploads/2025/02/Galeries-souterraines-450x300.jpg 450w, https://monumental-valois.com/wp-content/uploads/2025/02/Galeries-souterraines-900x600.jpg 900w" sizes="auto, (max-width: 1500px) 100vw, 1500px" /></figure>
</div>
</div>
</div></div>

<div style="height:70px" aria-hidden="true" class="wp-block-spacer"></div>

<div class="wp-block-cover alignwide"><span aria-hidden="true" class="wp-block-cover__background has-noir-background-color has-background-dim"></span><img loading="lazy" decoding="async" width="1500" height="1000" class="wp-block-cover__image-background wp-image-575" alt="Michel Verjux : révéler l’espace par la lumière" src="https://monumental-valois.com/wp-content/uploads/2025/02/Galeries-souterraines.jpg" style="object-position:32% 73%" data-object-fit="cover" data-object-position="32% 73%" srcset="https://monumental-valois.com/wp-content/uploads/2025/02/Galeries-souterraines.jpg 1500w, https://monumental-valois.com/wp-content/uploads/2025/02/Galeries-souterraines-600x400.jpg 600w, https://monumental-valois.com/wp-content/uploads/2025/02/Galeries-souterraines-1350x900.jpg 1350w, https://monumental-valois.com/wp-content/uploads/2025/02/Galeries-souterraines-768x512.jpg 768w, https://monumental-valois.com/wp-content/uploads/2025/02/Galeries-souterraines-450x300.jpg 450w, https://monumental-valois.com/wp-content/uploads/2025/02/Galeries-souterraines-900x600.jpg 900w" sizes="auto, (max-width: 1500px) 100vw, 1500px" /><div class="wp-block-cover__inner-container is-layout-constrained wp-block-cover-is-layout-constrained">
<h3 class="wp-block-heading alignwide has-text-align-left has-64-px-font-size">Visita la página<br/>dedicada al artista</h3>



<div class="wp-block-buttons alignwide is-layout-flex wp-block-buttons-is-layout-flex">
<div class="wp-block-button"><a class="wp-block-button__link wp-element-button" href="https://monumental-valois.com/es/artiste/michel-verjux/">Ver al artista</a></div>
</div>
</div></div>

<p></p>

<p>En marzo de 2011, el artista Michel Verjux tomó las galerías subterráneas del Donjon de Vez con una instalación lumínica [&hellip;]</p>
