{"id":1475,"date":"2025-02-19T18:05:56","date_gmt":"2025-02-19T17:05:56","guid":{"rendered":"https:\/\/monumental-valois.com\/oeuvre-monumentale\/la-obra-de-eric-croes-una-invitacion-a-la-imaginacion\/"},"modified":"2026-02-11T15:29:44","modified_gmt":"2026-02-11T14:29:44","slug":"la-obra-de-eric-croes-una-invitacion-a-la-imaginacion","status":"publish","type":"oeuvre","link":"https:\/\/monumental-valois.com\/es\/obra-monumental\/la-obra-de-eric-croes-una-invitacion-a-la-imaginacion\/","title":{"rendered":"La obra de Eric Croes: una invitaci\u00f3n a la imaginaci\u00f3n"},"content":{"rendered":"\n<div class=\"wp-block-columns alignwide is-style-espace-60-px is-layout-flex wp-container-core-columns-is-layout-28f84493 wp-block-columns-is-layout-flex\">\n<div class=\"wp-block-column is-layout-flow wp-block-column-is-layout-flow\" style=\"flex-basis:30%\"><div class=\"lazyblock-partager-la-page-Z1SDHFv wp-block-lazyblock-partager-la-page\"> <div class=\"partage-single\">\r\n                        <p>comparte esta p\u00e1gina<\/p>\r\n                        <div class=\"liens\">\r\n                            <a href=\"http:\/\/twitter.com\/share?url=https%3A%2F%2Fmonumental-valois.com%2Fes%2Fobra-monumental%2Fla-obra-de-eric-croes-una-invitacion-a-la-imaginacion%2F\" class=\"share-x\" target=\"_blank\" rel=\"nofollow\" title=\"Compartir en X\"><\/a>\r\n                            <a href=\"http:\/\/www.facebook.com\/sharer.php?u=https%3A%2F%2Fmonumental-valois.com%2Fes%2Fobra-monumental%2Fla-obra-de-eric-croes-una-invitacion-a-la-imaginacion%2F&#038;t=La+obra+de+Eric+Croes%3A+una+invitaci%C3%B3n+a+la+imaginaci%C3%B3n&#038;src=sp\" class=\"share-facebook\" target=\"_blank\" rel=\"nofollow\" title=\"Compartir en Facebook\">\r\n\r\n                            <\/a>\r\n\r\n\r\n                        <\/div>\r\n                    <\/div><\/div><\/div>\n\n\n\n<div class=\"wp-block-column is-layout-flow wp-block-column-is-layout-flow\" style=\"flex-basis:70%\">\n<p class=\"has-28-px-font-size\">El caprichoso mundo del escultor belga Eric Croes cobra vida en el Donjon de Vez, donde se expone una de sus creaciones cer\u00e1micas en el oratorio de la capilla.<\/p>\n<\/div>\n<\/div>\n\n<div class=\"wp-block-group alignfull is-style-fond-blanc-gris\"><div class=\"wp-block-group__inner-container is-layout-constrained wp-block-group-is-layout-constrained\">\n<div class=\"wp-block-columns alignwide are-vertically-aligned-bottom is-style-espace-60-px is-layout-flex wp-container-core-columns-is-layout-28f84493 wp-block-columns-is-layout-flex\">\n<div class=\"wp-block-column is-vertically-aligned-bottom is-layout-flow wp-block-column-is-layout-flow\" style=\"flex-basis:30%\">\n<p class=\"is-style-sur-titre-page\">La obra de Eric Croes: una invitaci\u00f3n a la imaginaci\u00f3n<\/p>\n\n\n\n<h2 class=\"wp-block-heading has-36-px-font-size\"><strong>Una obra entre lo imaginario y lo cotidiano<\/strong><\/h2>\n\n\n\n<p>Especialista en cer\u00e1mica, Eric Croes mezcla en su obra elementos antropom\u00f3rficos y objetos cotidianos, dando lugar a formas h\u00edbridas inesperadas.<\/p>\n\n\n\n<h2 class=\"wp-block-heading has-36-px-font-size\">Tradici\u00f3n y modernidad en di\u00e1logo<\/h2>\n\n\n\n<p>Situada en el coraz\u00f3n de la capilla, su obra es una audaz incorporaci\u00f3n a un lugar cargado de historia. El contraste entre la exuberancia de la cer\u00e1mica y la sobriedad del patrimonio refuerza el impacto visual y emocional de la pieza, invit\u00e1ndonos a reflexionar sobre los v\u00ednculos entre tradici\u00f3n y modernidad. <\/p>\n<\/div>\n\n\n\n<div class=\"wp-block-column is-vertically-aligned-bottom is-layout-flow wp-block-column-is-layout-flow\" style=\"flex-basis:70%\">\n<figure class=\"wp-block-image size-full\"><img loading=\"lazy\" decoding=\"async\" width=\"600\" height=\"801\" src=\"https:\/\/monumental-valois.com\/wp-content\/uploads\/2025\/02\/Eric-Croes-art-contemporain.jpg\" alt=\"Eric Croes: una invitaci&#xF3;n a la imaginaci&#xF3;n\" class=\"wp-image-739\" srcset=\"https:\/\/monumental-valois.com\/wp-content\/uploads\/2025\/02\/Eric-Croes-art-contemporain.jpg 600w, https:\/\/monumental-valois.com\/wp-content\/uploads\/2025\/02\/Eric-Croes-art-contemporain-300x400.jpg 300w, https:\/\/monumental-valois.com\/wp-content\/uploads\/2025\/02\/Eric-Croes-art-contemporain-337x450.jpg 337w, https:\/\/monumental-valois.com\/wp-content\/uploads\/2025\/02\/Eric-Croes-art-contemporain-449x600.jpg 449w\" sizes=\"auto, (max-width: 600px) 100vw, 600px\" \/><\/figure>\n<\/div>\n<\/div>\n<\/div><\/div>\n\n<div style=\"height:50px\" aria-hidden=\"true\" class=\"wp-block-spacer\"><\/div>\n\n<div class=\"wp-block-cover alignwide\"><span aria-hidden=\"true\" class=\"wp-block-cover__background has-noir-background-color has-background-dim\"><\/span><img loading=\"lazy\" decoding=\"async\" width=\"1260\" height=\"848\" class=\"wp-block-cover__image-background wp-image-463\" alt=\"Eric Croes : un sculpteur \u00e0 l\u2019univers singulier\" src=\"https:\/\/monumental-valois.com\/wp-content\/uploads\/2025\/02\/Eric-Croes.jpg\" style=\"object-position:48% 14%\" data-object-fit=\"cover\" data-object-position=\"48% 14%\" srcset=\"https:\/\/monumental-valois.com\/wp-content\/uploads\/2025\/02\/Eric-Croes.jpg 1260w, https:\/\/monumental-valois.com\/wp-content\/uploads\/2025\/02\/Eric-Croes-594x400.jpg 594w, https:\/\/monumental-valois.com\/wp-content\/uploads\/2025\/02\/Eric-Croes-768x517.jpg 768w, https:\/\/monumental-valois.com\/wp-content\/uploads\/2025\/02\/Eric-Croes-450x303.jpg 450w, https:\/\/monumental-valois.com\/wp-content\/uploads\/2025\/02\/Eric-Croes-892x600.jpg 892w\" sizes=\"auto, (max-width: 1260px) 100vw, 1260px\" \/><div class=\"wp-block-cover__inner-container is-layout-constrained wp-block-cover-is-layout-constrained\">\n<h3 class=\"wp-block-heading alignwide has-text-align-left has-64-px-font-size\">Visita la p\u00e1gina<br\/>dedicada al artista<\/h3>\n\n\n\n<div class=\"wp-block-buttons alignwide is-layout-flex wp-block-buttons-is-layout-flex\">\n<div class=\"wp-block-button\"><a class=\"wp-block-button__link wp-element-button\" href=\"https:\/\/monumental-valois.com\/es\/artiste\/eric-croes\/\">Ver al artista<\/a><\/div>\n<\/div>\n<\/div><\/div>\n\n<p><\/p>\n","protected":false},"excerpt":{"rendered":"<p>El caprichoso mundo del escultor belga Eric Croes cobra vida en el Donjon de Vez, donde se expone una de [&hellip;]<\/p>\n","protected":false},"featured_media":1476,"template":"","class_list":["post-1475","oeuvre","type-oeuvre","status-publish","has-post-thumbnail","hentry"],"_links":{"self":[{"href":"https:\/\/monumental-valois.com\/es\/wp-json\/wp\/v2\/oeuvre\/1475","targetHints":{"allow":["GET"]}}],"collection":[{"href":"https:\/\/monumental-valois.com\/es\/wp-json\/wp\/v2\/oeuvre"}],"about":[{"href":"https:\/\/monumental-valois.com\/es\/wp-json\/wp\/v2\/types\/oeuvre"}],"wp:featuredmedia":[{"embeddable":true,"href":"https:\/\/monumental-valois.com\/es\/wp-json\/wp\/v2\/media\/1476"}],"wp:attachment":[{"href":"https:\/\/monumental-valois.com\/es\/wp-json\/wp\/v2\/media?parent=1475"}],"curies":[{"name":"wp","href":"https:\/\/api.w.org\/{rel}","templated":true}]}}

La obra de Eric Croes: una invitación a la imaginación

<div class="wp-block-columns alignwide is-style-espace-60-px is-layout-flex wp-container-core-columns-is-layout-28f84493 wp-block-columns-is-layout-flex">
<div class="wp-block-column is-layout-flow wp-block-column-is-layout-flow" style="flex-basis:30%"><div class="lazyblock-partager-la-page-Z1SDHFv wp-block-lazyblock-partager-la-page"> <div class="partage-single">
                        <p>comparte esta página</p>
                        <div class="liens">
                            <a href="http://twitter.com/share?url=https%3A%2F%2Fmonumental-valois.com%2Fes%2Fobra-monumental%2Fla-obra-de-eric-croes-una-invitacion-a-la-imaginacion%2F" class="share-x" target="_blank" rel="nofollow" title="Compartir en X"></a>
                            <a href="http://www.facebook.com/sharer.php?u=https%3A%2F%2Fmonumental-valois.com%2Fes%2Fobra-monumental%2Fla-obra-de-eric-croes-una-invitacion-a-la-imaginacion%2F&#038;t=La+obra+de+Eric+Croes%3A+una+invitaci%C3%B3n+a+la+imaginaci%C3%B3n&#038;src=sp" class="share-facebook" target="_blank" rel="nofollow" title="Compartir en Facebook">

                            </a>


                        </div>
                    </div></div></div>



<div class="wp-block-column is-layout-flow wp-block-column-is-layout-flow" style="flex-basis:70%">
<p class="has-28-px-font-size">El caprichoso mundo del escultor belga Eric Croes cobra vida en el Donjon de Vez, donde se expone una de sus creaciones cerámicas en el oratorio de la capilla.</p>
</div>
</div>

<div class="wp-block-group alignfull is-style-fond-blanc-gris"><div class="wp-block-group__inner-container is-layout-constrained wp-block-group-is-layout-constrained">
<div class="wp-block-columns alignwide are-vertically-aligned-bottom is-style-espace-60-px is-layout-flex wp-container-core-columns-is-layout-28f84493 wp-block-columns-is-layout-flex">
<div class="wp-block-column is-vertically-aligned-bottom is-layout-flow wp-block-column-is-layout-flow" style="flex-basis:30%">
<p class="is-style-sur-titre-page">La obra de Eric Croes: una invitación a la imaginación</p>



<h2 class="wp-block-heading has-36-px-font-size"><strong>Una obra entre lo imaginario y lo cotidiano</strong></h2>



<p>Especialista en cerámica, Eric Croes mezcla en su obra elementos antropomórficos y objetos cotidianos, dando lugar a formas híbridas inesperadas.</p>



<h2 class="wp-block-heading has-36-px-font-size">Tradición y modernidad en diálogo</h2>



<p>Situada en el corazón de la capilla, su obra es una audaz incorporación a un lugar cargado de historia. El contraste entre la exuberancia de la cerámica y la sobriedad del patrimonio refuerza el impacto visual y emocional de la pieza, invitándonos a reflexionar sobre los vínculos entre tradición y modernidad. </p>
</div>



<div class="wp-block-column is-vertically-aligned-bottom is-layout-flow wp-block-column-is-layout-flow" style="flex-basis:70%">
<figure class="wp-block-image size-full"><img loading="lazy" decoding="async" width="600" height="801" src="https://monumental-valois.com/wp-content/uploads/2025/02/Eric-Croes-art-contemporain.jpg" alt="Eric Croes: una invitaci&#xF3;n a la imaginaci&#xF3;n" class="wp-image-739" srcset="https://monumental-valois.com/wp-content/uploads/2025/02/Eric-Croes-art-contemporain.jpg 600w, https://monumental-valois.com/wp-content/uploads/2025/02/Eric-Croes-art-contemporain-300x400.jpg 300w, https://monumental-valois.com/wp-content/uploads/2025/02/Eric-Croes-art-contemporain-337x450.jpg 337w, https://monumental-valois.com/wp-content/uploads/2025/02/Eric-Croes-art-contemporain-449x600.jpg 449w" sizes="auto, (max-width: 600px) 100vw, 600px" /></figure>
</div>
</div>
</div></div>

<div style="height:50px" aria-hidden="true" class="wp-block-spacer"></div>

<div class="wp-block-cover alignwide"><span aria-hidden="true" class="wp-block-cover__background has-noir-background-color has-background-dim"></span><img loading="lazy" decoding="async" width="1260" height="848" class="wp-block-cover__image-background wp-image-463" alt="Eric Croes : un sculpteur à l’univers singulier" src="https://monumental-valois.com/wp-content/uploads/2025/02/Eric-Croes.jpg" style="object-position:48% 14%" data-object-fit="cover" data-object-position="48% 14%" srcset="https://monumental-valois.com/wp-content/uploads/2025/02/Eric-Croes.jpg 1260w, https://monumental-valois.com/wp-content/uploads/2025/02/Eric-Croes-594x400.jpg 594w, https://monumental-valois.com/wp-content/uploads/2025/02/Eric-Croes-768x517.jpg 768w, https://monumental-valois.com/wp-content/uploads/2025/02/Eric-Croes-450x303.jpg 450w, https://monumental-valois.com/wp-content/uploads/2025/02/Eric-Croes-892x600.jpg 892w" sizes="auto, (max-width: 1260px) 100vw, 1260px" /><div class="wp-block-cover__inner-container is-layout-constrained wp-block-cover-is-layout-constrained">
<h3 class="wp-block-heading alignwide has-text-align-left has-64-px-font-size">Visita la página<br/>dedicada al artista</h3>



<div class="wp-block-buttons alignwide is-layout-flex wp-block-buttons-is-layout-flex">
<div class="wp-block-button"><a class="wp-block-button__link wp-element-button" href="https://monumental-valois.com/es/artiste/eric-croes/">Ver al artista</a></div>
</div>
</div></div>

<p></p>
