{"id":1329,"date":"2024-12-04T11:51:23","date_gmt":"2024-12-04T10:51:23","guid":{"rendered":"https:\/\/monumental-valois.com\/politica-de-privacidad\/"},"modified":"2026-02-19T15:12:55","modified_gmt":"2026-02-19T14:12:55","slug":"politica-de-privacidad","status":"publish","type":"page","link":"https:\/\/monumental-valois.com\/es\/politica-de-privacidad\/","title":{"rendered":"Pol\u00edtica de privacidad"},"content":{"rendered":"\n<div class=\"wp-block-group alignwide\"><div class=\"wp-block-group__inner-container is-layout-constrained wp-block-group-is-layout-constrained\">\n<div class=\"wp-block-columns alignwide is-style-espace-60-px is-layout-flex wp-container-core-columns-is-layout-28f84493 wp-block-columns-is-layout-flex\">\n<div class=\"wp-block-column is-layout-flow wp-block-column-is-layout-flow\" style=\"flex-basis:65%\">\n<h1 class=\"wp-block-heading\"><\/h1>\n\n\n\n<h2 class=\"wp-block-heading\"><strong>Introducci\u00f3n<\/strong><\/h2>\n\n\n\n<p><br\/>El objetivo de esta pol\u00edtica de privacidad es informar a los Usuarios del sitio web https:\/\/monumental-valois.com\/ sobre la recogida, uso, protecci\u00f3n y gesti\u00f3n de sus datos personales. Esta pol\u00edtica se aplica a todos los datos recogidos durante la navegaci\u00f3n por este sitio. El sitio est\u00e1 editado por la Communaut\u00e9 de Communes du Pays de Valois, 62 rue de Soissons, 60800 Cr\u00e9py-en-Valois &#8211; Francia.  <\/p>\n\n\n\n<hr class=\"wp-block-separator has-alpha-channel-opacity\"\/>\n\n\n\n<h2 class=\"wp-block-heading\"><strong>Recogida y uso de datos personales<\/strong><\/h2>\n\n\n\n<p>Recogemos cierta informaci\u00f3n cuando navegas por nuestro sitio o interact\u00faas con nuestros formularios (por ejemplo, a trav\u00e9s de una solicitud de contacto). Estos datos, facilitados voluntariamente, se utilizan con el fin de : <\/p>\n\n\n\n<ul class=\"wp-block-list\">\n<li>Responder a tus peticiones y hacer un seguimiento de tus consultas.<\/li>\n\n\n\n<li>Para mejorar nuestros servicios y personalizar tu experiencia de usuario.<\/li>\n\n\n\n<li>Para enviarte, con tu consentimiento, informaci\u00f3n que pueda ser de tu inter\u00e9s.<\/li>\n<\/ul>\n\n\n\n<p>Nos comprometemos a no vender, alquilar o revelar tus datos personales a terceros, a menos que sea necesario para cumplir una obligaci\u00f3n legal.<\/p>\n\n\n\n<hr class=\"wp-block-separator has-alpha-channel-opacity\"\/>\n\n\n\n<h2 class=\"wp-block-heading\"><strong>Cookies y medidas de an\u00e1lisis<\/strong><\/h2>\n\n\n\n<p>Para optimizar tu experiencia y analizar la audiencia del sitio, utilizamos la herramienta Matomo (Piwik). Esta herramienta recopila de forma an\u00f3nima datos relativos al n\u00famero de visitantes (n\u00famero de visitas, p\u00e1ginas consultadas, duraci\u00f3n de la consulta, etc.) durante un per\u00edodo de conservaci\u00f3n de 13 meses.<br\/>El uso de Matomo no requiere tu consentimiento previo en virtud de una exenci\u00f3n concedida por la CNIL para la cookie de an\u00e1lisis web. Sin embargo, tienes a tu disposici\u00f3n una funci\u00f3n \u00abopt-out\u00bb para desactivar este seguimiento si as\u00ed lo deseas.  <\/p>\n\n\n\n<div id=\"matomo-opt-out\"><\/div>\n<script src=\"https:\/\/logstats.cc-paysdevalois.fr\/index.php?module=CoreAdminHome&#038;action=optOutJS&#038;divId=matomo-opt-out&#038;language=auto&#038;showIntro=1\"><\/script>\n\n\n\n<hr class=\"wp-block-separator has-alpha-channel-opacity\"\/>\n\n\n\n<h2 class=\"wp-block-heading\"><strong>Seguridad de los datos<\/strong><\/h2>\n\n\n\n<p>Aplicamos medidas t\u00e9cnicas y organizativas adecuadas para garantizar la seguridad y confidencialidad de tus datos personales. A pesar de nuestros esfuerzos, ning\u00fan sistema de seguridad es infalible y no podemos garantizar una protecci\u00f3n absoluta contra todo intento de acceso no autorizado. <\/p>\n\n\n\n<hr class=\"wp-block-separator has-alpha-channel-opacity\"\/>\n\n\n\n<h2 class=\"wp-block-heading\"><strong>Tus derechos<\/strong><\/h2>\n\n\n\n<p>De acuerdo con la normativa vigente, tienes derecho a acceder, modificar, rectificar y suprimir tus datos personales. Para ejercer estos derechos, ponte en contacto con nuestro Responsable de Protecci\u00f3n de Datos (RPD) en la siguiente direcci\u00f3n ADICO &#8211; 5 rue Jean Monnet, 60000 Beauvais <\/p>\n\n\n\n<hr class=\"wp-block-separator has-alpha-channel-opacity\"\/>\n\n\n\n<h2 class=\"wp-block-heading\"><strong>Cambios en la pol\u00edtica de privacidad<\/strong><\/h2>\n\n\n\n<p>Esta pol\u00edtica de privacidad puede modificarse en cualquier momento en funci\u00f3n de los cambios en la legislaci\u00f3n o en nuestras pr\u00e1cticas internas. Por favor, cons\u00faltala regularmente para conocer las actualizaciones. <\/p>\n\n\n\n<hr class=\"wp-block-separator has-alpha-channel-opacity\"\/>\n\n\n\n<h2 class=\"wp-block-heading\"><strong>Ponte en contacto con<\/strong><\/h2>\n\n\n\n<p>Si tienes alguna pregunta sobre esta <strong>pol\u00edtica de privacidad<\/strong> o deseas ejercer tus derechos, puedes ponerte en contacto con nosotros a trav\u00e9s de :<\/p>\n\n\n\n<ul class=\"wp-block-list\">\n<li>Por correo electr\u00f3nico: info@monumental-valois.fr<\/li>\n\n\n\n<li>Por correo:<br\/>Communaut\u00e9 de Communes du Pays de Valois<br\/>62, rue de Soissons 60800 Cr\u00e9py-en-Valois &#8211; FRANCIA<\/li>\n<\/ul>\n<\/div>\n\n\n\n<div class=\"wp-block-column is-vertically-aligned-stretch has-gris-clair-background-color has-background is-layout-flow wp-block-column-is-layout-flow\" style=\"flex-basis:35%\">\n<div class=\"wp-block-group is-style-col-adr has-gris-clair-background-color has-background\"><div class=\"wp-block-group__inner-container is-layout-constrained wp-block-group-is-layout-constrained\"><div class=\"lazyblock-bloc-adresse-ZLdnye wp-block-lazyblock-bloc-adresse\">\n<div class=\"bloc-adresse\">\n  <div class=\"logos\">\n    <a href=\"https:\/\/monumental-valois.com\">\n  <img decoding=\"async\" src=\"https:\/\/monumental-valois.com\/wp-content\/themes\/monumental-valois\/images\/logo-monumental-valois-footer.svg\">\n  <\/a>\n  <a href=\"https:\/\/www.cc-paysdevalois.fr\/\" title=\"Communaut\u00e9 de Communes du Pays de Valois\" target=\"_blank\" rel=\"noopener\">\n<img decoding=\"async\" src=\"https:\/\/monumental-valois.com\/wp-content\/themes\/monumental-valois\/images\/logo-ccpv-nb.svg\" alt=\"Communaut\u00e9 de Communes du Pays de Valois\">\n<\/a>\n  <\/div>\n  <p class=\"titre-adr\">COMMUNAUT\u00c9 DE COMMUNES \r\nDU PAYS DE VALOIS<\/p>\n  <p class=\"texte-adr\">62 rue de Soissons<br>\n60800 Cr\u00e9py-en-Valois<\/p>\n\n <p class=\"mail-tel\">\n <a href=\"tel:+33361589190\" rel=\"nofollow\" class=\"tel\" title=\"Contacta con nosotros por tel\u00e9fono\">+33 3 61 58 91 90<\/a>\n<br>\n <a href=\"mailto:&#105;&#110;&#102;&#111;&#64;&#109;&#111;&#110;&#117;&#109;&#101;&#110;&#116;&#97;&#108;&#45;&#118;&#97;&#108;&#111;&#105;&#115;&#46;&#102;&#114;\" rel=\"nofollow\" class=\"mail\" target=\"_blank\" title=\"Contacta con nosotros por correo electr\u00f3nico\">&#105;&#110;&#102;&#111;&#64;&#109;&#111;&#110;&#117;&#109;&#101;&#110;&#116;&#97;&#108;&#45;&#118;&#97;&#108;&#111;&#105;&#115;&#46;&#102;&#114;<\/a>\n <\/p>\n\n <div class=\"reseaux\">\n                            <p>\u00a1S\u00edguenos en las redes sociales!<\/p>\n                            <a href=\"https:\/\/www.facebook.com\/CCPaysdeValois\/?locale=fr_FR\" rel=\"nofollow noopener\" target=\"_blank\" class=\"picto-facebook\"><\/a>\n                            <a href=\"\" rel=\"nofollow\" target=\"_blank\" class=\"picto-x\"><\/a>\n                            <a href=\"https:\/\/www.instagram.com\/ccpaysdevalois\/\" rel=\"nofollow noopener\" target=\"_blank\" class=\"picto-instagram\"><\/a>\n                        <\/div>\n\n<\/div><\/div><\/div><\/div>\n<\/div>\n<\/div>\n<\/div><\/div>\n\n<div class=\"wp-block-group\"\/>\n","protected":false},"excerpt":{"rendered":"<p>Introducci\u00f3n El objetivo de esta pol\u00edtica de privacidad es informar a los Usuarios del sitio web https:\/\/monumental-valois.com\/ sobre la recogida, [&hellip;]<\/p>\n","protected":false},"author":1,"featured_media":0,"parent":0,"menu_order":0,"comment_status":"closed","ping_status":"open","template":"page-sans-img-avant.php","meta":{"footnotes":""},"class_list":["post-1329","page","type-page","status-publish","hentry"],"_links":{"self":[{"href":"https:\/\/monumental-valois.com\/es\/wp-json\/wp\/v2\/pages\/1329","targetHints":{"allow":["GET"]}}],"collection":[{"href":"https:\/\/monumental-valois.com\/es\/wp-json\/wp\/v2\/pages"}],"about":[{"href":"https:\/\/monumental-valois.com\/es\/wp-json\/wp\/v2\/types\/page"}],"author":[{"embeddable":true,"href":"https:\/\/monumental-valois.com\/es\/wp-json\/wp\/v2\/users\/1"}],"replies":[{"embeddable":true,"href":"https:\/\/monumental-valois.com\/es\/wp-json\/wp\/v2\/comments?post=1329"}],"version-history":[{"count":0,"href":"https:\/\/monumental-valois.com\/es\/wp-json\/wp\/v2\/pages\/1329\/revisions"}],"wp:attachment":[{"href":"https:\/\/monumental-valois.com\/es\/wp-json\/wp\/v2\/media?parent=1329"}],"curies":[{"name":"wp","href":"https:\/\/api.w.org\/{rel}","templated":true}]}}

Política de privacidad

<div class="wp-block-group alignwide"><div class="wp-block-group__inner-container is-layout-constrained wp-block-group-is-layout-constrained">
<div class="wp-block-columns alignwide is-style-espace-60-px is-layout-flex wp-container-core-columns-is-layout-28f84493 wp-block-columns-is-layout-flex">
<div class="wp-block-column is-layout-flow wp-block-column-is-layout-flow" style="flex-basis:65%">
<h1 class="wp-block-heading"></h1>



<h2 class="wp-block-heading"><strong>Introducción</strong></h2>



<p><br/>El objetivo de esta política de privacidad es informar a los Usuarios del sitio web https://monumental-valois.com/ sobre la recogida, uso, protección y gestión de sus datos personales. Esta política se aplica a todos los datos recogidos durante la navegación por este sitio. El sitio está editado por la Communauté de Communes du Pays de Valois, 62 rue de Soissons, 60800 Crépy-en-Valois &#8211; Francia.  </p>



<hr class="wp-block-separator has-alpha-channel-opacity"/>



<h2 class="wp-block-heading"><strong>Recogida y uso de datos personales</strong></h2>



<p>Recogemos cierta información cuando navegas por nuestro sitio o interactúas con nuestros formularios (por ejemplo, a través de una solicitud de contacto). Estos datos, facilitados voluntariamente, se utilizan con el fin de : </p>



<ul class="wp-block-list">
<li>Responder a tus peticiones y hacer un seguimiento de tus consultas.</li>



<li>Para mejorar nuestros servicios y personalizar tu experiencia de usuario.</li>



<li>Para enviarte, con tu consentimiento, información que pueda ser de tu interés.</li>
</ul>



<p>Nos comprometemos a no vender, alquilar o revelar tus datos personales a terceros, a menos que sea necesario para cumplir una obligación legal.</p>



<hr class="wp-block-separator has-alpha-channel-opacity"/>



<h2 class="wp-block-heading"><strong>Cookies y medidas de análisis</strong></h2>



<p>Para optimizar tu experiencia y analizar la audiencia del sitio, utilizamos la herramienta Matomo (Piwik). Esta herramienta recopila de forma anónima datos relativos al número de visitantes (número de visitas, páginas consultadas, duración de la consulta, etc.) durante un período de conservación de 13 meses.<br/>El uso de Matomo no requiere tu consentimiento previo en virtud de una exención concedida por la CNIL para la cookie de análisis web. Sin embargo, tienes a tu disposición una función «opt-out» para desactivar este seguimiento si así lo deseas.  </p>



<div id="matomo-opt-out"></div>
<script src="https://logstats.cc-paysdevalois.fr/index.php?module=CoreAdminHome&#038;action=optOutJS&#038;divId=matomo-opt-out&#038;language=auto&#038;showIntro=1"></script>



<hr class="wp-block-separator has-alpha-channel-opacity"/>



<h2 class="wp-block-heading"><strong>Seguridad de los datos</strong></h2>



<p>Aplicamos medidas técnicas y organizativas adecuadas para garantizar la seguridad y confidencialidad de tus datos personales. A pesar de nuestros esfuerzos, ningún sistema de seguridad es infalible y no podemos garantizar una protección absoluta contra todo intento de acceso no autorizado. </p>



<hr class="wp-block-separator has-alpha-channel-opacity"/>



<h2 class="wp-block-heading"><strong>Tus derechos</strong></h2>



<p>De acuerdo con la normativa vigente, tienes derecho a acceder, modificar, rectificar y suprimir tus datos personales. Para ejercer estos derechos, ponte en contacto con nuestro Responsable de Protección de Datos (RPD) en la siguiente dirección ADICO &#8211; 5 rue Jean Monnet, 60000 Beauvais </p>



<hr class="wp-block-separator has-alpha-channel-opacity"/>



<h2 class="wp-block-heading"><strong>Cambios en la política de privacidad</strong></h2>



<p>Esta política de privacidad puede modificarse en cualquier momento en función de los cambios en la legislación o en nuestras prácticas internas. Por favor, consúltala regularmente para conocer las actualizaciones. </p>



<hr class="wp-block-separator has-alpha-channel-opacity"/>



<h2 class="wp-block-heading"><strong>Ponte en contacto con</strong></h2>



<p>Si tienes alguna pregunta sobre esta <strong>política de privacidad</strong> o deseas ejercer tus derechos, puedes ponerte en contacto con nosotros a través de :</p>



<ul class="wp-block-list">
<li>Por correo electrónico: info@monumental-valois.fr</li>



<li>Por correo:<br/>Communauté de Communes du Pays de Valois<br/>62, rue de Soissons 60800 Crépy-en-Valois &#8211; FRANCIA</li>
</ul>
</div>



<div class="wp-block-column is-vertically-aligned-stretch has-gris-clair-background-color has-background is-layout-flow wp-block-column-is-layout-flow" style="flex-basis:35%">
<div class="wp-block-group is-style-col-adr has-gris-clair-background-color has-background"><div class="wp-block-group__inner-container is-layout-constrained wp-block-group-is-layout-constrained"><div class="lazyblock-bloc-adresse-ZLdnye wp-block-lazyblock-bloc-adresse">
<div class="bloc-adresse">
  <div class="logos">
    <a href="https://monumental-valois.com">
  <img decoding="async" src="https://monumental-valois.com/wp-content/themes/monumental-valois/images/logo-monumental-valois-footer.svg">
  </a>
  <a href="https://www.cc-paysdevalois.fr/" title="Communauté de Communes du Pays de Valois" target="_blank" rel="noopener">
<img decoding="async" src="https://monumental-valois.com/wp-content/themes/monumental-valois/images/logo-ccpv-nb.svg" alt="Communauté de Communes du Pays de Valois">
</a>
  </div>
  <p class="titre-adr">COMMUNAUTÉ DE COMMUNES 
DU PAYS DE VALOIS</p>
  <p class="texte-adr">62 rue de Soissons<br>
60800 Crépy-en-Valois</p>

 <p class="mail-tel">
 <a href="tel:+33361589190" rel="nofollow" class="tel" title="Contacta con nosotros por teléfono">+33 3 61 58 91 90</a>
<br>
 <a href="mailto:&#105;&#110;&#102;&#111;&#64;&#109;&#111;&#110;&#117;&#109;&#101;&#110;&#116;&#97;&#108;&#45;&#118;&#97;&#108;&#111;&#105;&#115;&#46;&#102;&#114;" rel="nofollow" class="mail" target="_blank" title="Contacta con nosotros por correo electrónico">&#105;&#110;&#102;&#111;&#64;&#109;&#111;&#110;&#117;&#109;&#101;&#110;&#116;&#97;&#108;&#45;&#118;&#97;&#108;&#111;&#105;&#115;&#46;&#102;&#114;</a>
 </p>

 <div class="reseaux">
                            <p>¡Síguenos en las redes sociales!</p>
                            <a href="https://www.facebook.com/CCPaysdeValois/?locale=fr_FR" rel="nofollow noopener" target="_blank" class="picto-facebook"></a>
                            <a href="" rel="nofollow" target="_blank" class="picto-x"></a>
                            <a href="https://www.instagram.com/ccpaysdevalois/" rel="nofollow noopener" target="_blank" class="picto-instagram"></a>
                        </div>

</div></div></div></div>
</div>
</div>
</div></div>

<div class="wp-block-group"/>

<p>Introducción El objetivo de esta política de privacidad es informar a los Usuarios del sitio web https://monumental-valois.com/ sobre la recogida, [&hellip;]</p>
