{"id":1330,"date":"2025-03-26T15:50:19","date_gmt":"2025-03-26T14:50:19","guid":{"rendered":"https:\/\/monumental-valois.com\/monumental-valois-un-proyecto-de-arte-contemporaneo-unico-en-europa\/"},"modified":"2026-02-11T15:23:57","modified_gmt":"2026-02-11T14:23:57","slug":"monumental-valois-un-proyecto-de-arte-contemporaneo-unico-en-europa","status":"publish","type":"page","link":"https:\/\/monumental-valois.com\/es\/monumental-valois-un-proyecto-de-arte-contemporaneo-unico-en-europa\/","title":{"rendered":"Monumental Valois: un proyecto de arte contempor\u00e1neo \u00fanico en Europa"},"content":{"rendered":"\n<div class=\"wp-block-columns alignwide are-vertically-aligned-top is-style-espace-60-px is-layout-flex wp-container-core-columns-is-layout-28f84493 wp-block-columns-is-layout-flex\">\n<div class=\"wp-block-column is-vertically-aligned-top is-style-default is-layout-flow wp-block-column-is-layout-flow\" style=\"flex-basis:34%\"><div class=\"lazyblock-partager-la-page-yncXr wp-block-lazyblock-partager-la-page\"> <div class=\"partage-single\">\r\n                        <p>comparte esta p\u00e1gina<\/p>\r\n                        <div class=\"liens\">\r\n                            <a href=\"http:\/\/twitter.com\/share?url=https%3A%2F%2Fmonumental-valois.com%2Fes%2Fmonumental-valois-un-proyecto-de-arte-contemporaneo-unico-en-europa%2F\" class=\"share-x\" target=\"_blank\" rel=\"nofollow\" title=\"Compartir en X\"><\/a>\r\n                            <a href=\"http:\/\/www.facebook.com\/sharer.php?u=https%3A%2F%2Fmonumental-valois.com%2Fes%2Fmonumental-valois-un-proyecto-de-arte-contemporaneo-unico-en-europa%2F&#038;t=Monumental+Valois%3A+un+proyecto+de+arte+contempor%C3%A1neo+%C3%BAnico+en+Europa&#038;src=sp\" class=\"share-facebook\" target=\"_blank\" rel=\"nofollow\" title=\"Compartir en Facebook\">\r\n\r\n                            <\/a>\r\n\r\n\r\n                        <\/div>\r\n                    <\/div><\/div>\n\n\n<div style=\"height:370px\" aria-hidden=\"true\" class=\"wp-block-spacer\"><\/div>\n\n\n\n<p class=\"is-style-sur-titre-page\">Sobre nosotros<\/p>\n\n\n\n<h2 class=\"wp-block-heading has-36-px-font-size\">Una iniciativa art\u00edstica y tur\u00edstica \u00fanica<\/h2>\n\n\n\n<p>Monumental Valois es una iniciativa art\u00edstica y tur\u00edstica innovadora basada en la Communaut\u00e9 de Communes du Pays de Valois e inspirada en ejemplos internacionales de Jap\u00f3n, Estados Unidos y Brasil. El objetivo de este proyecto, \u00fanico en su g\u00e9nero en Europa, es crear un rastro de esculturas monumentales, arquitectura y graffiti contempor\u00e1neo, diseminados por los 62 municipios de la zona. Se financia con un fondo de dotaci\u00f3n que se est\u00e1 creando actualmente.<\/p>\n<\/div>\n\n\n\n<div class=\"wp-block-column is-vertically-aligned-top is-layout-flow wp-block-column-is-layout-flow\" style=\"flex-basis:66%\">\n<p>Monumental Valois es un proyecto art\u00edstico y cultural que invita a artistas contempor\u00e1neos a comprometerse con el patrimonio de la regi\u00f3n revisitando monumentos emblem\u00e1ticos. Cada obra ofrece una nueva interpretaci\u00f3n del lugar que ocupa, ofreciendo a los visitantes una mirada sensible, po\u00e9tica o ins\u00f3lita sobre la historia y la arquitectura. Monumental Valois celebra el encuentro entre el arte contempor\u00e1neo, la memoria colectiva y la identidad local.  <\/p>\n\n\n\n<div style=\"height:100px\" aria-hidden=\"true\" class=\"wp-block-spacer\"><\/div>\n\n\n\n<figure class=\"wp-block-image size-full\"><img loading=\"lazy\" decoding=\"async\" width=\"1000\" height=\"888\" src=\"https:\/\/monumental-valois.com\/wp-content\/uploads\/2024\/12\/FresqueReskate-pays-valois-jour.jpg\" alt=\"\" class=\"wp-image-484\" srcset=\"https:\/\/monumental-valois.com\/wp-content\/uploads\/2024\/12\/FresqueReskate-pays-valois-jour.jpg 1000w, https:\/\/monumental-valois.com\/wp-content\/uploads\/2024\/12\/FresqueReskate-pays-valois-jour-450x400.jpg 450w, https:\/\/monumental-valois.com\/wp-content\/uploads\/2024\/12\/FresqueReskate-pays-valois-jour-768x682.jpg 768w, https:\/\/monumental-valois.com\/wp-content\/uploads\/2024\/12\/FresqueReskate-pays-valois-jour-676x600.jpg 676w\" sizes=\"auto, (max-width: 1000px) 100vw, 1000px\" \/><\/figure>\n\n\n\n<p class=\"has-30-px-font-size\">El objetivo es poner de relieve la naturaleza y el patrimonio cultural local, integrando obras de artistas de renombre en los paisajes y monumentos hist\u00f3ricos del Pa\u00eds de Valois.<\/p>\n<\/div>\n<\/div>\n\n<div style=\"height:100px\" aria-hidden=\"true\" class=\"wp-block-spacer\"><\/div>\n\n<div class=\"wp-block-columns alignwide are-vertically-aligned-top is-style-espace-60-px is-layout-flex wp-container-core-columns-is-layout-28f84493 wp-block-columns-is-layout-flex\">\n<div class=\"wp-block-column is-vertically-aligned-top is-style-default is-layout-flow wp-block-column-is-layout-flow\" style=\"flex-basis:34%\">\n<figure class=\"wp-block-image size-full\"><img loading=\"lazy\" decoding=\"async\" width=\"600\" height=\"900\" src=\"https:\/\/monumental-valois.com\/wp-content\/uploads\/2025\/02\/Obliques-photo-1-benar-venet.jpg\" alt=\"9 l&#xED;neas oblicuas: el impulso monumental de Bernar Venet\" class=\"wp-image-810\" srcset=\"https:\/\/monumental-valois.com\/wp-content\/uploads\/2025\/02\/Obliques-photo-1-benar-venet.jpg 600w, https:\/\/monumental-valois.com\/wp-content\/uploads\/2025\/02\/Obliques-photo-1-benar-venet-267x400.jpg 267w, https:\/\/monumental-valois.com\/wp-content\/uploads\/2025\/02\/Obliques-photo-1-benar-venet-300x450.jpg 300w, https:\/\/monumental-valois.com\/wp-content\/uploads\/2025\/02\/Obliques-photo-1-benar-venet-400x600.jpg 400w\" sizes=\"auto, (max-width: 600px) 100vw, 600px\" \/><\/figure>\n<\/div>\n\n\n\n<div class=\"wp-block-column is-vertically-aligned-top is-layout-flow wp-block-column-is-layout-flow\" style=\"flex-basis:66%\">\n<figure class=\"wp-block-image size-full\"><img loading=\"lazy\" decoding=\"async\" width=\"1500\" height=\"998\" src=\"https:\/\/monumental-valois.com\/wp-content\/uploads\/2025\/02\/Relatum-X.jpg\" alt=\"Relatum X: di&#xE1;logo entre el hombre y la naturaleza\" class=\"wp-image-569\" srcset=\"https:\/\/monumental-valois.com\/wp-content\/uploads\/2025\/02\/Relatum-X.jpg 1500w, https:\/\/monumental-valois.com\/wp-content\/uploads\/2025\/02\/Relatum-X-601x400.jpg 601w, https:\/\/monumental-valois.com\/wp-content\/uploads\/2025\/02\/Relatum-X-1353x900.jpg 1353w, https:\/\/monumental-valois.com\/wp-content\/uploads\/2025\/02\/Relatum-X-768x511.jpg 768w, https:\/\/monumental-valois.com\/wp-content\/uploads\/2025\/02\/Relatum-X-450x299.jpg 450w, https:\/\/monumental-valois.com\/wp-content\/uploads\/2025\/02\/Relatum-X-902x600.jpg 902w\" sizes=\"auto, (max-width: 1500px) 100vw, 1500px\" \/><\/figure>\n\n\n\n<div class=\"wp-block-group is-style-largeur-max-370\"><div class=\"wp-block-group__inner-container is-layout-constrained wp-block-group-is-layout-constrained\">\n<p class=\"is-style-sur-titre-page\">Sobre nosotros<\/p>\n\n\n\n<h2 class=\"wp-block-heading has-36-px-font-size\">Un aut\u00e9ntico museo al aire libre<\/h2>\n\n\n\n<p>En el coraz\u00f3n del proyecto regional de la Communaut\u00e9 de Communes, este museo al aire libre pone la innovaci\u00f3n al servicio del turismo, la cultura y el medio ambiente. Este itinerario \u00fanico se inspira en el rico patrimonio natural y arquitect\u00f3nico de Valois, acogiendo creaciones de artistas internacionales o proponiendo intervenciones art\u00edsticas directamente en lugares hist\u00f3ricos y naturales.<\/p>\n<\/div><\/div>\n<\/div>\n<\/div>\n\n<div style=\"height:100px\" aria-hidden=\"true\" class=\"wp-block-spacer\"><\/div>\n\n<div class=\"wp-block-group alignfull has-noir-background-color has-background\"><div class=\"wp-block-group__inner-container is-layout-constrained wp-block-group-is-layout-constrained\">\n<div style=\"height:50px\" aria-hidden=\"true\" class=\"wp-block-spacer\"><\/div>\n\n\n\n<div class=\"wp-block-group alignwide\"><div class=\"wp-block-group__inner-container is-layout-constrained wp-block-group-is-layout-constrained\">\n<p class=\"is-style-sur-titre-artiste has-blanc-color has-text-color has-link-color wp-elements-a974f2fa6c90f69b0085e6e782609c57\">la regi\u00f3n de valois<\/p>\n\n\n\n<h3 class=\"wp-block-heading alignwide has-blanc-color has-text-color has-link-color has-60-px-font-size wp-elements-a912f29863d87e0b9111eba90754f976\">Tierra de historia, el Pa\u00eds de Valois posee un patrimonio excepcional que atestigua su glorioso pasado.<\/h3>\n<\/div><\/div>\n\n\n\n<div style=\"height:50px\" aria-hidden=\"true\" class=\"wp-block-spacer\"><\/div>\n<\/div><\/div>\n\n<div style=\"height:100px\" aria-hidden=\"true\" class=\"wp-block-spacer\"><\/div>\n\n<div class=\"wp-block-columns alignwide are-vertically-aligned-bottom is-style-espace-60-px is-layout-flex wp-container-core-columns-is-layout-28f84493 wp-block-columns-is-layout-flex\">\n<div class=\"wp-block-column is-vertically-aligned-bottom is-style-default is-layout-flow wp-block-column-is-layout-flow\" style=\"flex-basis:34%\">\n<p class=\"is-style-sur-titre-page\">Sobre nosotros<\/p>\n\n\n\n<h2 class=\"wp-block-heading has-36-px-font-size\">Un viaje de esculturas extraordinarias<\/h2>\n\n\n\n<p>A largo plazo, el proyecto pretende establecer un aut\u00e9ntico sendero de obras monumentales por todo el Pays de Valois, donde cada creaci\u00f3n, al tiempo que se integra armoniosamente en su entorno, ofrece una interpretaci\u00f3n de la identidad del Pays de Valois. Con esta iniciativa, la regi\u00f3n aspira a convertirse en un lugar de expresi\u00f3n contempor\u00e1nea, donde el arte, la naturaleza y la historia se encuentran e interact\u00faan en armon\u00eda. <\/p>\n<\/div>\n\n\n\n<div class=\"wp-block-column is-vertically-aligned-bottom is-layout-flow wp-block-column-is-layout-flow\" style=\"flex-basis:66%\">\n<figure class=\"wp-block-image size-full\"><img loading=\"lazy\" decoding=\"async\" width=\"1024\" height=\"768\" src=\"https:\/\/monumental-valois.com\/wp-content\/uploads\/2025\/02\/Cabanes.jpg\" alt=\"Chozas: obras suspendidas\" class=\"wp-image-572\" srcset=\"https:\/\/monumental-valois.com\/wp-content\/uploads\/2025\/02\/Cabanes.jpg 1024w, https:\/\/monumental-valois.com\/wp-content\/uploads\/2025\/02\/Cabanes-533x400.jpg 533w, https:\/\/monumental-valois.com\/wp-content\/uploads\/2025\/02\/Cabanes-768x576.jpg 768w, https:\/\/monumental-valois.com\/wp-content\/uploads\/2025\/02\/Cabanes-450x338.jpg 450w, https:\/\/monumental-valois.com\/wp-content\/uploads\/2025\/02\/Cabanes-800x600.jpg 800w\" sizes=\"auto, (max-width: 1024px) 100vw, 1024px\" \/><\/figure>\n<\/div>\n<\/div>\n","protected":false},"excerpt":{"rendered":"<p>Sobre nosotros Una iniciativa art\u00edstica y tur\u00edstica \u00fanica Monumental Valois es una iniciativa art\u00edstica y tur\u00edstica innovadora basada en la [&hellip;]<\/p>\n","protected":false},"author":1,"featured_media":1331,"parent":0,"menu_order":0,"comment_status":"closed","ping_status":"closed","template":"","meta":{"footnotes":""},"class_list":["post-1330","page","type-page","status-publish","has-post-thumbnail","hentry"],"_links":{"self":[{"href":"https:\/\/monumental-valois.com\/es\/wp-json\/wp\/v2\/pages\/1330","targetHints":{"allow":["GET"]}}],"collection":[{"href":"https:\/\/monumental-valois.com\/es\/wp-json\/wp\/v2\/pages"}],"about":[{"href":"https:\/\/monumental-valois.com\/es\/wp-json\/wp\/v2\/types\/page"}],"author":[{"embeddable":true,"href":"https:\/\/monumental-valois.com\/es\/wp-json\/wp\/v2\/users\/1"}],"replies":[{"embeddable":true,"href":"https:\/\/monumental-valois.com\/es\/wp-json\/wp\/v2\/comments?post=1330"}],"version-history":[{"count":0,"href":"https:\/\/monumental-valois.com\/es\/wp-json\/wp\/v2\/pages\/1330\/revisions"}],"wp:featuredmedia":[{"embeddable":true,"href":"https:\/\/monumental-valois.com\/es\/wp-json\/wp\/v2\/media\/1331"}],"wp:attachment":[{"href":"https:\/\/monumental-valois.com\/es\/wp-json\/wp\/v2\/media?parent=1330"}],"curies":[{"name":"wp","href":"https:\/\/api.w.org\/{rel}","templated":true}]}}

Monumental Valois: un proyecto de arte contemporáneo único en Europa

<div class="wp-block-columns alignwide are-vertically-aligned-top is-style-espace-60-px is-layout-flex wp-container-core-columns-is-layout-28f84493 wp-block-columns-is-layout-flex">
<div class="wp-block-column is-vertically-aligned-top is-style-default is-layout-flow wp-block-column-is-layout-flow" style="flex-basis:34%"><div class="lazyblock-partager-la-page-yncXr wp-block-lazyblock-partager-la-page"> <div class="partage-single">
                        <p>comparte esta página</p>
                        <div class="liens">
                            <a href="http://twitter.com/share?url=https%3A%2F%2Fmonumental-valois.com%2Fes%2Fmonumental-valois-un-proyecto-de-arte-contemporaneo-unico-en-europa%2F" class="share-x" target="_blank" rel="nofollow" title="Compartir en X"></a>
                            <a href="http://www.facebook.com/sharer.php?u=https%3A%2F%2Fmonumental-valois.com%2Fes%2Fmonumental-valois-un-proyecto-de-arte-contemporaneo-unico-en-europa%2F&#038;t=Monumental+Valois%3A+un+proyecto+de+arte+contempor%C3%A1neo+%C3%BAnico+en+Europa&#038;src=sp" class="share-facebook" target="_blank" rel="nofollow" title="Compartir en Facebook">

                            </a>


                        </div>
                    </div></div>


<div style="height:370px" aria-hidden="true" class="wp-block-spacer"></div>



<p class="is-style-sur-titre-page">Sobre nosotros</p>



<h2 class="wp-block-heading has-36-px-font-size">Una iniciativa artística y turística única</h2>



<p>Monumental Valois es una iniciativa artística y turística innovadora basada en la Communauté de Communes du Pays de Valois e inspirada en ejemplos internacionales de Japón, Estados Unidos y Brasil. El objetivo de este proyecto, único en su género en Europa, es crear un rastro de esculturas monumentales, arquitectura y graffiti contemporáneo, diseminados por los 62 municipios de la zona. Se financia con un fondo de dotación que se está creando actualmente.</p>
</div>



<div class="wp-block-column is-vertically-aligned-top is-layout-flow wp-block-column-is-layout-flow" style="flex-basis:66%">
<p>Monumental Valois es un proyecto artístico y cultural que invita a artistas contemporáneos a comprometerse con el patrimonio de la región revisitando monumentos emblemáticos. Cada obra ofrece una nueva interpretación del lugar que ocupa, ofreciendo a los visitantes una mirada sensible, poética o insólita sobre la historia y la arquitectura. Monumental Valois celebra el encuentro entre el arte contemporáneo, la memoria colectiva y la identidad local.  </p>



<div style="height:100px" aria-hidden="true" class="wp-block-spacer"></div>



<figure class="wp-block-image size-full"><img loading="lazy" decoding="async" width="1000" height="888" src="https://monumental-valois.com/wp-content/uploads/2024/12/FresqueReskate-pays-valois-jour.jpg" alt="" class="wp-image-484" srcset="https://monumental-valois.com/wp-content/uploads/2024/12/FresqueReskate-pays-valois-jour.jpg 1000w, https://monumental-valois.com/wp-content/uploads/2024/12/FresqueReskate-pays-valois-jour-450x400.jpg 450w, https://monumental-valois.com/wp-content/uploads/2024/12/FresqueReskate-pays-valois-jour-768x682.jpg 768w, https://monumental-valois.com/wp-content/uploads/2024/12/FresqueReskate-pays-valois-jour-676x600.jpg 676w" sizes="auto, (max-width: 1000px) 100vw, 1000px" /></figure>



<p class="has-30-px-font-size">El objetivo es poner de relieve la naturaleza y el patrimonio cultural local, integrando obras de artistas de renombre en los paisajes y monumentos históricos del País de Valois.</p>
</div>
</div>

<div style="height:100px" aria-hidden="true" class="wp-block-spacer"></div>

<div class="wp-block-columns alignwide are-vertically-aligned-top is-style-espace-60-px is-layout-flex wp-container-core-columns-is-layout-28f84493 wp-block-columns-is-layout-flex">
<div class="wp-block-column is-vertically-aligned-top is-style-default is-layout-flow wp-block-column-is-layout-flow" style="flex-basis:34%">
<figure class="wp-block-image size-full"><img loading="lazy" decoding="async" width="600" height="900" src="https://monumental-valois.com/wp-content/uploads/2025/02/Obliques-photo-1-benar-venet.jpg" alt="9 l&#xED;neas oblicuas: el impulso monumental de Bernar Venet" class="wp-image-810" srcset="https://monumental-valois.com/wp-content/uploads/2025/02/Obliques-photo-1-benar-venet.jpg 600w, https://monumental-valois.com/wp-content/uploads/2025/02/Obliques-photo-1-benar-venet-267x400.jpg 267w, https://monumental-valois.com/wp-content/uploads/2025/02/Obliques-photo-1-benar-venet-300x450.jpg 300w, https://monumental-valois.com/wp-content/uploads/2025/02/Obliques-photo-1-benar-venet-400x600.jpg 400w" sizes="auto, (max-width: 600px) 100vw, 600px" /></figure>
</div>



<div class="wp-block-column is-vertically-aligned-top is-layout-flow wp-block-column-is-layout-flow" style="flex-basis:66%">
<figure class="wp-block-image size-full"><img loading="lazy" decoding="async" width="1500" height="998" src="https://monumental-valois.com/wp-content/uploads/2025/02/Relatum-X.jpg" alt="Relatum X: di&#xE1;logo entre el hombre y la naturaleza" class="wp-image-569" srcset="https://monumental-valois.com/wp-content/uploads/2025/02/Relatum-X.jpg 1500w, https://monumental-valois.com/wp-content/uploads/2025/02/Relatum-X-601x400.jpg 601w, https://monumental-valois.com/wp-content/uploads/2025/02/Relatum-X-1353x900.jpg 1353w, https://monumental-valois.com/wp-content/uploads/2025/02/Relatum-X-768x511.jpg 768w, https://monumental-valois.com/wp-content/uploads/2025/02/Relatum-X-450x299.jpg 450w, https://monumental-valois.com/wp-content/uploads/2025/02/Relatum-X-902x600.jpg 902w" sizes="auto, (max-width: 1500px) 100vw, 1500px" /></figure>



<div class="wp-block-group is-style-largeur-max-370"><div class="wp-block-group__inner-container is-layout-constrained wp-block-group-is-layout-constrained">
<p class="is-style-sur-titre-page">Sobre nosotros</p>



<h2 class="wp-block-heading has-36-px-font-size">Un auténtico museo al aire libre</h2>



<p>En el corazón del proyecto regional de la Communauté de Communes, este museo al aire libre pone la innovación al servicio del turismo, la cultura y el medio ambiente. Este itinerario único se inspira en el rico patrimonio natural y arquitectónico de Valois, acogiendo creaciones de artistas internacionales o proponiendo intervenciones artísticas directamente en lugares históricos y naturales.</p>
</div></div>
</div>
</div>

<div style="height:100px" aria-hidden="true" class="wp-block-spacer"></div>

<div class="wp-block-group alignfull has-noir-background-color has-background"><div class="wp-block-group__inner-container is-layout-constrained wp-block-group-is-layout-constrained">
<div style="height:50px" aria-hidden="true" class="wp-block-spacer"></div>



<div class="wp-block-group alignwide"><div class="wp-block-group__inner-container is-layout-constrained wp-block-group-is-layout-constrained">
<p class="is-style-sur-titre-artiste has-blanc-color has-text-color has-link-color wp-elements-a974f2fa6c90f69b0085e6e782609c57">la región de valois</p>



<h3 class="wp-block-heading alignwide has-blanc-color has-text-color has-link-color has-60-px-font-size wp-elements-a912f29863d87e0b9111eba90754f976">Tierra de historia, el País de Valois posee un patrimonio excepcional que atestigua su glorioso pasado.</h3>
</div></div>



<div style="height:50px" aria-hidden="true" class="wp-block-spacer"></div>
</div></div>

<div style="height:100px" aria-hidden="true" class="wp-block-spacer"></div>

<div class="wp-block-columns alignwide are-vertically-aligned-bottom is-style-espace-60-px is-layout-flex wp-container-core-columns-is-layout-28f84493 wp-block-columns-is-layout-flex">
<div class="wp-block-column is-vertically-aligned-bottom is-style-default is-layout-flow wp-block-column-is-layout-flow" style="flex-basis:34%">
<p class="is-style-sur-titre-page">Sobre nosotros</p>



<h2 class="wp-block-heading has-36-px-font-size">Un viaje de esculturas extraordinarias</h2>



<p>A largo plazo, el proyecto pretende establecer un auténtico sendero de obras monumentales por todo el Pays de Valois, donde cada creación, al tiempo que se integra armoniosamente en su entorno, ofrece una interpretación de la identidad del Pays de Valois. Con esta iniciativa, la región aspira a convertirse en un lugar de expresión contemporánea, donde el arte, la naturaleza y la historia se encuentran e interactúan en armonía. </p>
</div>



<div class="wp-block-column is-vertically-aligned-bottom is-layout-flow wp-block-column-is-layout-flow" style="flex-basis:66%">
<figure class="wp-block-image size-full"><img loading="lazy" decoding="async" width="1024" height="768" src="https://monumental-valois.com/wp-content/uploads/2025/02/Cabanes.jpg" alt="Chozas: obras suspendidas" class="wp-image-572" srcset="https://monumental-valois.com/wp-content/uploads/2025/02/Cabanes.jpg 1024w, https://monumental-valois.com/wp-content/uploads/2025/02/Cabanes-533x400.jpg 533w, https://monumental-valois.com/wp-content/uploads/2025/02/Cabanes-768x576.jpg 768w, https://monumental-valois.com/wp-content/uploads/2025/02/Cabanes-450x338.jpg 450w, https://monumental-valois.com/wp-content/uploads/2025/02/Cabanes-800x600.jpg 800w" sizes="auto, (max-width: 1024px) 100vw, 1024px" /></figure>
</div>
</div>

<p>Sobre nosotros Una iniciativa artística y turística única Monumental Valois es una iniciativa artística y turística innovadora basada en la [&hellip;]</p>
