{"id":1337,"date":"2025-02-17T17:16:38","date_gmt":"2025-02-17T16:16:38","guid":{"rendered":"https:\/\/monumental-valois.com\/el-pais-de-valois-un-espacio-que-combina-naturaleza-historia-y-patrimonio\/"},"modified":"2026-02-11T15:24:00","modified_gmt":"2026-02-11T14:24:00","slug":"el-pais-de-valois-un-espacio-que-combina-naturaleza-historia-y-patrimonio","status":"publish","type":"page","link":"https:\/\/monumental-valois.com\/es\/el-pais-de-valois-un-espacio-que-combina-naturaleza-historia-y-patrimonio\/","title":{"rendered":"El Pa\u00eds de Valois: un espacio que combina naturaleza, historia y patrimonio"},"content":{"rendered":"\n<div class=\"wp-block-group alignwide\"><div class=\"wp-block-group__inner-container is-layout-constrained wp-block-group-is-layout-constrained\">\n<div class=\"wp-block-columns alignwide is-style-espace-60-px is-layout-flex wp-container-core-columns-is-layout-28f84493 wp-block-columns-is-layout-flex\">\n<div class=\"wp-block-column is-vertically-aligned-bottom is-style-default is-layout-flow wp-block-column-is-layout-flow\" style=\"flex-basis:34%\"><div class=\"lazyblock-partager-la-page-yncXr wp-block-lazyblock-partager-la-page\"> <div class=\"partage-single\">\r\n                        <p>comparte esta p\u00e1gina<\/p>\r\n                        <div class=\"liens\">\r\n                            <a href=\"http:\/\/twitter.com\/share?url=https%3A%2F%2Fmonumental-valois.com%2Fes%2Fel-pais-de-valois-un-espacio-que-combina-naturaleza-historia-y-patrimonio%2F\" class=\"share-x\" target=\"_blank\" rel=\"nofollow\" title=\"Compartir en X\"><\/a>\r\n                            <a href=\"http:\/\/www.facebook.com\/sharer.php?u=https%3A%2F%2Fmonumental-valois.com%2Fes%2Fel-pais-de-valois-un-espacio-que-combina-naturaleza-historia-y-patrimonio%2F&#038;t=El+Pa%C3%ADs+de+Valois%3A+un+espacio+que+combina+naturaleza%2C+historia+y+patrimonio&#038;src=sp\" class=\"share-facebook\" target=\"_blank\" rel=\"nofollow\" title=\"Compartir en Facebook\">\r\n\r\n                            <\/a>\r\n\r\n\r\n                        <\/div>\r\n                    <\/div><\/div>\n\n\n<div style=\"height:250px\" aria-hidden=\"true\" class=\"wp-block-spacer\"><\/div>\n\n\n\n<p class=\"is-style-sur-titre-page\">la regi\u00f3n de valois<\/p>\n\n\n\n<h2 class=\"wp-block-heading has-36-px-font-size\">Una posici\u00f3n geogr\u00e1fica estrat\u00e9gica<\/h2>\n\n\n\n<p>Su privilegiada situaci\u00f3n geogr\u00e1fica, a las puertas del norte de Europa y en las inmediaciones de Par\u00eds, hace del Pa\u00eds de Valois una encrucijada estrat\u00e9gica entre las regiones de \u00cele-de-France y Hauts-de-France. Su proximidad al aeropuerto Roissy-Charles de Gaulle aumenta su atractivo, al tiempo que preserva un entorno de vida tranquilo y aut\u00e9ntico, lejos del bullicio de la ciudad. <\/p>\n<\/div>\n\n\n\n<div class=\"wp-block-column is-vertically-aligned-bottom is-layout-flow wp-block-column-is-layout-flow\" style=\"flex-basis:66%\">\n<p>El Pa\u00eds de Valois es un territorio que combina armoniosamente naturaleza, historia y patrimonio. Situado en el coraz\u00f3n de la cuenca parisina, comprende 62 municipios y alberga a unos 57.000 habitantes. Esta zona verde, bordeada por los r\u00edos Oise, Ourcq, Plaine de France y Soissonnais, ofrece un paisaje variado de bosques, llanuras agr\u00edcolas y pueblos pintorescos, a menudo dominados por una iglesia o un castillo.  <\/p>\n\n\n\n<div style=\"height:100px\" aria-hidden=\"true\" class=\"wp-block-spacer\"><\/div>\n\n\n\n<figure class=\"wp-block-image size-full\"><img loading=\"lazy\" decoding=\"async\" width=\"1100\" height=\"824\" src=\"https:\/\/monumental-valois.com\/wp-content\/uploads\/2025\/02\/office-tourisme-valois.jpg\" alt=\"Pa&#xED;s de Valois\" class=\"wp-image-372\" srcset=\"https:\/\/monumental-valois.com\/wp-content\/uploads\/2025\/02\/office-tourisme-valois.jpg 1100w, https:\/\/monumental-valois.com\/wp-content\/uploads\/2025\/02\/office-tourisme-valois-534x400.jpg 534w, https:\/\/monumental-valois.com\/wp-content\/uploads\/2025\/02\/office-tourisme-valois-768x575.jpg 768w, https:\/\/monumental-valois.com\/wp-content\/uploads\/2025\/02\/office-tourisme-valois-450x337.jpg 450w, https:\/\/monumental-valois.com\/wp-content\/uploads\/2025\/02\/office-tourisme-valois-801x600.jpg 801w\" sizes=\"auto, (max-width: 1100px) 100vw, 1100px\" \/><\/figure>\n<\/div>\n<\/div>\n<\/div><\/div>\n\n<div style=\"height:100px\" aria-hidden=\"true\" class=\"wp-block-spacer\"><\/div>\n\n<div class=\"wp-block-group alignwide\"><div class=\"wp-block-group__inner-container is-layout-constrained wp-block-group-is-layout-constrained\">\n<div class=\"wp-block-columns alignwide are-vertically-aligned-bottom is-style-espace-60-px is-layout-flex wp-container-core-columns-is-layout-28f84493 wp-block-columns-is-layout-flex\">\n<div class=\"wp-block-column is-vertically-aligned-bottom is-layout-flow wp-block-column-is-layout-flow\">\n<figure class=\"wp-block-image size-full\"><img loading=\"lazy\" decoding=\"async\" width=\"900\" height=\"900\" src=\"https:\/\/monumental-valois.com\/wp-content\/uploads\/2025\/02\/chapelle.jpg\" alt=\"Pa&#xED;s de Valois\" class=\"wp-image-380\" srcset=\"https:\/\/monumental-valois.com\/wp-content\/uploads\/2025\/02\/chapelle.jpg 900w, https:\/\/monumental-valois.com\/wp-content\/uploads\/2025\/02\/chapelle-400x400.jpg 400w, https:\/\/monumental-valois.com\/wp-content\/uploads\/2025\/02\/chapelle-300x300.jpg 300w, https:\/\/monumental-valois.com\/wp-content\/uploads\/2025\/02\/chapelle-768x768.jpg 768w, https:\/\/monumental-valois.com\/wp-content\/uploads\/2025\/02\/chapelle-450x450.jpg 450w, https:\/\/monumental-valois.com\/wp-content\/uploads\/2025\/02\/chapelle-600x600.jpg 600w\" sizes=\"auto, (max-width: 900px) 100vw, 900px\" \/><\/figure>\n<\/div>\n\n\n\n<div class=\"wp-block-column is-vertically-aligned-bottom is-layout-flow wp-block-column-is-layout-flow\">\n<div class=\"wp-block-group is-style-largeur-max-370\"><div class=\"wp-block-group__inner-container is-layout-constrained wp-block-group-is-layout-constrained\">\n<p class=\"is-style-sur-titre-page\">la regi\u00f3n de valois<\/p>\n\n\n\n<h2 class=\"wp-block-heading has-36-px-font-size\">Un legado hist\u00f3rico<\/h2>\n\n\n\n<p>Tierra de historia, el Pa\u00eds de Valois posee un patrimonio excepcional que atestigua su glorioso pasado, en particular como cuna de la Casa de Valois. Sus castillos e iglesias hist\u00f3ricos cuentan la historia del patrimonio real y arquitect\u00f3nico de una regi\u00f3n que ha visto nacer y florecer grandes dinast\u00edas. <\/p>\n<\/div><\/div>\n<\/div>\n<\/div>\n<\/div><\/div>\n\n<div style=\"height:100px\" aria-hidden=\"true\" class=\"wp-block-spacer\"><\/div>\n<div class=\"lazyblock-carte-home-page-2-Z75Ce8 alignfull alignfull  wp-block-lazyblock-carte-home-page-2\"> <div class=\"carte-page-single\">\n  <div class=\"la-carte\" id=\"map-home\">\n    \n  <\/div>\n<\/div><\/div>\n<div class=\"wp-block-group alignfull has-noir-background-color has-background\"><div class=\"wp-block-group__inner-container is-layout-constrained wp-block-group-is-layout-constrained\">\n<div style=\"height:50px\" aria-hidden=\"true\" class=\"wp-block-spacer\"><\/div>\n\n\n\n<div class=\"wp-block-group alignwide\"><div class=\"wp-block-group__inner-container is-layout-constrained wp-block-group-is-layout-constrained\">\n<p class=\"is-style-sur-titre-artiste has-blanc-color has-text-color has-link-color wp-elements-a974f2fa6c90f69b0085e6e782609c57\">la regi\u00f3n de valois<\/p>\n\n\n\n<h3 class=\"wp-block-heading alignwide has-blanc-color has-text-color has-link-color has-60-px-font-size wp-elements-a912f29863d87e0b9111eba90754f976\">Tierra de historia, el Pa\u00eds de Valois posee un patrimonio excepcional que atestigua su glorioso pasado.<\/h3>\n<\/div><\/div>\n\n\n\n<div style=\"height:50px\" aria-hidden=\"true\" class=\"wp-block-spacer\"><\/div>\n<\/div><\/div>\n\n<figure class=\"wp-block-image alignfull size-large\"><img loading=\"lazy\" decoding=\"async\" width=\"1800\" height=\"559\" src=\"https:\/\/monumental-valois.com\/wp-content\/uploads\/2025\/02\/Mareuil-sur-ourcq-canal-de-l-ourcq-1800x559.jpg\" alt=\"Carril bici\" class=\"wp-image-395\" srcset=\"https:\/\/monumental-valois.com\/wp-content\/uploads\/2025\/02\/Mareuil-sur-ourcq-canal-de-l-ourcq-1800x559.jpg 1800w, https:\/\/monumental-valois.com\/wp-content\/uploads\/2025\/02\/Mareuil-sur-ourcq-canal-de-l-ourcq-800x248.jpg 800w, https:\/\/monumental-valois.com\/wp-content\/uploads\/2025\/02\/Mareuil-sur-ourcq-canal-de-l-ourcq-768x239.jpg 768w, https:\/\/monumental-valois.com\/wp-content\/uploads\/2025\/02\/Mareuil-sur-ourcq-canal-de-l-ourcq-1536x477.jpg 1536w, https:\/\/monumental-valois.com\/wp-content\/uploads\/2025\/02\/Mareuil-sur-ourcq-canal-de-l-ourcq-2048x636.jpg 2048w, https:\/\/monumental-valois.com\/wp-content\/uploads\/2025\/02\/Mareuil-sur-ourcq-canal-de-l-ourcq-450x140.jpg 450w, https:\/\/monumental-valois.com\/wp-content\/uploads\/2025\/02\/Mareuil-sur-ourcq-canal-de-l-ourcq-1920x596.jpg 1920w\" sizes=\"auto, (max-width: 1800px) 100vw, 1800px\" \/><\/figure>\n\n<div style=\"height:100px\" aria-hidden=\"true\" class=\"wp-block-spacer\"><\/div>\n\n<div class=\"wp-block-group alignwide\"><div class=\"wp-block-group__inner-container is-layout-constrained wp-block-group-is-layout-constrained\">\n<div class=\"wp-block-columns alignwide are-vertically-aligned-bottom is-style-espace-60-px is-layout-flex wp-container-core-columns-is-layout-28f84493 wp-block-columns-is-layout-flex\">\n<div class=\"wp-block-column is-vertically-aligned-bottom is-layout-flow wp-block-column-is-layout-flow\">\n<figure class=\"wp-block-image size-full\"><img loading=\"lazy\" decoding=\"async\" width=\"700\" height=\"846\" src=\"https:\/\/monumental-valois.com\/wp-content\/uploads\/2025\/02\/Ermenonville-chateau-photo-Bruno-Cohen-CCPV.jpg\" alt=\"Castillo de Ermenonville\" class=\"wp-image-403\" srcset=\"https:\/\/monumental-valois.com\/wp-content\/uploads\/2025\/02\/Ermenonville-chateau-photo-Bruno-Cohen-CCPV.jpg 700w, https:\/\/monumental-valois.com\/wp-content\/uploads\/2025\/02\/Ermenonville-chateau-photo-Bruno-Cohen-CCPV-331x400.jpg 331w, https:\/\/monumental-valois.com\/wp-content\/uploads\/2025\/02\/Ermenonville-chateau-photo-Bruno-Cohen-CCPV-372x450.jpg 372w, https:\/\/monumental-valois.com\/wp-content\/uploads\/2025\/02\/Ermenonville-chateau-photo-Bruno-Cohen-CCPV-496x600.jpg 496w\" sizes=\"auto, (max-width: 700px) 100vw, 700px\" \/><\/figure>\n<\/div>\n\n\n\n<div class=\"wp-block-column is-vertically-aligned-bottom is-layout-flow wp-block-column-is-layout-flow\">\n<div class=\"wp-block-group is-style-largeur-max-370\"><div class=\"wp-block-group__inner-container is-layout-constrained wp-block-group-is-layout-constrained\">\n<p class=\"is-style-sur-titre-page\">la regi\u00f3n de valois<\/p>\n\n\n\n<h2 class=\"wp-block-heading has-36-px-font-size\">Un destino tur\u00edstico intacto<\/h2>\n\n\n\n<p>Adem\u00e1s de su patrimonio, el Pa\u00eds de Valois es un atractivo destino tur\u00edstico que ofrece una experiencia \u00fanica, protegida del excesivo desarrollo comercial. Cerca de lugares emblem\u00e1ticos como Ermenonville, la Mer de Sable, el Parc Ast\u00e9rix, Chantilly, Senlis, Compi\u00e8gne y Pierrefonds, atrae a visitantes en busca de cultura y naturaleza. <\/p>\n\n\n\n<p>El Castillo Fran\u00e7ois 1er y la Ciudad Internacional de la Lengua Francesa, en la zona de Retz-en-Valois, y el Norte del Ourcq, en Seine-et-Marne, forman parte de un conjunto hist\u00f3rico \u00abvalois\u00bb que suscita un gran inter\u00e9s.<\/p>\n<\/div><\/div>\n<\/div>\n<\/div>\n<\/div><\/div>\n\n<p><\/p>\n","protected":false},"excerpt":{"rendered":"<p>la regi\u00f3n de valois Una posici\u00f3n geogr\u00e1fica estrat\u00e9gica Su privilegiada situaci\u00f3n geogr\u00e1fica, a las puertas del norte de Europa y [&hellip;]<\/p>\n","protected":false},"author":1,"featured_media":1338,"parent":0,"menu_order":0,"comment_status":"closed","ping_status":"closed","template":"","meta":{"footnotes":""},"class_list":["post-1337","page","type-page","status-publish","has-post-thumbnail","hentry"],"_links":{"self":[{"href":"https:\/\/monumental-valois.com\/es\/wp-json\/wp\/v2\/pages\/1337","targetHints":{"allow":["GET"]}}],"collection":[{"href":"https:\/\/monumental-valois.com\/es\/wp-json\/wp\/v2\/pages"}],"about":[{"href":"https:\/\/monumental-valois.com\/es\/wp-json\/wp\/v2\/types\/page"}],"author":[{"embeddable":true,"href":"https:\/\/monumental-valois.com\/es\/wp-json\/wp\/v2\/users\/1"}],"replies":[{"embeddable":true,"href":"https:\/\/monumental-valois.com\/es\/wp-json\/wp\/v2\/comments?post=1337"}],"version-history":[{"count":0,"href":"https:\/\/monumental-valois.com\/es\/wp-json\/wp\/v2\/pages\/1337\/revisions"}],"wp:featuredmedia":[{"embeddable":true,"href":"https:\/\/monumental-valois.com\/es\/wp-json\/wp\/v2\/media\/1338"}],"wp:attachment":[{"href":"https:\/\/monumental-valois.com\/es\/wp-json\/wp\/v2\/media?parent=1337"}],"curies":[{"name":"wp","href":"https:\/\/api.w.org\/{rel}","templated":true}]}}

El País de Valois: un espacio que combina naturaleza, historia y patrimonio

<div class="wp-block-group alignwide"><div class="wp-block-group__inner-container is-layout-constrained wp-block-group-is-layout-constrained">
<div class="wp-block-columns alignwide is-style-espace-60-px is-layout-flex wp-container-core-columns-is-layout-28f84493 wp-block-columns-is-layout-flex">
<div class="wp-block-column is-vertically-aligned-bottom is-style-default is-layout-flow wp-block-column-is-layout-flow" style="flex-basis:34%"><div class="lazyblock-partager-la-page-yncXr wp-block-lazyblock-partager-la-page"> <div class="partage-single">
                        <p>comparte esta página</p>
                        <div class="liens">
                            <a href="http://twitter.com/share?url=https%3A%2F%2Fmonumental-valois.com%2Fes%2Fel-pais-de-valois-un-espacio-que-combina-naturaleza-historia-y-patrimonio%2F" class="share-x" target="_blank" rel="nofollow" title="Compartir en X"></a>
                            <a href="http://www.facebook.com/sharer.php?u=https%3A%2F%2Fmonumental-valois.com%2Fes%2Fel-pais-de-valois-un-espacio-que-combina-naturaleza-historia-y-patrimonio%2F&#038;t=El+Pa%C3%ADs+de+Valois%3A+un+espacio+que+combina+naturaleza%2C+historia+y+patrimonio&#038;src=sp" class="share-facebook" target="_blank" rel="nofollow" title="Compartir en Facebook">

                            </a>


                        </div>
                    </div></div>


<div style="height:250px" aria-hidden="true" class="wp-block-spacer"></div>



<p class="is-style-sur-titre-page">la región de valois</p>



<h2 class="wp-block-heading has-36-px-font-size">Una posición geográfica estratégica</h2>



<p>Su privilegiada situación geográfica, a las puertas del norte de Europa y en las inmediaciones de París, hace del País de Valois una encrucijada estratégica entre las regiones de Île-de-France y Hauts-de-France. Su proximidad al aeropuerto Roissy-Charles de Gaulle aumenta su atractivo, al tiempo que preserva un entorno de vida tranquilo y auténtico, lejos del bullicio de la ciudad. </p>
</div>



<div class="wp-block-column is-vertically-aligned-bottom is-layout-flow wp-block-column-is-layout-flow" style="flex-basis:66%">
<p>El País de Valois es un territorio que combina armoniosamente naturaleza, historia y patrimonio. Situado en el corazón de la cuenca parisina, comprende 62 municipios y alberga a unos 57.000 habitantes. Esta zona verde, bordeada por los ríos Oise, Ourcq, Plaine de France y Soissonnais, ofrece un paisaje variado de bosques, llanuras agrícolas y pueblos pintorescos, a menudo dominados por una iglesia o un castillo.  </p>



<div style="height:100px" aria-hidden="true" class="wp-block-spacer"></div>



<figure class="wp-block-image size-full"><img loading="lazy" decoding="async" width="1100" height="824" src="https://monumental-valois.com/wp-content/uploads/2025/02/office-tourisme-valois.jpg" alt="Pa&#xED;s de Valois" class="wp-image-372" srcset="https://monumental-valois.com/wp-content/uploads/2025/02/office-tourisme-valois.jpg 1100w, https://monumental-valois.com/wp-content/uploads/2025/02/office-tourisme-valois-534x400.jpg 534w, https://monumental-valois.com/wp-content/uploads/2025/02/office-tourisme-valois-768x575.jpg 768w, https://monumental-valois.com/wp-content/uploads/2025/02/office-tourisme-valois-450x337.jpg 450w, https://monumental-valois.com/wp-content/uploads/2025/02/office-tourisme-valois-801x600.jpg 801w" sizes="auto, (max-width: 1100px) 100vw, 1100px" /></figure>
</div>
</div>
</div></div>

<div style="height:100px" aria-hidden="true" class="wp-block-spacer"></div>

<div class="wp-block-group alignwide"><div class="wp-block-group__inner-container is-layout-constrained wp-block-group-is-layout-constrained">
<div class="wp-block-columns alignwide are-vertically-aligned-bottom is-style-espace-60-px is-layout-flex wp-container-core-columns-is-layout-28f84493 wp-block-columns-is-layout-flex">
<div class="wp-block-column is-vertically-aligned-bottom is-layout-flow wp-block-column-is-layout-flow">
<figure class="wp-block-image size-full"><img loading="lazy" decoding="async" width="900" height="900" src="https://monumental-valois.com/wp-content/uploads/2025/02/chapelle.jpg" alt="Pa&#xED;s de Valois" class="wp-image-380" srcset="https://monumental-valois.com/wp-content/uploads/2025/02/chapelle.jpg 900w, https://monumental-valois.com/wp-content/uploads/2025/02/chapelle-400x400.jpg 400w, https://monumental-valois.com/wp-content/uploads/2025/02/chapelle-300x300.jpg 300w, https://monumental-valois.com/wp-content/uploads/2025/02/chapelle-768x768.jpg 768w, https://monumental-valois.com/wp-content/uploads/2025/02/chapelle-450x450.jpg 450w, https://monumental-valois.com/wp-content/uploads/2025/02/chapelle-600x600.jpg 600w" sizes="auto, (max-width: 900px) 100vw, 900px" /></figure>
</div>



<div class="wp-block-column is-vertically-aligned-bottom is-layout-flow wp-block-column-is-layout-flow">
<div class="wp-block-group is-style-largeur-max-370"><div class="wp-block-group__inner-container is-layout-constrained wp-block-group-is-layout-constrained">
<p class="is-style-sur-titre-page">la región de valois</p>



<h2 class="wp-block-heading has-36-px-font-size">Un legado histórico</h2>



<p>Tierra de historia, el País de Valois posee un patrimonio excepcional que atestigua su glorioso pasado, en particular como cuna de la Casa de Valois. Sus castillos e iglesias históricos cuentan la historia del patrimonio real y arquitectónico de una región que ha visto nacer y florecer grandes dinastías. </p>
</div></div>
</div>
</div>
</div></div>

<div style="height:100px" aria-hidden="true" class="wp-block-spacer"></div>
<div class="lazyblock-carte-home-page-2-Z75Ce8 alignfull alignfull  wp-block-lazyblock-carte-home-page-2"> <div class="carte-page-single">
  <div class="la-carte" id="map-home">
    
  </div>
</div></div>
<div class="wp-block-group alignfull has-noir-background-color has-background"><div class="wp-block-group__inner-container is-layout-constrained wp-block-group-is-layout-constrained">
<div style="height:50px" aria-hidden="true" class="wp-block-spacer"></div>



<div class="wp-block-group alignwide"><div class="wp-block-group__inner-container is-layout-constrained wp-block-group-is-layout-constrained">
<p class="is-style-sur-titre-artiste has-blanc-color has-text-color has-link-color wp-elements-a974f2fa6c90f69b0085e6e782609c57">la región de valois</p>



<h3 class="wp-block-heading alignwide has-blanc-color has-text-color has-link-color has-60-px-font-size wp-elements-a912f29863d87e0b9111eba90754f976">Tierra de historia, el País de Valois posee un patrimonio excepcional que atestigua su glorioso pasado.</h3>
</div></div>



<div style="height:50px" aria-hidden="true" class="wp-block-spacer"></div>
</div></div>

<figure class="wp-block-image alignfull size-large"><img loading="lazy" decoding="async" width="1800" height="559" src="https://monumental-valois.com/wp-content/uploads/2025/02/Mareuil-sur-ourcq-canal-de-l-ourcq-1800x559.jpg" alt="Carril bici" class="wp-image-395" srcset="https://monumental-valois.com/wp-content/uploads/2025/02/Mareuil-sur-ourcq-canal-de-l-ourcq-1800x559.jpg 1800w, https://monumental-valois.com/wp-content/uploads/2025/02/Mareuil-sur-ourcq-canal-de-l-ourcq-800x248.jpg 800w, https://monumental-valois.com/wp-content/uploads/2025/02/Mareuil-sur-ourcq-canal-de-l-ourcq-768x239.jpg 768w, https://monumental-valois.com/wp-content/uploads/2025/02/Mareuil-sur-ourcq-canal-de-l-ourcq-1536x477.jpg 1536w, https://monumental-valois.com/wp-content/uploads/2025/02/Mareuil-sur-ourcq-canal-de-l-ourcq-2048x636.jpg 2048w, https://monumental-valois.com/wp-content/uploads/2025/02/Mareuil-sur-ourcq-canal-de-l-ourcq-450x140.jpg 450w, https://monumental-valois.com/wp-content/uploads/2025/02/Mareuil-sur-ourcq-canal-de-l-ourcq-1920x596.jpg 1920w" sizes="auto, (max-width: 1800px) 100vw, 1800px" /></figure>

<div style="height:100px" aria-hidden="true" class="wp-block-spacer"></div>

<div class="wp-block-group alignwide"><div class="wp-block-group__inner-container is-layout-constrained wp-block-group-is-layout-constrained">
<div class="wp-block-columns alignwide are-vertically-aligned-bottom is-style-espace-60-px is-layout-flex wp-container-core-columns-is-layout-28f84493 wp-block-columns-is-layout-flex">
<div class="wp-block-column is-vertically-aligned-bottom is-layout-flow wp-block-column-is-layout-flow">
<figure class="wp-block-image size-full"><img loading="lazy" decoding="async" width="700" height="846" src="https://monumental-valois.com/wp-content/uploads/2025/02/Ermenonville-chateau-photo-Bruno-Cohen-CCPV.jpg" alt="Castillo de Ermenonville" class="wp-image-403" srcset="https://monumental-valois.com/wp-content/uploads/2025/02/Ermenonville-chateau-photo-Bruno-Cohen-CCPV.jpg 700w, https://monumental-valois.com/wp-content/uploads/2025/02/Ermenonville-chateau-photo-Bruno-Cohen-CCPV-331x400.jpg 331w, https://monumental-valois.com/wp-content/uploads/2025/02/Ermenonville-chateau-photo-Bruno-Cohen-CCPV-372x450.jpg 372w, https://monumental-valois.com/wp-content/uploads/2025/02/Ermenonville-chateau-photo-Bruno-Cohen-CCPV-496x600.jpg 496w" sizes="auto, (max-width: 700px) 100vw, 700px" /></figure>
</div>



<div class="wp-block-column is-vertically-aligned-bottom is-layout-flow wp-block-column-is-layout-flow">
<div class="wp-block-group is-style-largeur-max-370"><div class="wp-block-group__inner-container is-layout-constrained wp-block-group-is-layout-constrained">
<p class="is-style-sur-titre-page">la región de valois</p>



<h2 class="wp-block-heading has-36-px-font-size">Un destino turístico intacto</h2>



<p>Además de su patrimonio, el País de Valois es un atractivo destino turístico que ofrece una experiencia única, protegida del excesivo desarrollo comercial. Cerca de lugares emblemáticos como Ermenonville, la Mer de Sable, el Parc Astérix, Chantilly, Senlis, Compiègne y Pierrefonds, atrae a visitantes en busca de cultura y naturaleza. </p>



<p>El Castillo François 1er y la Ciudad Internacional de la Lengua Francesa, en la zona de Retz-en-Valois, y el Norte del Ourcq, en Seine-et-Marne, forman parte de un conjunto histórico «valois» que suscita un gran interés.</p>
</div></div>
</div>
</div>
</div></div>

<p></p>

<p>la región de valois Una posición geográfica estratégica Su privilegiada situación geográfica, a las puertas del norte de Europa y [&hellip;]</p>
