{"id":1343,"date":"2025-02-28T11:52:31","date_gmt":"2025-02-28T10:52:31","guid":{"rendered":"https:\/\/monumental-valois.com\/sala-de-prensa\/"},"modified":"2026-02-11T15:24:00","modified_gmt":"2026-02-11T14:24:00","slug":"sala-de-prensa","status":"publish","type":"page","link":"https:\/\/monumental-valois.com\/es\/sala-de-prensa\/","title":{"rendered":"Sala de prensa"},"content":{"rendered":"\n<div class=\"wp-block-group alignwide\"><div class=\"wp-block-group__inner-container is-layout-constrained wp-block-group-is-layout-constrained\">\n<div class=\"wp-block-columns alignwide is-style-espace-60-px is-layout-flex wp-container-core-columns-is-layout-28f84493 wp-block-columns-is-layout-flex\">\n<div class=\"wp-block-column is-layout-flow wp-block-column-is-layout-flow\" style=\"flex-basis:65%\">\n<p class=\"has-28-px-font-size\">Bienvenido al \u00e1rea de prensa del Monumental Valois. Aqu\u00ed podr\u00e1s descargar los distintos dossieres y comunicados de prensa relativos a las \u00faltimas noticias sobre la ruta. Estamos a tu disposici\u00f3n para cualquier informaci\u00f3n adicional sobre el proyecto.  <\/p>\n\n\n\n<div style=\"height:54px\" aria-hidden=\"true\" class=\"wp-block-spacer\"><\/div>\n<\/div>\n\n\n\n<div class=\"wp-block-column is-layout-flow wp-block-column-is-layout-flow\" style=\"flex-basis:35%\"><\/div>\n<\/div>\n\n\n\n<div class=\"wp-block-columns alignwide is-style-espace-60-px is-layout-flex wp-container-core-columns-is-layout-28f84493 wp-block-columns-is-layout-flex\">\n<div class=\"wp-block-column is-layout-flow wp-block-column-is-layout-flow\" style=\"flex-basis:65%\">\n<h2 class=\"wp-block-heading has-40-px-font-size\">2024<\/h2>\n\n\n\n<div style=\"height:20px\" aria-hidden=\"true\" class=\"wp-block-spacer\"><\/div>\n\n\n\n<ul class=\"wp-block-list is-style-list-pdf\">\n<li><a href=\"https:\/\/monumental-valois.com\/wp-content\/uploads\/2025\/02\/DP-inauguration-Fresque-Reskate-min.pdf\" data-type=\"link\" data-id=\"https:\/\/monumental-valois.com\/wp-content\/uploads\/2025\/02\/DP-inauguration-Fresque-Reskate-min.pdf\" target=\"_blank\" rel=\"noreferrer noopener\"><strong>07\/10\/2024 Inauguraci\u00f3n del fresco de Res<\/strong>kate<strong><br\/>Un fresco que celebra la identidad del Pays de Valois<\/strong><br\/>Tras 5 semanas de trabajos de restauraci\u00f3n y 2 semanas de trabajo creativo, los artistas del colectivo Reskate Studio terminaron este verano el fresco que ahora adorna el antiguo transformador el\u00e9ctrico situado a la entrada de la Voie verte de Mareuil-sur-Ourcq. Esta primera obra inaugura oficialmente el proyecto Valois Monumental. <\/a><\/li>\n\n\n\n<li><a href=\"https:\/\/monumental-valois.com\/wp-content\/uploads\/2025\/02\/CP-Monumental-Valois-un-parcours-dart-contemporain-monumental-prend-naissance-au-coeur-du-Pays-de-Valois-19-09-2024.pdf\" data-type=\"link\" data-id=\"https:\/\/monumental-valois.com\/wp-content\/uploads\/2025\/02\/CP-Monumental-Valois-un-parcours-dart-contemporain-monumental-prend-naissance-au-coeur-du-Pays-de-Valois-19-09-2024.pdf\" target=\"_blank\" rel=\"noreferrer noopener\"><strong>19\/09\/24 Mon<\/strong>umental Valois<strong>: un sendero monumental de arte contempor\u00e1neo toma forma en el coraz\u00f3n del<\/strong> Pays de Valois<strong>.<\/strong><br\/>La Communaut\u00e9 de Communes du Pays de Valois desvela el lanzamiento oficial de un ambicioso proyecto, \u00fanico en Europa, para llevar el arte contempor\u00e1neo al aire libre en una zona cargada de historia: Monumental Valois. Un recorrido de obras monumentales de arte, arquitectura y graffiti, dise\u00f1ado para mostrar el patrimonio y las riquezas naturales de la regi\u00f3n. <\/a><\/li>\n<\/ul>\n\n\n\n<div style=\"height:40px\" aria-hidden=\"true\" class=\"wp-block-spacer\"><\/div>\n\n\n\n<h2 class=\"wp-block-heading has-40-px-font-size\">2022<\/h2>\n\n\n\n<div style=\"height:20px\" aria-hidden=\"true\" class=\"wp-block-spacer\"><\/div>\n\n\n\n<ul class=\"wp-block-list is-style-list-pdf\">\n<li><a href=\"https:\/\/monumental-valois.com\/wp-content\/uploads\/2025\/02\/Communique-de-presse-Projet-Inside-Out-CCPV-les-habitants-du-Pays-de-Valois-afficheront-leurs-portraits-XXL-22-06-2022.pdf\" data-type=\"link\" data-id=\"https:\/\/monumental-valois.com\/wp-content\/uploads\/2025\/02\/Communique-de-presse-Projet-Inside-Out-CCPV-les-habitants-du-Pays-de-Valois-afficheront-leurs-portraits-XXL-22-06-2022.pdf\" target=\"_blank\" rel=\"noreferrer noopener\"><strong>22\/06\/2022 Exposici\u00f3n: en septiembre de 2022, los habitantes<\/strong> del Pays de Valois<strong>expondr\u00e1n sus retratos XXL en las paredes de sus municipios con el proyecto Inside Out, iniciado por el artista JR.<\/strong><br\/>Bajo el evocador t\u00edtulo \u00abValois Emoi\u00bb, la Communaut\u00e9 de Communes du Pays de Valois pone de relieve la emoci\u00f3n que recorre su territorio y sus 62 municipios. Esta operaci\u00f3n art\u00edstica, que se inaugurar\u00e1 en septiembre de 2022, re\u00fane a todos los habitantes del Pa\u00eds de Valois. <\/a><\/li>\n<\/ul>\n<\/div>\n\n\n\n<div class=\"wp-block-column is-vertically-aligned-stretch has-gris-clair-background-color has-background is-layout-flow wp-block-column-is-layout-flow\" style=\"flex-basis:35%\">\n<div class=\"wp-block-group is-style-col-adr has-gris-clair-background-color has-background\"><div class=\"wp-block-group__inner-container is-layout-constrained wp-block-group-is-layout-constrained\"><div class=\"lazyblock-bloc-adresse-ZLdnye wp-block-lazyblock-bloc-adresse\">\n<div class=\"bloc-adresse\">\n  <div class=\"logos\">\n    <a href=\"https:\/\/monumental-valois.com\">\n  <img decoding=\"async\" src=\"https:\/\/monumental-valois.com\/wp-content\/themes\/monumental-valois\/images\/logo-monumental-valois-footer.svg\">\n  <\/a>\n  <a href=\"https:\/\/www.cc-paysdevalois.fr\/\" title=\"Communaut\u00e9 de Communes du Pays de Valois\" target=\"_blank\" rel=\"noopener\">\n<img decoding=\"async\" src=\"https:\/\/monumental-valois.com\/wp-content\/themes\/monumental-valois\/images\/logo-ccpv-nb.svg\" alt=\"Communaut\u00e9 de Communes du Pays de Valois\">\n<\/a>\n  <\/div>\n  <p class=\"titre-adr\">COMMUNAUT\u00c9 DE COMMUNES \r\nDU PAYS DE VALOIS<\/p>\n  <p class=\"texte-adr\">62 rue de Soissons<br>\n60800 Cr\u00e9py-en-Valois<\/p>\n\n <p class=\"mail-tel\">\n <a href=\"tel:+33361589190\" rel=\"nofollow\" class=\"tel\" title=\"Contacta con nosotros por tel\u00e9fono\">+33 3 61 58 91 90<\/a>\n<br>\n <a href=\"mailto:&#105;&#110;&#102;&#111;&#64;&#109;&#111;&#110;&#117;&#109;&#101;&#110;&#116;&#97;&#108;&#45;&#118;&#97;&#108;&#111;&#105;&#115;&#46;&#102;&#114;\" rel=\"nofollow\" class=\"mail\" target=\"_blank\" title=\"Contacta con nosotros por correo electr\u00f3nico\">&#105;&#110;&#102;&#111;&#64;&#109;&#111;&#110;&#117;&#109;&#101;&#110;&#116;&#97;&#108;&#45;&#118;&#97;&#108;&#111;&#105;&#115;&#46;&#102;&#114;<\/a>\n <\/p>\n\n <div class=\"reseaux\">\n                            <p>\u00a1S\u00edguenos en las redes sociales!<\/p>\n                            <a href=\"https:\/\/www.facebook.com\/CCPaysdeValois\/?locale=fr_FR\" rel=\"nofollow noopener\" target=\"_blank\" class=\"picto-facebook\"><\/a>\n                            <a href=\"\" rel=\"nofollow\" target=\"_blank\" class=\"picto-x\"><\/a>\n                            <a href=\"https:\/\/www.instagram.com\/ccpaysdevalois\/\" rel=\"nofollow noopener\" target=\"_blank\" class=\"picto-instagram\"><\/a>\n                        <\/div>\n\n<\/div><\/div><\/div><\/div>\n<\/div>\n<\/div>\n<\/div><\/div>\n\n<p><\/p>\n","protected":false},"excerpt":{"rendered":"<p>Bienvenido al \u00e1rea de prensa del Monumental Valois. Aqu\u00ed podr\u00e1s descargar los distintos dossieres y comunicados de prensa relativos a [&hellip;]<\/p>\n","protected":false},"author":1,"featured_media":0,"parent":0,"menu_order":0,"comment_status":"closed","ping_status":"closed","template":"page-sans-img-avant.php","meta":{"footnotes":""},"class_list":["post-1343","page","type-page","status-publish","hentry"],"_links":{"self":[{"href":"https:\/\/monumental-valois.com\/es\/wp-json\/wp\/v2\/pages\/1343","targetHints":{"allow":["GET"]}}],"collection":[{"href":"https:\/\/monumental-valois.com\/es\/wp-json\/wp\/v2\/pages"}],"about":[{"href":"https:\/\/monumental-valois.com\/es\/wp-json\/wp\/v2\/types\/page"}],"author":[{"embeddable":true,"href":"https:\/\/monumental-valois.com\/es\/wp-json\/wp\/v2\/users\/1"}],"replies":[{"embeddable":true,"href":"https:\/\/monumental-valois.com\/es\/wp-json\/wp\/v2\/comments?post=1343"}],"version-history":[{"count":0,"href":"https:\/\/monumental-valois.com\/es\/wp-json\/wp\/v2\/pages\/1343\/revisions"}],"wp:attachment":[{"href":"https:\/\/monumental-valois.com\/es\/wp-json\/wp\/v2\/media?parent=1343"}],"curies":[{"name":"wp","href":"https:\/\/api.w.org\/{rel}","templated":true}]}}

<div class="wp-block-group alignwide"><div class="wp-block-group__inner-container is-layout-constrained wp-block-group-is-layout-constrained">
<div class="wp-block-columns alignwide is-style-espace-60-px is-layout-flex wp-container-core-columns-is-layout-28f84493 wp-block-columns-is-layout-flex">
<div class="wp-block-column is-layout-flow wp-block-column-is-layout-flow" style="flex-basis:65%">
<p class="has-28-px-font-size">Bienvenido al área de prensa del Monumental Valois. Aquí podrás descargar los distintos dossieres y comunicados de prensa relativos a las últimas noticias sobre la ruta. Estamos a tu disposición para cualquier información adicional sobre el proyecto.  </p>



<div style="height:54px" aria-hidden="true" class="wp-block-spacer"></div>
</div>



<div class="wp-block-column is-layout-flow wp-block-column-is-layout-flow" style="flex-basis:35%"></div>
</div>



<div class="wp-block-columns alignwide is-style-espace-60-px is-layout-flex wp-container-core-columns-is-layout-28f84493 wp-block-columns-is-layout-flex">
<div class="wp-block-column is-layout-flow wp-block-column-is-layout-flow" style="flex-basis:65%">
<h2 class="wp-block-heading has-40-px-font-size">2024</h2>



<div style="height:20px" aria-hidden="true" class="wp-block-spacer"></div>



<ul class="wp-block-list is-style-list-pdf">
<li><a href="https://monumental-valois.com/wp-content/uploads/2025/02/DP-inauguration-Fresque-Reskate-min.pdf" data-type="link" data-id="https://monumental-valois.com/wp-content/uploads/2025/02/DP-inauguration-Fresque-Reskate-min.pdf" target="_blank" rel="noreferrer noopener"><strong>07/10/2024 Inauguración del fresco de Res</strong>kate<strong><br/>Un fresco que celebra la identidad del Pays de Valois</strong><br/>Tras 5 semanas de trabajos de restauración y 2 semanas de trabajo creativo, los artistas del colectivo Reskate Studio terminaron este verano el fresco que ahora adorna el antiguo transformador eléctrico situado a la entrada de la Voie verte de Mareuil-sur-Ourcq. Esta primera obra inaugura oficialmente el proyecto Valois Monumental. </a></li>



<li><a href="https://monumental-valois.com/wp-content/uploads/2025/02/CP-Monumental-Valois-un-parcours-dart-contemporain-monumental-prend-naissance-au-coeur-du-Pays-de-Valois-19-09-2024.pdf" data-type="link" data-id="https://monumental-valois.com/wp-content/uploads/2025/02/CP-Monumental-Valois-un-parcours-dart-contemporain-monumental-prend-naissance-au-coeur-du-Pays-de-Valois-19-09-2024.pdf" target="_blank" rel="noreferrer noopener"><strong>19/09/24 Mon</strong>umental Valois<strong>: un sendero monumental de arte contemporáneo toma forma en el corazón del</strong> Pays de Valois<strong>.</strong><br/>La Communauté de Communes du Pays de Valois desvela el lanzamiento oficial de un ambicioso proyecto, único en Europa, para llevar el arte contemporáneo al aire libre en una zona cargada de historia: Monumental Valois. Un recorrido de obras monumentales de arte, arquitectura y graffiti, diseñado para mostrar el patrimonio y las riquezas naturales de la región. </a></li>
</ul>



<div style="height:40px" aria-hidden="true" class="wp-block-spacer"></div>



<h2 class="wp-block-heading has-40-px-font-size">2022</h2>



<div style="height:20px" aria-hidden="true" class="wp-block-spacer"></div>



<ul class="wp-block-list is-style-list-pdf">
<li><a href="https://monumental-valois.com/wp-content/uploads/2025/02/Communique-de-presse-Projet-Inside-Out-CCPV-les-habitants-du-Pays-de-Valois-afficheront-leurs-portraits-XXL-22-06-2022.pdf" data-type="link" data-id="https://monumental-valois.com/wp-content/uploads/2025/02/Communique-de-presse-Projet-Inside-Out-CCPV-les-habitants-du-Pays-de-Valois-afficheront-leurs-portraits-XXL-22-06-2022.pdf" target="_blank" rel="noreferrer noopener"><strong>22/06/2022 Exposición: en septiembre de 2022, los habitantes</strong> del Pays de Valois<strong>expondrán sus retratos XXL en las paredes de sus municipios con el proyecto Inside Out, iniciado por el artista JR.</strong><br/>Bajo el evocador título «Valois Emoi», la Communauté de Communes du Pays de Valois pone de relieve la emoción que recorre su territorio y sus 62 municipios. Esta operación artística, que se inaugurará en septiembre de 2022, reúne a todos los habitantes del País de Valois. </a></li>
</ul>
</div>



<div class="wp-block-column is-vertically-aligned-stretch has-gris-clair-background-color has-background is-layout-flow wp-block-column-is-layout-flow" style="flex-basis:35%">
<div class="wp-block-group is-style-col-adr has-gris-clair-background-color has-background"><div class="wp-block-group__inner-container is-layout-constrained wp-block-group-is-layout-constrained"><div class="lazyblock-bloc-adresse-ZLdnye wp-block-lazyblock-bloc-adresse">
<div class="bloc-adresse">
  <div class="logos">
    <a href="https://monumental-valois.com">
  <img decoding="async" src="https://monumental-valois.com/wp-content/themes/monumental-valois/images/logo-monumental-valois-footer.svg">
  </a>
  <a href="https://www.cc-paysdevalois.fr/" title="Communauté de Communes du Pays de Valois" target="_blank" rel="noopener">
<img decoding="async" src="https://monumental-valois.com/wp-content/themes/monumental-valois/images/logo-ccpv-nb.svg" alt="Communauté de Communes du Pays de Valois">
</a>
  </div>
  <p class="titre-adr">COMMUNAUTÉ DE COMMUNES 
DU PAYS DE VALOIS</p>
  <p class="texte-adr">62 rue de Soissons<br>
60800 Crépy-en-Valois</p>

 <p class="mail-tel">
 <a href="tel:+33361589190" rel="nofollow" class="tel" title="Contacta con nosotros por teléfono">+33 3 61 58 91 90</a>
<br>
 <a href="mailto:&#105;&#110;&#102;&#111;&#64;&#109;&#111;&#110;&#117;&#109;&#101;&#110;&#116;&#97;&#108;&#45;&#118;&#97;&#108;&#111;&#105;&#115;&#46;&#102;&#114;" rel="nofollow" class="mail" target="_blank" title="Contacta con nosotros por correo electrónico">&#105;&#110;&#102;&#111;&#64;&#109;&#111;&#110;&#117;&#109;&#101;&#110;&#116;&#97;&#108;&#45;&#118;&#97;&#108;&#111;&#105;&#115;&#46;&#102;&#114;</a>
 </p>

 <div class="reseaux">
                            <p>¡Síguenos en las redes sociales!</p>
                            <a href="https://www.facebook.com/CCPaysdeValois/?locale=fr_FR" rel="nofollow noopener" target="_blank" class="picto-facebook"></a>
                            <a href="" rel="nofollow" target="_blank" class="picto-x"></a>
                            <a href="https://www.instagram.com/ccpaysdevalois/" rel="nofollow noopener" target="_blank" class="picto-instagram"></a>
                        </div>

</div></div></div></div>
</div>
</div>
</div></div>

<p></p>

<p>Bienvenido al área de prensa del Monumental Valois. Aquí podrás descargar los distintos dossieres y comunicados de prensa relativos a [&hellip;]</p>
