{"id":2034,"date":"2025-02-18T17:31:20","date_gmt":"2025-02-18T16:31:20","guid":{"rendered":"https:\/\/monumental-valois.com\/artiste\/michel-verjux\/"},"modified":"2026-03-02T11:17:13","modified_gmt":"2026-03-02T10:17:13","slug":"michel-verjux","status":"publish","type":"artiste","link":"https:\/\/monumental-valois.com\/pt-br\/artista\/michel-verjux\/","title":{"rendered":"Michel Verjux"},"content":{"rendered":"\n<div class=\"wp-block-group alignwide\"><div class=\"wp-block-group__inner-container is-layout-constrained wp-block-group-is-layout-constrained\">\n<div class=\"wp-block-columns alignwide are-vertically-aligned-bottom is-style-espace-60-px is-layout-flex wp-container-core-columns-is-layout-28f84493 wp-block-columns-is-layout-flex\">\n<div class=\"wp-block-column is-vertically-aligned-bottom is-layout-flow wp-block-column-is-layout-flow\" style=\"flex-basis:33%\">\n<p class=\"is-style-sur-titre-artiste\"><strong><strong><strong><strong><strong><strong><strong><strong>Michel Verjux<\/strong><\/strong><\/strong><\/strong><\/strong><\/strong><\/strong><\/strong><\/p>\n\n\n\n<h2 class=\"wp-block-heading has-34-px-font-size\">A ilumina\u00e7\u00e3o como ferramenta e mat\u00e9ria-prima<\/h2>\n\n\n\n<p>Michel Verjux acredita que &#8220;iluminar j\u00e1 \u00e9 expor&#8221; e, por isso, ele trabalha com holofotes, criando feixes de luz branca que transformam a arquitetura e revelam volumes. Suas obras minimalistas e imersivas questionam o vis\u00edvel e o invis\u00edvel, brincando com paredes, pisos e fachadas. <\/p>\n<\/div>\n\n\n\n<div class=\"wp-block-column is-vertically-aligned-bottom is-layout-flow wp-block-column-is-layout-flow\" style=\"flex-basis:67%\">\n<figure class=\"wp-block-image size-large is-style-img-responsive\"><img loading=\"lazy\" decoding=\"async\" width=\"1350\" height=\"900\" src=\"https:\/\/monumental-valois.com\/wp-content\/uploads\/2025\/02\/Galeries-souterraines-1350x900.jpg\" alt=\"Michel Verjux: revelando o espa&#xE7;o por meio da luz\" class=\"wp-image-575\" srcset=\"https:\/\/monumental-valois.com\/wp-content\/uploads\/2025\/02\/Galeries-souterraines-1350x900.jpg 1350w, https:\/\/monumental-valois.com\/wp-content\/uploads\/2025\/02\/Galeries-souterraines-600x400.jpg 600w, https:\/\/monumental-valois.com\/wp-content\/uploads\/2025\/02\/Galeries-souterraines-768x512.jpg 768w, https:\/\/monumental-valois.com\/wp-content\/uploads\/2025\/02\/Galeries-souterraines-450x300.jpg 450w, https:\/\/monumental-valois.com\/wp-content\/uploads\/2025\/02\/Galeries-souterraines-900x600.jpg 900w, https:\/\/monumental-valois.com\/wp-content\/uploads\/2025\/02\/Galeries-souterraines.jpg 1500w\" sizes=\"auto, (max-width: 1350px) 100vw, 1350px\" \/><\/figure>\n<\/div>\n<\/div>\n<\/div><\/div>\n\n<div style=\"height:50px\" aria-hidden=\"true\" class=\"wp-block-spacer\"><\/div>\n\n<div class=\"wp-block-group alignwide\"><div class=\"wp-block-group__inner-container is-layout-constrained wp-block-group-is-layout-constrained\">\n<div class=\"wp-block-columns alignwide are-vertically-aligned-bottom is-style-espace-60-px is-layout-flex wp-container-core-columns-is-layout-28f84493 wp-block-columns-is-layout-flex\">\n<div class=\"wp-block-column is-vertically-aligned-bottom is-layout-flow wp-block-column-is-layout-flow\" style=\"flex-basis:50%\">\n<p class=\"is-style-sur-titre-artiste\"><strong><strong><strong><strong><strong><strong><strong><strong>Michel Verjux<\/strong><\/strong><\/strong><\/strong><\/strong><\/strong><\/strong><\/strong><\/p>\n\n\n\n<h2 class=\"wp-block-heading has-34-px-font-size\">Um artista no cen\u00e1rio internacional<\/h2>\n\n\n\n<p>O trabalho de Michel Verjux \u00e9 exibido em muitos museus e espa\u00e7os de arte na Fran\u00e7a e no exterior. Ele tamb\u00e9m est\u00e1 representado em cole\u00e7\u00f5es p\u00fablicas e privadas, onde projeta obras de luz permanentes. Sua abordagem exclusiva questiona constantemente nossa rela\u00e7\u00e3o com o espa\u00e7o e a luz.  <\/p>\n\n\n\n<div class=\"wp-block-buttons is-layout-flex wp-block-buttons-is-layout-flex\">\n<div class=\"wp-block-button\"><a class=\"wp-block-button__link wp-element-button\" href=\"https:\/\/monumental-valois.com\/pt-br\/obra-monumental\/michel-verjux-revelando-o-espaco-por-meio-da-luz\/\">Descubra o trabalho<\/a><\/div>\n<\/div>\n<\/div>\n\n\n\n<div class=\"wp-block-column is-vertically-aligned-bottom is-layout-flow wp-block-column-is-layout-flow\" style=\"flex-basis:50%\"><\/div>\n<\/div>\n<\/div><\/div>\n","protected":false},"excerpt":{"rendered":"<p>Michel Verjux A ilumina\u00e7\u00e3o como ferramenta e mat\u00e9ria-prima Michel Verjux acredita que &#8220;iluminar j\u00e1 \u00e9 expor&#8221; e, por isso, ele [&hellip;]<\/p>\n","protected":false},"featured_media":2035,"template":"","discipline":[20,21],"class_list":["post-2034","artiste","type-artiste","status-publish","has-post-thumbnail","hentry","discipline-peinture","discipline-sculpture"],"_links":{"self":[{"href":"https:\/\/monumental-valois.com\/pt-br\/wp-json\/wp\/v2\/artiste\/2034","targetHints":{"allow":["GET"]}}],"collection":[{"href":"https:\/\/monumental-valois.com\/pt-br\/wp-json\/wp\/v2\/artiste"}],"about":[{"href":"https:\/\/monumental-valois.com\/pt-br\/wp-json\/wp\/v2\/types\/artiste"}],"wp:featuredmedia":[{"embeddable":true,"href":"https:\/\/monumental-valois.com\/pt-br\/wp-json\/wp\/v2\/media\/2035"}],"wp:attachment":[{"href":"https:\/\/monumental-valois.com\/pt-br\/wp-json\/wp\/v2\/media?parent=2034"}],"wp:term":[{"taxonomy":"discipline","embeddable":true,"href":"https:\/\/monumental-valois.com\/pt-br\/wp-json\/wp\/v2\/discipline?post=2034"}],"curies":[{"name":"wp","href":"https:\/\/api.w.org\/{rel}","templated":true}]}}

<div class="wp-block-group alignwide"><div class="wp-block-group__inner-container is-layout-constrained wp-block-group-is-layout-constrained">
<div class="wp-block-columns alignwide are-vertically-aligned-bottom is-style-espace-60-px is-layout-flex wp-container-core-columns-is-layout-28f84493 wp-block-columns-is-layout-flex">
<div class="wp-block-column is-vertically-aligned-bottom is-layout-flow wp-block-column-is-layout-flow" style="flex-basis:33%">
<p class="is-style-sur-titre-artiste"><strong><strong><strong><strong><strong><strong><strong><strong>Michel Verjux</strong></strong></strong></strong></strong></strong></strong></strong></p>



<h2 class="wp-block-heading has-34-px-font-size">A iluminação como ferramenta e matéria-prima</h2>



<p>Michel Verjux acredita que &#8220;iluminar já é expor&#8221; e, por isso, ele trabalha com holofotes, criando feixes de luz branca que transformam a arquitetura e revelam volumes. Suas obras minimalistas e imersivas questionam o visível e o invisível, brincando com paredes, pisos e fachadas. </p>
</div>



<div class="wp-block-column is-vertically-aligned-bottom is-layout-flow wp-block-column-is-layout-flow" style="flex-basis:67%">
<figure class="wp-block-image size-large is-style-img-responsive"><img loading="lazy" decoding="async" width="1350" height="900" src="https://monumental-valois.com/wp-content/uploads/2025/02/Galeries-souterraines-1350x900.jpg" alt="Michel Verjux: revelando o espa&#xE7;o por meio da luz" class="wp-image-575" srcset="https://monumental-valois.com/wp-content/uploads/2025/02/Galeries-souterraines-1350x900.jpg 1350w, https://monumental-valois.com/wp-content/uploads/2025/02/Galeries-souterraines-600x400.jpg 600w, https://monumental-valois.com/wp-content/uploads/2025/02/Galeries-souterraines-768x512.jpg 768w, https://monumental-valois.com/wp-content/uploads/2025/02/Galeries-souterraines-450x300.jpg 450w, https://monumental-valois.com/wp-content/uploads/2025/02/Galeries-souterraines-900x600.jpg 900w, https://monumental-valois.com/wp-content/uploads/2025/02/Galeries-souterraines.jpg 1500w" sizes="auto, (max-width: 1350px) 100vw, 1350px" /></figure>
</div>
</div>
</div></div>

<div style="height:50px" aria-hidden="true" class="wp-block-spacer"></div>

<div class="wp-block-group alignwide"><div class="wp-block-group__inner-container is-layout-constrained wp-block-group-is-layout-constrained">
<div class="wp-block-columns alignwide are-vertically-aligned-bottom is-style-espace-60-px is-layout-flex wp-container-core-columns-is-layout-28f84493 wp-block-columns-is-layout-flex">
<div class="wp-block-column is-vertically-aligned-bottom is-layout-flow wp-block-column-is-layout-flow" style="flex-basis:50%">
<p class="is-style-sur-titre-artiste"><strong><strong><strong><strong><strong><strong><strong><strong>Michel Verjux</strong></strong></strong></strong></strong></strong></strong></strong></p>



<h2 class="wp-block-heading has-34-px-font-size">Um artista no cenário internacional</h2>



<p>O trabalho de Michel Verjux é exibido em muitos museus e espaços de arte na França e no exterior. Ele também está representado em coleções públicas e privadas, onde projeta obras de luz permanentes. Sua abordagem exclusiva questiona constantemente nossa relação com o espaço e a luz.  </p>



<div class="wp-block-buttons is-layout-flex wp-block-buttons-is-layout-flex">
<div class="wp-block-button"><a class="wp-block-button__link wp-element-button" href="https://monumental-valois.com/pt-br/obra-monumental/michel-verjux-revelando-o-espaco-por-meio-da-luz/">Descubra o trabalho</a></div>
</div>
</div>



<div class="wp-block-column is-vertically-aligned-bottom is-layout-flow wp-block-column-is-layout-flow" style="flex-basis:50%"></div>
</div>
</div></div>

<p>Michel Verjux A iluminação como ferramenta e matéria-prima Michel Verjux acredita que &#8220;iluminar já é expor&#8221; e, por isso, ele [&hellip;]</p>
