{"id":2102,"date":"2025-02-18T17:21:36","date_gmt":"2025-02-18T16:21:36","guid":{"rendered":"https:\/\/monumental-valois.com\/artiste\/gustave-eiffel\/"},"modified":"2026-03-02T15:10:59","modified_gmt":"2026-03-02T14:10:59","slug":"gustave-eiffel","status":"publish","type":"artiste","link":"https:\/\/monumental-valois.com\/pt-br\/artista\/gustave-eiffel\/","title":{"rendered":"Gustave Eiffel"},"content":{"rendered":"\n<div class=\"wp-block-group alignwide\"><div class=\"wp-block-group__inner-container is-layout-constrained wp-block-group-is-layout-constrained\">\n<div class=\"wp-block-columns alignwide are-vertically-aligned-bottom is-style-espace-60-px is-layout-flex wp-container-core-columns-is-layout-28f84493 wp-block-columns-is-layout-flex\">\n<div class=\"wp-block-column is-vertically-aligned-bottom is-layout-flow wp-block-column-is-layout-flow\" style=\"flex-basis:33%\">\n<p class=\"is-style-sur-titre-artiste\"><strong><strong><strong><strong><strong>Gustave Eiffel<\/strong><\/strong><\/strong><\/strong><\/strong><\/p>\n\n\n\n<h2 class=\"wp-block-heading has-34-px-font-size\">De pontes a torres: um vision\u00e1rio<\/h2>\n\n\n\n<p>Eiffel come\u00e7ou sua carreira construindo pontes not\u00e1veis, como o viaduto de Garabit. Mas foi na Exposi\u00e7\u00e3o Universal de Paris que ele se tornou uma lenda, projetando a Torre Eiffel. Inicialmente criticada por sua est\u00e9tica, ela se tornou um dos s\u00edmbolos mais emblem\u00e1ticos da Fran\u00e7a.  <\/p>\n<\/div>\n\n\n\n<div class=\"wp-block-column is-vertically-aligned-bottom is-layout-flow wp-block-column-is-layout-flow\" style=\"flex-basis:67%\">\n<figure class=\"wp-block-image size-large\"><img loading=\"lazy\" decoding=\"async\" width=\"599\" height=\"900\" src=\"https:\/\/monumental-valois.com\/wp-content\/uploads\/2025\/02\/Salle-Eiffel-charpente-599x900.jpg\" alt=\"Estrutura: uma obra de ferro de Gustave Eiffel\" class=\"wp-image-735\" srcset=\"https:\/\/monumental-valois.com\/wp-content\/uploads\/2025\/02\/Salle-Eiffel-charpente-599x900.jpg 599w, https:\/\/monumental-valois.com\/wp-content\/uploads\/2025\/02\/Salle-Eiffel-charpente-266x400.jpg 266w, https:\/\/monumental-valois.com\/wp-content\/uploads\/2025\/02\/Salle-Eiffel-charpente-299x450.jpg 299w, https:\/\/monumental-valois.com\/wp-content\/uploads\/2025\/02\/Salle-Eiffel-charpente-399x600.jpg 399w, https:\/\/monumental-valois.com\/wp-content\/uploads\/2025\/02\/Salle-Eiffel-charpente.jpg 681w\" sizes=\"auto, (max-width: 599px) 100vw, 599px\" \/><\/figure>\n<\/div>\n<\/div>\n<\/div><\/div>\n\n<div style=\"height:50px\" aria-hidden=\"true\" class=\"wp-block-spacer\"><\/div>\n\n<div class=\"wp-block-group alignwide\"><div class=\"wp-block-group__inner-container is-layout-constrained wp-block-group-is-layout-constrained\">\n<div class=\"wp-block-columns alignwide are-vertically-aligned-bottom is-style-espace-60-px is-layout-flex wp-container-core-columns-is-layout-28f84493 wp-block-columns-is-layout-flex\">\n<div class=\"wp-block-column is-vertically-aligned-bottom is-layout-flow wp-block-column-is-layout-flow\" style=\"flex-basis:50%\">\n<p class=\"is-style-sur-titre-artiste\"><strong><strong><strong><strong><strong>Gustave Eiffel<\/strong><\/strong><\/strong><\/strong><\/strong><\/p>\n\n\n\n<h2 class=\"wp-block-heading has-34-px-font-size\">Uma contribui\u00e7\u00e3o cient\u00edfica e t\u00e9cnica<\/h2>\n\n\n\n<p>Al\u00e9m da arquitetura, Gustave Eiffel deixou sua marca na hist\u00f3ria por meio de seus avan\u00e7os cient\u00edficos. Ele usou a Torre Eiffel como um laborat\u00f3rio gigante para experimentos meteorol\u00f3gicos, de r\u00e1dio e aerodin\u00e2micos, ultrapassando os limites de sua \u00e9poca. <\/p>\n\n\n\n<div class=\"wp-block-buttons is-layout-flex wp-block-buttons-is-layout-flex\">\n<div class=\"wp-block-button\"><a class=\"wp-block-button__link wp-element-button\" href=\"https:\/\/monumental-valois.com\/pt-br\/obra-monumental\/estrutura-um-trabalho-em-ferro-de-eiffel\/\">Descubra o trabalho<\/a><\/div>\n<\/div>\n<\/div>\n\n\n\n<div class=\"wp-block-column is-vertically-aligned-bottom is-layout-flow wp-block-column-is-layout-flow\" style=\"flex-basis:50%\">\n<h2 class=\"wp-block-heading has-34-px-font-size\">Um patrim\u00f4nio atemporal<\/h2>\n\n\n\n<p>Al\u00e9m da Torre Eiffel, suas principais obras incluem esta\u00e7\u00f5es ferrovi\u00e1rias monumentais, a estrutura da Est\u00e1tua da Liberdade e pontes inovadoras. Suas inova\u00e7\u00f5es t\u00e9cnicas, que combinam leveza e resist\u00eancia, influenciaram gera\u00e7\u00f5es de engenheiros e continuam a ser estudadas em escolas de engenharia. <\/p>\n<\/div>\n<\/div>\n<\/div><\/div>\n","protected":false},"excerpt":{"rendered":"<p>Gustave Eiffel De pontes a torres: um vision\u00e1rio Eiffel come\u00e7ou sua carreira construindo pontes not\u00e1veis, como o viaduto de Garabit. [&hellip;]<\/p>\n","protected":false},"featured_media":2103,"template":"","discipline":[21],"class_list":["post-2102","artiste","type-artiste","status-publish","has-post-thumbnail","hentry","discipline-sculpture"],"_links":{"self":[{"href":"https:\/\/monumental-valois.com\/pt-br\/wp-json\/wp\/v2\/artiste\/2102","targetHints":{"allow":["GET"]}}],"collection":[{"href":"https:\/\/monumental-valois.com\/pt-br\/wp-json\/wp\/v2\/artiste"}],"about":[{"href":"https:\/\/monumental-valois.com\/pt-br\/wp-json\/wp\/v2\/types\/artiste"}],"wp:featuredmedia":[{"embeddable":true,"href":"https:\/\/monumental-valois.com\/pt-br\/wp-json\/wp\/v2\/media\/2103"}],"wp:attachment":[{"href":"https:\/\/monumental-valois.com\/pt-br\/wp-json\/wp\/v2\/media?parent=2102"}],"wp:term":[{"taxonomy":"discipline","embeddable":true,"href":"https:\/\/monumental-valois.com\/pt-br\/wp-json\/wp\/v2\/discipline?post=2102"}],"curies":[{"name":"wp","href":"https:\/\/api.w.org\/{rel}","templated":true}]}}

<div class="wp-block-group alignwide"><div class="wp-block-group__inner-container is-layout-constrained wp-block-group-is-layout-constrained">
<div class="wp-block-columns alignwide are-vertically-aligned-bottom is-style-espace-60-px is-layout-flex wp-container-core-columns-is-layout-28f84493 wp-block-columns-is-layout-flex">
<div class="wp-block-column is-vertically-aligned-bottom is-layout-flow wp-block-column-is-layout-flow" style="flex-basis:33%">
<p class="is-style-sur-titre-artiste"><strong><strong><strong><strong><strong>Gustave Eiffel</strong></strong></strong></strong></strong></p>



<h2 class="wp-block-heading has-34-px-font-size">De pontes a torres: um visionário</h2>



<p>Eiffel começou sua carreira construindo pontes notáveis, como o viaduto de Garabit. Mas foi na Exposição Universal de Paris que ele se tornou uma lenda, projetando a Torre Eiffel. Inicialmente criticada por sua estética, ela se tornou um dos símbolos mais emblemáticos da França.  </p>
</div>



<div class="wp-block-column is-vertically-aligned-bottom is-layout-flow wp-block-column-is-layout-flow" style="flex-basis:67%">
<figure class="wp-block-image size-large"><img loading="lazy" decoding="async" width="599" height="900" src="https://monumental-valois.com/wp-content/uploads/2025/02/Salle-Eiffel-charpente-599x900.jpg" alt="Estrutura: uma obra de ferro de Gustave Eiffel" class="wp-image-735" srcset="https://monumental-valois.com/wp-content/uploads/2025/02/Salle-Eiffel-charpente-599x900.jpg 599w, https://monumental-valois.com/wp-content/uploads/2025/02/Salle-Eiffel-charpente-266x400.jpg 266w, https://monumental-valois.com/wp-content/uploads/2025/02/Salle-Eiffel-charpente-299x450.jpg 299w, https://monumental-valois.com/wp-content/uploads/2025/02/Salle-Eiffel-charpente-399x600.jpg 399w, https://monumental-valois.com/wp-content/uploads/2025/02/Salle-Eiffel-charpente.jpg 681w" sizes="auto, (max-width: 599px) 100vw, 599px" /></figure>
</div>
</div>
</div></div>

<div style="height:50px" aria-hidden="true" class="wp-block-spacer"></div>

<div class="wp-block-group alignwide"><div class="wp-block-group__inner-container is-layout-constrained wp-block-group-is-layout-constrained">
<div class="wp-block-columns alignwide are-vertically-aligned-bottom is-style-espace-60-px is-layout-flex wp-container-core-columns-is-layout-28f84493 wp-block-columns-is-layout-flex">
<div class="wp-block-column is-vertically-aligned-bottom is-layout-flow wp-block-column-is-layout-flow" style="flex-basis:50%">
<p class="is-style-sur-titre-artiste"><strong><strong><strong><strong><strong>Gustave Eiffel</strong></strong></strong></strong></strong></p>



<h2 class="wp-block-heading has-34-px-font-size">Uma contribuição científica e técnica</h2>



<p>Além da arquitetura, Gustave Eiffel deixou sua marca na história por meio de seus avanços científicos. Ele usou a Torre Eiffel como um laboratório gigante para experimentos meteorológicos, de rádio e aerodinâmicos, ultrapassando os limites de sua época. </p>



<div class="wp-block-buttons is-layout-flex wp-block-buttons-is-layout-flex">
<div class="wp-block-button"><a class="wp-block-button__link wp-element-button" href="https://monumental-valois.com/pt-br/obra-monumental/estrutura-um-trabalho-em-ferro-de-eiffel/">Descubra o trabalho</a></div>
</div>
</div>



<div class="wp-block-column is-vertically-aligned-bottom is-layout-flow wp-block-column-is-layout-flow" style="flex-basis:50%">
<h2 class="wp-block-heading has-34-px-font-size">Um patrimônio atemporal</h2>



<p>Além da Torre Eiffel, suas principais obras incluem estações ferroviárias monumentais, a estrutura da Estátua da Liberdade e pontes inovadoras. Suas inovações técnicas, que combinam leveza e resistência, influenciaram gerações de engenheiros e continuam a ser estudadas em escolas de engenharia. </p>
</div>
</div>
</div></div>

<p>Gustave Eiffel De pontes a torres: um visionário Eiffel começou sua carreira construindo pontes notáveis, como o viaduto de Garabit. [&hellip;]</p>
