{"id":2107,"date":"2025-02-18T17:16:30","date_gmt":"2025-02-18T16:16:30","guid":{"rendered":"https:\/\/monumental-valois.com\/artiste\/eric-croes\/"},"modified":"2026-03-02T15:14:24","modified_gmt":"2026-03-02T14:14:24","slug":"eric-croes","status":"publish","type":"artiste","link":"https:\/\/monumental-valois.com\/pt-br\/artista\/eric-croes\/","title":{"rendered":"Eric Croes"},"content":{"rendered":"\n<div class=\"wp-block-group alignwide\"><div class=\"wp-block-group__inner-container is-layout-constrained wp-block-group-is-layout-constrained\">\n<div class=\"wp-block-columns alignwide are-vertically-aligned-bottom is-style-espace-60-px is-layout-flex wp-container-core-columns-is-layout-28f84493 wp-block-columns-is-layout-flex\">\n<div class=\"wp-block-column is-vertically-aligned-bottom is-layout-flow wp-block-column-is-layout-flow\" style=\"flex-basis:33%\">\n<p class=\"is-style-sur-titre-artiste\"><strong><strong><strong><strong>Eric Croes<\/strong><\/strong><\/strong><\/strong><\/p>\n\n\n\n<h2 class=\"wp-block-heading has-34-px-font-size\">A cer\u00e2mica no centro do processo<\/h2>\n\n\n\n<p>Croes prefere um gesto espont\u00e2neo, dando origem a esculturas h\u00edbridas e coloridas que combinam seres humanos, animais e formas on\u00edricas. Ele explora os temas do jogo, do acaso e dos contos m\u00edticos e, ao mesmo tempo, enfatiza o valor do artesanato tradicional. <\/p>\n<\/div>\n\n\n\n<div class=\"wp-block-column is-vertically-aligned-bottom is-layout-flow wp-block-column-is-layout-flow\" style=\"flex-basis:67%\">\n<figure class=\"wp-block-image size-full\"><img loading=\"lazy\" decoding=\"async\" width=\"600\" height=\"801\" src=\"https:\/\/monumental-valois.com\/wp-content\/uploads\/2025\/02\/Eric-Croes-art-contemporain.jpg\" alt=\"Eric Croes: um convite &#xE0; imagina&#xE7;&#xE3;o\" class=\"wp-image-739\" srcset=\"https:\/\/monumental-valois.com\/wp-content\/uploads\/2025\/02\/Eric-Croes-art-contemporain.jpg 600w, https:\/\/monumental-valois.com\/wp-content\/uploads\/2025\/02\/Eric-Croes-art-contemporain-300x400.jpg 300w, https:\/\/monumental-valois.com\/wp-content\/uploads\/2025\/02\/Eric-Croes-art-contemporain-337x450.jpg 337w, https:\/\/monumental-valois.com\/wp-content\/uploads\/2025\/02\/Eric-Croes-art-contemporain-449x600.jpg 449w\" sizes=\"auto, (max-width: 600px) 100vw, 600px\" \/><\/figure>\n<\/div>\n<\/div>\n<\/div><\/div>\n\n<div style=\"height:50px\" aria-hidden=\"true\" class=\"wp-block-spacer\"><\/div>\n\n<div class=\"wp-block-group alignwide\"><div class=\"wp-block-group__inner-container is-layout-constrained wp-block-group-is-layout-constrained\">\n<div class=\"wp-block-columns alignwide are-vertically-aligned-bottom is-style-espace-60-px is-layout-flex wp-container-core-columns-is-layout-28f84493 wp-block-columns-is-layout-flex\">\n<div class=\"wp-block-column is-vertically-aligned-bottom is-layout-flow wp-block-column-is-layout-flow\" style=\"flex-basis:50%\">\n<p class=\"is-style-sur-titre-artiste\"><strong><strong><strong><strong>Eric Croes<\/strong><\/strong><\/strong><\/strong><\/p>\n\n\n\n<h2 class=\"wp-block-heading has-34-px-font-size\">Um besti\u00e1rio e hist\u00f3rias ancestrais<\/h2>\n\n\n\n<p>O besti\u00e1rio desempenha um papel central em seu trabalho. Fascinado por animais e seu simbolismo, Croes se inspira em hist\u00f3rias antigas e tradi\u00e7\u00f5es de culto. Seus vasos de cer\u00e2mica, que evocam garras de urso ou estampas de animais, reinterpretam essas lendas com uma sensibilidade contempor\u00e2nea.  <\/p>\n\n\n\n<div class=\"wp-block-buttons is-layout-flex wp-block-buttons-is-layout-flex\">\n<div class=\"wp-block-button\"><a class=\"wp-block-button__link wp-element-button\" href=\"https:\/\/monumental-valois.com\/pt-br\/obra-monumental\/o-trabalho-de-eric-croes-um-convite-a-imaginacao\/\">Descubra o trabalho<\/a><\/div>\n<\/div>\n<\/div>\n\n\n\n<div class=\"wp-block-column is-vertically-aligned-bottom is-layout-flow wp-block-column-is-layout-flow\" style=\"flex-basis:50%\">\n<h2 class=\"wp-block-heading has-34-px-font-size\">Reconhecimento internacional<\/h2>\n\n\n\n<p>Seu trabalho foi exposto em galerias de prest\u00edgio, como a Richard Heller, em Los Angeles, e a Almine Rech, em Paris, e tamb\u00e9m faz parte de cole\u00e7\u00f5es institucionais, como a Mu.ZEE, em Ostend, e o Mus\u00e9e national de la c\u00e9ramique, em S\u00e8vres.<\/p>\n<\/div>\n<\/div>\n<\/div><\/div>\n","protected":false},"excerpt":{"rendered":"<p>Eric Croes A cer\u00e2mica no centro do processo Croes prefere um gesto espont\u00e2neo, dando origem a esculturas h\u00edbridas e coloridas [&hellip;]<\/p>\n","protected":false},"featured_media":2108,"template":"","discipline":[21],"class_list":["post-2107","artiste","type-artiste","status-publish","has-post-thumbnail","hentry","discipline-sculpture"],"_links":{"self":[{"href":"https:\/\/monumental-valois.com\/pt-br\/wp-json\/wp\/v2\/artiste\/2107","targetHints":{"allow":["GET"]}}],"collection":[{"href":"https:\/\/monumental-valois.com\/pt-br\/wp-json\/wp\/v2\/artiste"}],"about":[{"href":"https:\/\/monumental-valois.com\/pt-br\/wp-json\/wp\/v2\/types\/artiste"}],"wp:featuredmedia":[{"embeddable":true,"href":"https:\/\/monumental-valois.com\/pt-br\/wp-json\/wp\/v2\/media\/2108"}],"wp:attachment":[{"href":"https:\/\/monumental-valois.com\/pt-br\/wp-json\/wp\/v2\/media?parent=2107"}],"wp:term":[{"taxonomy":"discipline","embeddable":true,"href":"https:\/\/monumental-valois.com\/pt-br\/wp-json\/wp\/v2\/discipline?post=2107"}],"curies":[{"name":"wp","href":"https:\/\/api.w.org\/{rel}","templated":true}]}}

<div class="wp-block-group alignwide"><div class="wp-block-group__inner-container is-layout-constrained wp-block-group-is-layout-constrained">
<div class="wp-block-columns alignwide are-vertically-aligned-bottom is-style-espace-60-px is-layout-flex wp-container-core-columns-is-layout-28f84493 wp-block-columns-is-layout-flex">
<div class="wp-block-column is-vertically-aligned-bottom is-layout-flow wp-block-column-is-layout-flow" style="flex-basis:33%">
<p class="is-style-sur-titre-artiste"><strong><strong><strong><strong>Eric Croes</strong></strong></strong></strong></p>



<h2 class="wp-block-heading has-34-px-font-size">A cerâmica no centro do processo</h2>



<p>Croes prefere um gesto espontâneo, dando origem a esculturas híbridas e coloridas que combinam seres humanos, animais e formas oníricas. Ele explora os temas do jogo, do acaso e dos contos míticos e, ao mesmo tempo, enfatiza o valor do artesanato tradicional. </p>
</div>



<div class="wp-block-column is-vertically-aligned-bottom is-layout-flow wp-block-column-is-layout-flow" style="flex-basis:67%">
<figure class="wp-block-image size-full"><img loading="lazy" decoding="async" width="600" height="801" src="https://monumental-valois.com/wp-content/uploads/2025/02/Eric-Croes-art-contemporain.jpg" alt="Eric Croes: um convite &#xE0; imagina&#xE7;&#xE3;o" class="wp-image-739" srcset="https://monumental-valois.com/wp-content/uploads/2025/02/Eric-Croes-art-contemporain.jpg 600w, https://monumental-valois.com/wp-content/uploads/2025/02/Eric-Croes-art-contemporain-300x400.jpg 300w, https://monumental-valois.com/wp-content/uploads/2025/02/Eric-Croes-art-contemporain-337x450.jpg 337w, https://monumental-valois.com/wp-content/uploads/2025/02/Eric-Croes-art-contemporain-449x600.jpg 449w" sizes="auto, (max-width: 600px) 100vw, 600px" /></figure>
</div>
</div>
</div></div>

<div style="height:50px" aria-hidden="true" class="wp-block-spacer"></div>

<div class="wp-block-group alignwide"><div class="wp-block-group__inner-container is-layout-constrained wp-block-group-is-layout-constrained">
<div class="wp-block-columns alignwide are-vertically-aligned-bottom is-style-espace-60-px is-layout-flex wp-container-core-columns-is-layout-28f84493 wp-block-columns-is-layout-flex">
<div class="wp-block-column is-vertically-aligned-bottom is-layout-flow wp-block-column-is-layout-flow" style="flex-basis:50%">
<p class="is-style-sur-titre-artiste"><strong><strong><strong><strong>Eric Croes</strong></strong></strong></strong></p>



<h2 class="wp-block-heading has-34-px-font-size">Um bestiário e histórias ancestrais</h2>



<p>O bestiário desempenha um papel central em seu trabalho. Fascinado por animais e seu simbolismo, Croes se inspira em histórias antigas e tradições de culto. Seus vasos de cerâmica, que evocam garras de urso ou estampas de animais, reinterpretam essas lendas com uma sensibilidade contemporânea.  </p>



<div class="wp-block-buttons is-layout-flex wp-block-buttons-is-layout-flex">
<div class="wp-block-button"><a class="wp-block-button__link wp-element-button" href="https://monumental-valois.com/pt-br/obra-monumental/o-trabalho-de-eric-croes-um-convite-a-imaginacao/">Descubra o trabalho</a></div>
</div>
</div>



<div class="wp-block-column is-vertically-aligned-bottom is-layout-flow wp-block-column-is-layout-flow" style="flex-basis:50%">
<h2 class="wp-block-heading has-34-px-font-size">Reconhecimento internacional</h2>



<p>Seu trabalho foi exposto em galerias de prestígio, como a Richard Heller, em Los Angeles, e a Almine Rech, em Paris, e também faz parte de coleções institucionais, como a Mu.ZEE, em Ostend, e o Musée national de la céramique, em Sèvres.</p>
</div>
</div>
</div></div>

<p>Eric Croes A cerâmica no centro do processo Croes prefere um gesto espontâneo, dando origem a esculturas híbridas e coloridas [&hellip;]</p>
