{"id":2112,"date":"2025-02-18T17:12:20","date_gmt":"2025-02-18T16:12:20","guid":{"rendered":"https:\/\/monumental-valois.com\/artiste\/emmanuel-fremiet\/"},"modified":"2026-03-02T15:19:14","modified_gmt":"2026-03-02T14:19:14","slug":"emmanuel-fremiet","status":"publish","type":"artiste","link":"https:\/\/monumental-valois.com\/pt-br\/artista\/emmanuel-fremiet\/","title":{"rendered":"Emmanuel Fr\u00e9miet"},"content":{"rendered":"\n<div class=\"wp-block-group alignwide\"><div class=\"wp-block-group__inner-container is-layout-constrained wp-block-group-is-layout-constrained\">\n<div class=\"wp-block-columns alignwide are-vertically-aligned-bottom is-style-espace-60-px is-layout-flex wp-container-core-columns-is-layout-28f84493 wp-block-columns-is-layout-flex\">\n<div class=\"wp-block-column is-vertically-aligned-bottom is-layout-flow wp-block-column-is-layout-flow\" style=\"flex-basis:33%\">\n<p class=\"is-style-sur-titre-artiste\"><strong><strong><strong>Emmanuel Fr\u00e9miet<\/strong><\/strong><\/strong><\/p>\n\n\n\n<h2 class=\"wp-block-heading has-34-px-font-size\">Arte animal: um mundo de movimento<\/h2>\n\n\n\n<p>Fr\u00e9miet \u00e9 frequentemente associado ao movimento de arte animal, que surgiu no s\u00e9culo XIX. A delicadeza de suas esculturas de animais, especialmente as de cavalos, le\u00f5es e elefantes, atesta seu dom\u00ednio t\u00e9cnico e sua paix\u00e3o pelo estudo do movimento. Sua abordagem realista, quase naturalista, faz de suas obras modelos de precis\u00e3o na representa\u00e7\u00e3o de animais.  <\/p>\n<\/div>\n\n\n\n<div class=\"wp-block-column is-vertically-aligned-bottom is-layout-flow wp-block-column-is-layout-flow\" style=\"flex-basis:67%\">\n<figure class=\"wp-block-image size-full\"><img loading=\"lazy\" decoding=\"async\" width=\"600\" height=\"819\" src=\"https:\/\/monumental-valois.com\/wp-content\/uploads\/2025\/02\/les-Gisants-de-Fremiet.jpg\" alt=\"&#xC0; sombra da capela em Vez: as figuras reclinadas de Fr&#xE9;miet\" class=\"wp-image-743\" srcset=\"https:\/\/monumental-valois.com\/wp-content\/uploads\/2025\/02\/les-Gisants-de-Fremiet.jpg 600w, https:\/\/monumental-valois.com\/wp-content\/uploads\/2025\/02\/les-Gisants-de-Fremiet-293x400.jpg 293w, https:\/\/monumental-valois.com\/wp-content\/uploads\/2025\/02\/les-Gisants-de-Fremiet-330x450.jpg 330w, https:\/\/monumental-valois.com\/wp-content\/uploads\/2025\/02\/les-Gisants-de-Fremiet-440x600.jpg 440w\" sizes=\"auto, (max-width: 600px) 100vw, 600px\" \/><\/figure>\n<\/div>\n<\/div>\n<\/div><\/div>\n\n<div style=\"height:50px\" aria-hidden=\"true\" class=\"wp-block-spacer\"><\/div>\n\n<div class=\"wp-block-group alignwide\"><div class=\"wp-block-group__inner-container is-layout-constrained wp-block-group-is-layout-constrained\">\n<div class=\"wp-block-columns alignwide are-vertically-aligned-bottom is-style-espace-60-px is-layout-flex wp-container-core-columns-is-layout-28f84493 wp-block-columns-is-layout-flex\">\n<div class=\"wp-block-column is-vertically-aligned-bottom is-layout-flow wp-block-column-is-layout-flow\" style=\"flex-basis:50%\">\n<p class=\"is-style-sur-titre-artiste\"><strong><strong><strong>Emmanuel Fr\u00e9miet<\/strong><\/strong><\/strong><\/p>\n\n\n\n<h2 class=\"wp-block-heading has-34-px-font-size\">Esculpindo os eventos da hist\u00f3ria<\/h2>\n\n\n\n<p>Fr\u00e9miet tamb\u00e9m deixou sua marca na hist\u00f3ria com est\u00e1tuas famosas, como a de Joana D&#8217;Arc, localizada na Place des Pyramides, em Paris. Esse monumento deixou sua marca na hist\u00f3ria da arte com sua representa\u00e7\u00e3o ousada de uma Joana d&#8217;Arc jovem e guerreira, em forte contraste com as representa\u00e7\u00f5es tradicionais da santa. <\/p>\n\n\n\n<div class=\"wp-block-buttons is-layout-flex wp-block-buttons-is-layout-flex\">\n<div class=\"wp-block-button\"><a class=\"wp-block-button__link wp-element-button\" href=\"https:\/\/monumental-valois.com\/pt-br\/obra-monumental\/a-sombra-da-capela-em-vez-as-figuras-reclinadas-de-fremiet\/\">Descubra o trabalho<\/a><\/div>\n<\/div>\n<\/div>\n\n\n\n<div class=\"wp-block-column is-vertically-aligned-bottom is-layout-flow wp-block-column-is-layout-flow\" style=\"flex-basis:50%\">\n<h2 class=\"wp-block-heading has-34-px-font-size\">Um legado duradouro<\/h2>\n\n\n\n<p>Membro da Acad\u00e9mie des Beaux-Arts desde 1876, ele influenciou as gera\u00e7\u00f5es seguintes. Suas obras, exibidas principalmente no Mus\u00e9e d&#8217;Orsay e na \u00d3pera de Paris, continuam a inspirar e cativar. <\/p>\n<\/div>\n<\/div>\n<\/div><\/div>\n","protected":false},"excerpt":{"rendered":"<p>Emmanuel Fr\u00e9miet Arte animal: um mundo de movimento Fr\u00e9miet \u00e9 frequentemente associado ao movimento de arte animal, que surgiu no [&hellip;]<\/p>\n","protected":false},"featured_media":2113,"template":"","discipline":[21],"class_list":["post-2112","artiste","type-artiste","status-publish","has-post-thumbnail","hentry","discipline-sculpture"],"_links":{"self":[{"href":"https:\/\/monumental-valois.com\/pt-br\/wp-json\/wp\/v2\/artiste\/2112","targetHints":{"allow":["GET"]}}],"collection":[{"href":"https:\/\/monumental-valois.com\/pt-br\/wp-json\/wp\/v2\/artiste"}],"about":[{"href":"https:\/\/monumental-valois.com\/pt-br\/wp-json\/wp\/v2\/types\/artiste"}],"wp:featuredmedia":[{"embeddable":true,"href":"https:\/\/monumental-valois.com\/pt-br\/wp-json\/wp\/v2\/media\/2113"}],"wp:attachment":[{"href":"https:\/\/monumental-valois.com\/pt-br\/wp-json\/wp\/v2\/media?parent=2112"}],"wp:term":[{"taxonomy":"discipline","embeddable":true,"href":"https:\/\/monumental-valois.com\/pt-br\/wp-json\/wp\/v2\/discipline?post=2112"}],"curies":[{"name":"wp","href":"https:\/\/api.w.org\/{rel}","templated":true}]}}

Emmanuel Frémiet

<div class="wp-block-group alignwide"><div class="wp-block-group__inner-container is-layout-constrained wp-block-group-is-layout-constrained">
<div class="wp-block-columns alignwide are-vertically-aligned-bottom is-style-espace-60-px is-layout-flex wp-container-core-columns-is-layout-28f84493 wp-block-columns-is-layout-flex">
<div class="wp-block-column is-vertically-aligned-bottom is-layout-flow wp-block-column-is-layout-flow" style="flex-basis:33%">
<p class="is-style-sur-titre-artiste"><strong><strong><strong>Emmanuel Frémiet</strong></strong></strong></p>



<h2 class="wp-block-heading has-34-px-font-size">Arte animal: um mundo de movimento</h2>



<p>Frémiet é frequentemente associado ao movimento de arte animal, que surgiu no século XIX. A delicadeza de suas esculturas de animais, especialmente as de cavalos, leões e elefantes, atesta seu domínio técnico e sua paixão pelo estudo do movimento. Sua abordagem realista, quase naturalista, faz de suas obras modelos de precisão na representação de animais.  </p>
</div>



<div class="wp-block-column is-vertically-aligned-bottom is-layout-flow wp-block-column-is-layout-flow" style="flex-basis:67%">
<figure class="wp-block-image size-full"><img loading="lazy" decoding="async" width="600" height="819" src="https://monumental-valois.com/wp-content/uploads/2025/02/les-Gisants-de-Fremiet.jpg" alt="&#xC0; sombra da capela em Vez: as figuras reclinadas de Fr&#xE9;miet" class="wp-image-743" srcset="https://monumental-valois.com/wp-content/uploads/2025/02/les-Gisants-de-Fremiet.jpg 600w, https://monumental-valois.com/wp-content/uploads/2025/02/les-Gisants-de-Fremiet-293x400.jpg 293w, https://monumental-valois.com/wp-content/uploads/2025/02/les-Gisants-de-Fremiet-330x450.jpg 330w, https://monumental-valois.com/wp-content/uploads/2025/02/les-Gisants-de-Fremiet-440x600.jpg 440w" sizes="auto, (max-width: 600px) 100vw, 600px" /></figure>
</div>
</div>
</div></div>

<div style="height:50px" aria-hidden="true" class="wp-block-spacer"></div>

<div class="wp-block-group alignwide"><div class="wp-block-group__inner-container is-layout-constrained wp-block-group-is-layout-constrained">
<div class="wp-block-columns alignwide are-vertically-aligned-bottom is-style-espace-60-px is-layout-flex wp-container-core-columns-is-layout-28f84493 wp-block-columns-is-layout-flex">
<div class="wp-block-column is-vertically-aligned-bottom is-layout-flow wp-block-column-is-layout-flow" style="flex-basis:50%">
<p class="is-style-sur-titre-artiste"><strong><strong><strong>Emmanuel Frémiet</strong></strong></strong></p>



<h2 class="wp-block-heading has-34-px-font-size">Esculpindo os eventos da história</h2>



<p>Frémiet também deixou sua marca na história com estátuas famosas, como a de Joana D&#8217;Arc, localizada na Place des Pyramides, em Paris. Esse monumento deixou sua marca na história da arte com sua representação ousada de uma Joana d&#8217;Arc jovem e guerreira, em forte contraste com as representações tradicionais da santa. </p>



<div class="wp-block-buttons is-layout-flex wp-block-buttons-is-layout-flex">
<div class="wp-block-button"><a class="wp-block-button__link wp-element-button" href="https://monumental-valois.com/pt-br/obra-monumental/a-sombra-da-capela-em-vez-as-figuras-reclinadas-de-fremiet/">Descubra o trabalho</a></div>
</div>
</div>



<div class="wp-block-column is-vertically-aligned-bottom is-layout-flow wp-block-column-is-layout-flow" style="flex-basis:50%">
<h2 class="wp-block-heading has-34-px-font-size">Um legado duradouro</h2>



<p>Membro da Académie des Beaux-Arts desde 1876, ele influenciou as gerações seguintes. Suas obras, exibidas principalmente no Musée d&#8217;Orsay e na Ópera de Paris, continuam a inspirar e cativar. </p>
</div>
</div>
</div></div>

<p>Emmanuel Frémiet Arte animal: um mundo de movimento Frémiet é frequentemente associado ao movimento de arte animal, que surgiu no [&hellip;]</p>
