{"id":2117,"date":"2025-02-18T17:06:25","date_gmt":"2025-02-18T16:06:25","guid":{"rendered":"https:\/\/monumental-valois.com\/artiste\/daniel-buren\/"},"modified":"2026-03-02T15:22:30","modified_gmt":"2026-03-02T14:22:30","slug":"daniel-buren","status":"publish","type":"artiste","link":"https:\/\/monumental-valois.com\/pt-br\/artista\/daniel-buren\/","title":{"rendered":"Daniel Buren"},"content":{"rendered":"\n<div class=\"wp-block-group alignwide\"><div class=\"wp-block-group__inner-container is-layout-constrained wp-block-group-is-layout-constrained\">\n<div class=\"wp-block-columns alignwide are-vertically-aligned-bottom is-style-espace-60-px is-layout-flex wp-container-core-columns-is-layout-28f84493 wp-block-columns-is-layout-flex\">\n<div class=\"wp-block-column is-vertically-aligned-bottom is-layout-flow wp-block-column-is-layout-flow\" style=\"flex-basis:33%\">\n<p class=\"is-style-sur-titre-artiste\"><strong><strong><strong>Daniel Buren<\/strong><\/strong><\/strong><\/p>\n\n\n\n<h2 class=\"wp-block-heading has-34-px-font-size\">Um trabalho vinculado ao seu ambiente<\/h2>\n\n\n\n<p>A partir da d\u00e9cada de 1960, Daniel Buren adotou uma abordagem minimalista, reduzindo a pintura ao seu &#8220;grau zero&#8221;. Ao co-fundar o grupo BMPT, ele rejeitou as conven\u00e7\u00f5es acad\u00eamicas para destacar a import\u00e2ncia do espa\u00e7o de exposi\u00e7\u00e3o. Suas obras transformam os espa\u00e7os que ocupam, sejam museus ou espa\u00e7os p\u00fablicos.  <\/p>\n<\/div>\n\n\n\n<div class=\"wp-block-column is-vertically-aligned-bottom is-layout-flow wp-block-column-is-layout-flow\" style=\"flex-basis:67%\">\n<figure class=\"wp-block-image size-large\"><img loading=\"lazy\" decoding=\"async\" width=\"599\" height=\"900\" src=\"https:\/\/monumental-valois.com\/wp-content\/uploads\/2025\/02\/Verrieres-2-daniel-buren-599x900.jpg\" alt=\"Les Verri&#xE8;res de Buren ou a arte da luz&#10;\" class=\"wp-image-795\" srcset=\"https:\/\/monumental-valois.com\/wp-content\/uploads\/2025\/02\/Verrieres-2-daniel-buren-599x900.jpg 599w, https:\/\/monumental-valois.com\/wp-content\/uploads\/2025\/02\/Verrieres-2-daniel-buren-266x400.jpg 266w, https:\/\/monumental-valois.com\/wp-content\/uploads\/2025\/02\/Verrieres-2-daniel-buren-299x450.jpg 299w, https:\/\/monumental-valois.com\/wp-content\/uploads\/2025\/02\/Verrieres-2-daniel-buren-399x600.jpg 399w, https:\/\/monumental-valois.com\/wp-content\/uploads\/2025\/02\/Verrieres-2-daniel-buren.jpg 600w\" sizes=\"auto, (max-width: 599px) 100vw, 599px\" \/><\/figure>\n<\/div>\n<\/div>\n<\/div><\/div>\n\n<div style=\"height:50px\" aria-hidden=\"true\" class=\"wp-block-spacer\"><\/div>\n\n<div class=\"wp-block-group alignwide\"><div class=\"wp-block-group__inner-container is-layout-constrained wp-block-group-is-layout-constrained\">\n<div class=\"wp-block-columns alignwide are-vertically-aligned-center is-style-espace-60-px is-layout-flex wp-container-core-columns-is-layout-28f84493 wp-block-columns-is-layout-flex\">\n<div class=\"wp-block-column is-vertically-aligned-center is-layout-flow wp-block-column-is-layout-flow\" style=\"flex-basis:50%\">\n<p class=\"is-style-sur-titre-artiste\"><strong><strong><strong>Daniel Buren<\/strong><\/strong><\/strong><\/p>\n\n\n\n<h2 class=\"wp-block-heading has-34-px-font-size\">Projetos emblem\u00e1ticos<\/h2>\n\n\n\n<p>Entre suas cria\u00e7\u00f5es marcantes, Les Deux Plateaux (1986), mais conhecidas como as &#8220;colunas Buren&#8221;, no p\u00e1tio do Palais Royal em Paris, ilustram sua abordagem interativa. Ele tamb\u00e9m deixou sua marca em locais de prest\u00edgio, como o Grand Palais, em Paris (Monumenta, 2012), o Museu Guggenheim, em Nova York, e espa\u00e7os p\u00fablicos em N\u00e1poles, Seul e M\u00e1laga. <\/p>\n\n\n\n<div class=\"wp-block-buttons is-layout-flex wp-block-buttons-is-layout-flex\">\n<div class=\"wp-block-button\"><a class=\"wp-block-button__link wp-element-button\" href=\"https:\/\/monumental-valois.com\/pt-br\/obra-monumental\/les-verrieres-de-buren-ou-a-arte-da-luz\/\">Descubra o trabalho<\/a><\/div>\n<\/div>\n<\/div>\n\n\n\n<div class=\"wp-block-column is-vertically-aligned-center is-layout-flow wp-block-column-is-layout-flow\" style=\"flex-basis:50%\">\n<h2 class=\"wp-block-heading has-34-px-font-size\">Um artista n\u00e3o classific\u00e1vel<\/h2>\n\n\n\n<p>Ao transformar lugares por meio de seu trabalho, ele redefine a intera\u00e7\u00e3o entre o espectador, a arte e seu contexto, tornando cada instala\u00e7\u00e3o uma experi\u00eancia \u00fanica, profundamente enraizada em seu ambiente.<\/p>\n<\/div>\n<\/div>\n<\/div><\/div>\n","protected":false},"excerpt":{"rendered":"<p>Daniel Buren Um trabalho vinculado ao seu ambiente A partir da d\u00e9cada de 1960, Daniel Buren adotou uma abordagem minimalista, [&hellip;]<\/p>\n","protected":false},"featured_media":2118,"template":"","discipline":[21],"class_list":["post-2117","artiste","type-artiste","status-publish","has-post-thumbnail","hentry","discipline-sculpture"],"_links":{"self":[{"href":"https:\/\/monumental-valois.com\/pt-br\/wp-json\/wp\/v2\/artiste\/2117","targetHints":{"allow":["GET"]}}],"collection":[{"href":"https:\/\/monumental-valois.com\/pt-br\/wp-json\/wp\/v2\/artiste"}],"about":[{"href":"https:\/\/monumental-valois.com\/pt-br\/wp-json\/wp\/v2\/types\/artiste"}],"wp:featuredmedia":[{"embeddable":true,"href":"https:\/\/monumental-valois.com\/pt-br\/wp-json\/wp\/v2\/media\/2118"}],"wp:attachment":[{"href":"https:\/\/monumental-valois.com\/pt-br\/wp-json\/wp\/v2\/media?parent=2117"}],"wp:term":[{"taxonomy":"discipline","embeddable":true,"href":"https:\/\/monumental-valois.com\/pt-br\/wp-json\/wp\/v2\/discipline?post=2117"}],"curies":[{"name":"wp","href":"https:\/\/api.w.org\/{rel}","templated":true}]}}

<div class="wp-block-group alignwide"><div class="wp-block-group__inner-container is-layout-constrained wp-block-group-is-layout-constrained">
<div class="wp-block-columns alignwide are-vertically-aligned-bottom is-style-espace-60-px is-layout-flex wp-container-core-columns-is-layout-28f84493 wp-block-columns-is-layout-flex">
<div class="wp-block-column is-vertically-aligned-bottom is-layout-flow wp-block-column-is-layout-flow" style="flex-basis:33%">
<p class="is-style-sur-titre-artiste"><strong><strong><strong>Daniel Buren</strong></strong></strong></p>



<h2 class="wp-block-heading has-34-px-font-size">Um trabalho vinculado ao seu ambiente</h2>



<p>A partir da década de 1960, Daniel Buren adotou uma abordagem minimalista, reduzindo a pintura ao seu &#8220;grau zero&#8221;. Ao co-fundar o grupo BMPT, ele rejeitou as convenções acadêmicas para destacar a importância do espaço de exposição. Suas obras transformam os espaços que ocupam, sejam museus ou espaços públicos.  </p>
</div>



<div class="wp-block-column is-vertically-aligned-bottom is-layout-flow wp-block-column-is-layout-flow" style="flex-basis:67%">
<figure class="wp-block-image size-large"><img loading="lazy" decoding="async" width="599" height="900" src="https://monumental-valois.com/wp-content/uploads/2025/02/Verrieres-2-daniel-buren-599x900.jpg" alt="Les Verri&#xE8;res de Buren ou a arte da luz&#10;" class="wp-image-795" srcset="https://monumental-valois.com/wp-content/uploads/2025/02/Verrieres-2-daniel-buren-599x900.jpg 599w, https://monumental-valois.com/wp-content/uploads/2025/02/Verrieres-2-daniel-buren-266x400.jpg 266w, https://monumental-valois.com/wp-content/uploads/2025/02/Verrieres-2-daniel-buren-299x450.jpg 299w, https://monumental-valois.com/wp-content/uploads/2025/02/Verrieres-2-daniel-buren-399x600.jpg 399w, https://monumental-valois.com/wp-content/uploads/2025/02/Verrieres-2-daniel-buren.jpg 600w" sizes="auto, (max-width: 599px) 100vw, 599px" /></figure>
</div>
</div>
</div></div>

<div style="height:50px" aria-hidden="true" class="wp-block-spacer"></div>

<div class="wp-block-group alignwide"><div class="wp-block-group__inner-container is-layout-constrained wp-block-group-is-layout-constrained">
<div class="wp-block-columns alignwide are-vertically-aligned-center is-style-espace-60-px is-layout-flex wp-container-core-columns-is-layout-28f84493 wp-block-columns-is-layout-flex">
<div class="wp-block-column is-vertically-aligned-center is-layout-flow wp-block-column-is-layout-flow" style="flex-basis:50%">
<p class="is-style-sur-titre-artiste"><strong><strong><strong>Daniel Buren</strong></strong></strong></p>



<h2 class="wp-block-heading has-34-px-font-size">Projetos emblemáticos</h2>



<p>Entre suas criações marcantes, Les Deux Plateaux (1986), mais conhecidas como as &#8220;colunas Buren&#8221;, no pátio do Palais Royal em Paris, ilustram sua abordagem interativa. Ele também deixou sua marca em locais de prestígio, como o Grand Palais, em Paris (Monumenta, 2012), o Museu Guggenheim, em Nova York, e espaços públicos em Nápoles, Seul e Málaga. </p>



<div class="wp-block-buttons is-layout-flex wp-block-buttons-is-layout-flex">
<div class="wp-block-button"><a class="wp-block-button__link wp-element-button" href="https://monumental-valois.com/pt-br/obra-monumental/les-verrieres-de-buren-ou-a-arte-da-luz/">Descubra o trabalho</a></div>
</div>
</div>



<div class="wp-block-column is-vertically-aligned-center is-layout-flow wp-block-column-is-layout-flow" style="flex-basis:50%">
<h2 class="wp-block-heading has-34-px-font-size">Um artista não classificável</h2>



<p>Ao transformar lugares por meio de seu trabalho, ele redefine a interação entre o espectador, a arte e seu contexto, tornando cada instalação uma experiência única, profundamente enraizada em seu ambiente.</p>
</div>
</div>
</div></div>

<p>Daniel Buren Um trabalho vinculado ao seu ambiente A partir da década de 1960, Daniel Buren adotou uma abordagem minimalista, [&hellip;]</p>
