{"id":2123,"date":"2025-02-18T16:40:13","date_gmt":"2025-02-18T15:40:13","guid":{"rendered":"https:\/\/monumental-valois.com\/artiste\/jean-pierre-raynaud\/"},"modified":"2026-03-02T15:28:18","modified_gmt":"2026-03-02T14:28:18","slug":"jean-pierre-raynaud","status":"publish","type":"artiste","link":"https:\/\/monumental-valois.com\/pt-br\/artista\/jean-pierre-raynaud\/","title":{"rendered":"Jean-Pierre Raynaud"},"content":{"rendered":"\n<div class=\"wp-block-group alignwide\"><div class=\"wp-block-group__inner-container is-layout-constrained wp-block-group-is-layout-constrained\">\n<div class=\"wp-block-columns alignwide are-vertically-aligned-bottom is-style-espace-60-px is-layout-flex wp-container-core-columns-is-layout-28f84493 wp-block-columns-is-layout-flex\">\n<div class=\"wp-block-column is-vertically-aligned-bottom is-layout-flow wp-block-column-is-layout-flow\" style=\"flex-basis:33%\">\n<p class=\"is-style-sur-titre-artiste\"><strong><strong>Jean-Pierre Raynaud<\/strong><\/strong><\/p>\n\n\n\n<h2 class=\"wp-block-heading has-34-px-font-size\">Reconhecimento internacional<\/h2>\n\n\n\n<p>Depois de estrear no Salon de la jeune sculpture em 1964, ele realizou uma s\u00e9rie de exposi\u00e7\u00f5es individuais, principalmente em Paris, Nova York e S\u00e3o Paulo. Sua carreira rapidamente assumiu uma dimens\u00e3o internacional, tornando-o uma figura importante na arte contempor\u00e2nea. <\/p>\n<\/div>\n\n\n\n<div class=\"wp-block-column is-vertically-aligned-bottom is-layout-flow wp-block-column-is-layout-flow\" style=\"flex-basis:67%\">\n<figure class=\"wp-block-image size-full\"><img loading=\"lazy\" decoding=\"async\" width=\"600\" height=\"900\" src=\"https:\/\/monumental-valois.com\/wp-content\/uploads\/2025\/02\/Pot-or-2-jean-pierre-raynaud.jpg\" alt=\"O pote de ouro de Jean-Pierre Raynaud: o brilho da arte contempor&#xE2;nea&#10;\" class=\"wp-image-797\" srcset=\"https:\/\/monumental-valois.com\/wp-content\/uploads\/2025\/02\/Pot-or-2-jean-pierre-raynaud.jpg 600w, https:\/\/monumental-valois.com\/wp-content\/uploads\/2025\/02\/Pot-or-2-jean-pierre-raynaud-267x400.jpg 267w, https:\/\/monumental-valois.com\/wp-content\/uploads\/2025\/02\/Pot-or-2-jean-pierre-raynaud-300x450.jpg 300w, https:\/\/monumental-valois.com\/wp-content\/uploads\/2025\/02\/Pot-or-2-jean-pierre-raynaud-400x600.jpg 400w\" sizes=\"auto, (max-width: 600px) 100vw, 600px\" \/><\/figure>\n<\/div>\n<\/div>\n<\/div><\/div>\n\n<div style=\"height:50px\" aria-hidden=\"true\" class=\"wp-block-spacer\"><\/div>\n\n<div class=\"wp-block-group alignwide\"><div class=\"wp-block-group__inner-container is-layout-constrained wp-block-group-is-layout-constrained\">\n<div class=\"wp-block-columns alignwide are-vertically-aligned-bottom is-style-espace-60-px is-layout-flex wp-container-core-columns-is-layout-28f84493 wp-block-columns-is-layout-flex\">\n<div class=\"wp-block-column is-vertically-aligned-bottom is-layout-flow wp-block-column-is-layout-flow\" style=\"flex-basis:50%\">\n<p class=\"is-style-sur-titre-artiste\"><strong><strong>Jean-Pierre Raynaud<\/strong><\/strong><\/p>\n\n\n\n<h2 class=\"wp-block-heading has-34-px-font-size\">Principais trabalhos e compromissos<\/h2>\n\n\n\n<p>Raynaud realizou encomendas de prest\u00edgio, como os vitrais da Abadia de Noirlac e a Carte du Ciel em La D\u00e9fense. Ele tamb\u00e9m investe em lugares simb\u00f3licos, notadamente com a bandeira cubana em Havana ou sua performance na Coreia do Norte em 2006, misturando arte e geopol\u00edtica. <\/p>\n\n\n\n<div class=\"wp-block-buttons is-layout-flex wp-block-buttons-is-layout-flex\">\n<div class=\"wp-block-button\"><a class=\"wp-block-button__link wp-element-button\" href=\"https:\/\/monumental-valois.com\/pt-br\/obra-monumental\/o-pote-de-ouro-de-jean-pierre-raynaud-o-brilho-da-arte-contemporanea\/\">Descubra o trabalho<\/a><\/div>\n<\/div>\n<\/div>\n\n\n\n<div class=\"wp-block-column is-vertically-aligned-bottom is-layout-flow wp-block-column-is-layout-flow\" style=\"flex-basis:50%\">\n<h2 class=\"wp-block-heading has-34-px-font-size\">Uma obra atemporal<\/h2>\n\n\n\n<p>Sempre em busca de inova\u00e7\u00e3o, Raynaud deixou sua marca na arte contempor\u00e2nea por meio de sua capacidade de transformar objetos do cotidiano em obras significativas que lhe renderam um reconhecimento duradouro, tanto na Fran\u00e7a quanto no exterior.<\/p>\n<\/div>\n<\/div>\n<\/div><\/div>\n","protected":false},"excerpt":{"rendered":"<p>Jean-Pierre Raynaud Reconhecimento internacional Depois de estrear no Salon de la jeune sculpture em 1964, ele realizou uma s\u00e9rie de [&hellip;]<\/p>\n","protected":false},"featured_media":2124,"template":"","discipline":[21],"class_list":["post-2123","artiste","type-artiste","status-publish","has-post-thumbnail","hentry","discipline-sculpture"],"_links":{"self":[{"href":"https:\/\/monumental-valois.com\/pt-br\/wp-json\/wp\/v2\/artiste\/2123","targetHints":{"allow":["GET"]}}],"collection":[{"href":"https:\/\/monumental-valois.com\/pt-br\/wp-json\/wp\/v2\/artiste"}],"about":[{"href":"https:\/\/monumental-valois.com\/pt-br\/wp-json\/wp\/v2\/types\/artiste"}],"wp:featuredmedia":[{"embeddable":true,"href":"https:\/\/monumental-valois.com\/pt-br\/wp-json\/wp\/v2\/media\/2124"}],"wp:attachment":[{"href":"https:\/\/monumental-valois.com\/pt-br\/wp-json\/wp\/v2\/media?parent=2123"}],"wp:term":[{"taxonomy":"discipline","embeddable":true,"href":"https:\/\/monumental-valois.com\/pt-br\/wp-json\/wp\/v2\/discipline?post=2123"}],"curies":[{"name":"wp","href":"https:\/\/api.w.org\/{rel}","templated":true}]}}

<div class="wp-block-group alignwide"><div class="wp-block-group__inner-container is-layout-constrained wp-block-group-is-layout-constrained">
<div class="wp-block-columns alignwide are-vertically-aligned-bottom is-style-espace-60-px is-layout-flex wp-container-core-columns-is-layout-28f84493 wp-block-columns-is-layout-flex">
<div class="wp-block-column is-vertically-aligned-bottom is-layout-flow wp-block-column-is-layout-flow" style="flex-basis:33%">
<p class="is-style-sur-titre-artiste"><strong><strong>Jean-Pierre Raynaud</strong></strong></p>



<h2 class="wp-block-heading has-34-px-font-size">Reconhecimento internacional</h2>



<p>Depois de estrear no Salon de la jeune sculpture em 1964, ele realizou uma série de exposições individuais, principalmente em Paris, Nova York e São Paulo. Sua carreira rapidamente assumiu uma dimensão internacional, tornando-o uma figura importante na arte contemporânea. </p>
</div>



<div class="wp-block-column is-vertically-aligned-bottom is-layout-flow wp-block-column-is-layout-flow" style="flex-basis:67%">
<figure class="wp-block-image size-full"><img loading="lazy" decoding="async" width="600" height="900" src="https://monumental-valois.com/wp-content/uploads/2025/02/Pot-or-2-jean-pierre-raynaud.jpg" alt="O pote de ouro de Jean-Pierre Raynaud: o brilho da arte contempor&#xE2;nea&#10;" class="wp-image-797" srcset="https://monumental-valois.com/wp-content/uploads/2025/02/Pot-or-2-jean-pierre-raynaud.jpg 600w, https://monumental-valois.com/wp-content/uploads/2025/02/Pot-or-2-jean-pierre-raynaud-267x400.jpg 267w, https://monumental-valois.com/wp-content/uploads/2025/02/Pot-or-2-jean-pierre-raynaud-300x450.jpg 300w, https://monumental-valois.com/wp-content/uploads/2025/02/Pot-or-2-jean-pierre-raynaud-400x600.jpg 400w" sizes="auto, (max-width: 600px) 100vw, 600px" /></figure>
</div>
</div>
</div></div>

<div style="height:50px" aria-hidden="true" class="wp-block-spacer"></div>

<div class="wp-block-group alignwide"><div class="wp-block-group__inner-container is-layout-constrained wp-block-group-is-layout-constrained">
<div class="wp-block-columns alignwide are-vertically-aligned-bottom is-style-espace-60-px is-layout-flex wp-container-core-columns-is-layout-28f84493 wp-block-columns-is-layout-flex">
<div class="wp-block-column is-vertically-aligned-bottom is-layout-flow wp-block-column-is-layout-flow" style="flex-basis:50%">
<p class="is-style-sur-titre-artiste"><strong><strong>Jean-Pierre Raynaud</strong></strong></p>



<h2 class="wp-block-heading has-34-px-font-size">Principais trabalhos e compromissos</h2>



<p>Raynaud realizou encomendas de prestígio, como os vitrais da Abadia de Noirlac e a Carte du Ciel em La Défense. Ele também investe em lugares simbólicos, notadamente com a bandeira cubana em Havana ou sua performance na Coreia do Norte em 2006, misturando arte e geopolítica. </p>



<div class="wp-block-buttons is-layout-flex wp-block-buttons-is-layout-flex">
<div class="wp-block-button"><a class="wp-block-button__link wp-element-button" href="https://monumental-valois.com/pt-br/obra-monumental/o-pote-de-ouro-de-jean-pierre-raynaud-o-brilho-da-arte-contemporanea/">Descubra o trabalho</a></div>
</div>
</div>



<div class="wp-block-column is-vertically-aligned-bottom is-layout-flow wp-block-column-is-layout-flow" style="flex-basis:50%">
<h2 class="wp-block-heading has-34-px-font-size">Uma obra atemporal</h2>



<p>Sempre em busca de inovação, Raynaud deixou sua marca na arte contemporânea por meio de sua capacidade de transformar objetos do cotidiano em obras significativas que lhe renderam um reconhecimento duradouro, tanto na França quanto no exterior.</p>
</div>
</div>
</div></div>

<p>Jean-Pierre Raynaud Reconhecimento internacional Depois de estrear no Salon de la jeune sculpture em 1964, ele realizou uma série de [&hellip;]</p>
