{"id":2134,"date":"2025-02-18T16:31:27","date_gmt":"2025-02-18T15:31:27","guid":{"rendered":"https:\/\/monumental-valois.com\/artiste\/pascal-cribier\/"},"modified":"2026-03-02T15:38:23","modified_gmt":"2026-03-02T14:38:23","slug":"pascal-cribier","status":"publish","type":"artiste","link":"https:\/\/monumental-valois.com\/pt-br\/artista\/pascal-cribier\/","title":{"rendered":"Pascal Cribier"},"content":{"rendered":"\n<div class=\"wp-block-group alignwide\"><div class=\"wp-block-group__inner-container is-layout-constrained wp-block-group-is-layout-constrained\">\n<div class=\"wp-block-columns alignwide are-vertically-aligned-bottom is-style-espace-60-px is-layout-flex wp-container-core-columns-is-layout-28f84493 wp-block-columns-is-layout-flex\">\n<div class=\"wp-block-column is-vertically-aligned-bottom is-layout-flow wp-block-column-is-layout-flow\" style=\"flex-basis:33%\">\n<p class=\"is-style-sur-titre-artiste\"><strong>Pascal Cribier<\/strong><\/p>\n\n\n\n<h2 class=\"wp-block-heading has-34-px-font-size\">Uma carreira at\u00edpica<\/h2>\n\n\n\n<p>A juventude de Pascal Cribier foi marcada pela indisciplina e por v\u00e1rias paix\u00f5es, como automobilismo e design. Depois de um per\u00edodo na fotografia e uma breve carreira no karting, ele se voltou para as artes pl\u00e1sticas e a arquitetura. Em 1972, ele assumiu o desenvolvimento do Bois de Morville em Varengeville-sur-Mer, um projeto seminal que revelou seu talento para sublimar paisagens naturais.  <\/p>\n<\/div>\n\n\n\n<div class=\"wp-block-column is-vertically-aligned-bottom is-layout-flow wp-block-column-is-layout-flow\" style=\"flex-basis:67%\">\n<figure class=\"wp-block-image size-large\"><img loading=\"lazy\" decoding=\"async\" width=\"599\" height=\"900\" src=\"https:\/\/monumental-valois.com\/wp-content\/uploads\/2025\/02\/Jardin-minimaliste-3-pascal-cribierjpg-599x900.jpg\" alt=\"Jardim minimalista: um di&#xE1;logo entre a natureza e a hist&#xF3;ria&#10;\" class=\"wp-image-800\" srcset=\"https:\/\/monumental-valois.com\/wp-content\/uploads\/2025\/02\/Jardin-minimaliste-3-pascal-cribierjpg-599x900.jpg 599w, https:\/\/monumental-valois.com\/wp-content\/uploads\/2025\/02\/Jardin-minimaliste-3-pascal-cribierjpg-266x400.jpg 266w, https:\/\/monumental-valois.com\/wp-content\/uploads\/2025\/02\/Jardin-minimaliste-3-pascal-cribierjpg-299x450.jpg 299w, https:\/\/monumental-valois.com\/wp-content\/uploads\/2025\/02\/Jardin-minimaliste-3-pascal-cribierjpg-399x600.jpg 399w, https:\/\/monumental-valois.com\/wp-content\/uploads\/2025\/02\/Jardin-minimaliste-3-pascal-cribierjpg.jpg 600w\" sizes=\"auto, (max-width: 599px) 100vw, 599px\" \/><\/figure>\n<\/div>\n<\/div>\n<\/div><\/div>\n\n<div style=\"height:50px\" aria-hidden=\"true\" class=\"wp-block-spacer\"><\/div>\n\n<div class=\"wp-block-group alignwide\"><div class=\"wp-block-group__inner-container is-layout-constrained wp-block-group-is-layout-constrained\">\n<div class=\"wp-block-columns alignwide are-vertically-aligned-bottom is-style-espace-60-px is-layout-flex wp-container-core-columns-is-layout-28f84493 wp-block-columns-is-layout-flex\">\n<div class=\"wp-block-column is-vertically-aligned-bottom is-layout-flow wp-block-column-is-layout-flow\" style=\"flex-basis:50%\">\n<p class=\"is-style-sur-titre-artiste\"><strong>Pascal Cribier<\/strong><\/p>\n\n\n\n<h2 class=\"wp-block-heading has-34-px-font-size\">A arte do jardim vivo<\/h2>\n\n\n\n<p>O estilo de Pascal Cribier respeitava a heran\u00e7a de Andr\u00e9 Le N\u00f4tre e era resolutamente inovador. Ele preferia uma abordagem sens\u00edvel ao jardim, na qual ouvir os clientes p\u00fablicos e privados desempenhava um papel central. <\/p>\n\n\n\n<div class=\"wp-block-buttons is-layout-flex wp-block-buttons-is-layout-flex\">\n<div class=\"wp-block-button\"><a class=\"wp-block-button__link wp-element-button\" href=\"https:\/\/monumental-valois.com\/pt-br\/obra-monumental\/jardim-minimalista-um-dialogo-entre-a-natureza-e-a-historia\/\">Descubra o trabalho<\/a><\/div>\n<\/div>\n<\/div>\n\n\n\n<div class=\"wp-block-column is-vertically-aligned-bottom is-layout-flow wp-block-column-is-layout-flow\" style=\"flex-basis:50%\">\n<h2 class=\"wp-block-heading has-34-px-font-size\">Uma reputa\u00e7\u00e3o internacional<\/h2>\n\n\n\n<p>Sua colabora\u00e7\u00e3o com Louis Benech, em 1990, na renova\u00e7\u00e3o das Tuileries o catapultou para os holofotes. Esse projeto monumental estabeleceu sua reputa\u00e7\u00e3o e lhe rendeu convites para dar palestras em todo o mundo. Como professor e palestrante, ele exerceu uma influ\u00eancia duradoura na paisagem contempor\u00e2nea.  <\/p>\n<\/div>\n<\/div>\n<\/div><\/div>\n","protected":false},"excerpt":{"rendered":"<p>Pascal Cribier Uma carreira at\u00edpica A juventude de Pascal Cribier foi marcada pela indisciplina e por v\u00e1rias paix\u00f5es, como automobilismo [&hellip;]<\/p>\n","protected":false},"featured_media":2135,"template":"","discipline":[21],"class_list":["post-2134","artiste","type-artiste","status-publish","has-post-thumbnail","hentry","discipline-sculpture"],"_links":{"self":[{"href":"https:\/\/monumental-valois.com\/pt-br\/wp-json\/wp\/v2\/artiste\/2134","targetHints":{"allow":["GET"]}}],"collection":[{"href":"https:\/\/monumental-valois.com\/pt-br\/wp-json\/wp\/v2\/artiste"}],"about":[{"href":"https:\/\/monumental-valois.com\/pt-br\/wp-json\/wp\/v2\/types\/artiste"}],"wp:featuredmedia":[{"embeddable":true,"href":"https:\/\/monumental-valois.com\/pt-br\/wp-json\/wp\/v2\/media\/2135"}],"wp:attachment":[{"href":"https:\/\/monumental-valois.com\/pt-br\/wp-json\/wp\/v2\/media?parent=2134"}],"wp:term":[{"taxonomy":"discipline","embeddable":true,"href":"https:\/\/monumental-valois.com\/pt-br\/wp-json\/wp\/v2\/discipline?post=2134"}],"curies":[{"name":"wp","href":"https:\/\/api.w.org\/{rel}","templated":true}]}}

<div class="wp-block-group alignwide"><div class="wp-block-group__inner-container is-layout-constrained wp-block-group-is-layout-constrained">
<div class="wp-block-columns alignwide are-vertically-aligned-bottom is-style-espace-60-px is-layout-flex wp-container-core-columns-is-layout-28f84493 wp-block-columns-is-layout-flex">
<div class="wp-block-column is-vertically-aligned-bottom is-layout-flow wp-block-column-is-layout-flow" style="flex-basis:33%">
<p class="is-style-sur-titre-artiste"><strong>Pascal Cribier</strong></p>



<h2 class="wp-block-heading has-34-px-font-size">Uma carreira atípica</h2>



<p>A juventude de Pascal Cribier foi marcada pela indisciplina e por várias paixões, como automobilismo e design. Depois de um período na fotografia e uma breve carreira no karting, ele se voltou para as artes plásticas e a arquitetura. Em 1972, ele assumiu o desenvolvimento do Bois de Morville em Varengeville-sur-Mer, um projeto seminal que revelou seu talento para sublimar paisagens naturais.  </p>
</div>



<div class="wp-block-column is-vertically-aligned-bottom is-layout-flow wp-block-column-is-layout-flow" style="flex-basis:67%">
<figure class="wp-block-image size-large"><img loading="lazy" decoding="async" width="599" height="900" src="https://monumental-valois.com/wp-content/uploads/2025/02/Jardin-minimaliste-3-pascal-cribierjpg-599x900.jpg" alt="Jardim minimalista: um di&#xE1;logo entre a natureza e a hist&#xF3;ria&#10;" class="wp-image-800" srcset="https://monumental-valois.com/wp-content/uploads/2025/02/Jardin-minimaliste-3-pascal-cribierjpg-599x900.jpg 599w, https://monumental-valois.com/wp-content/uploads/2025/02/Jardin-minimaliste-3-pascal-cribierjpg-266x400.jpg 266w, https://monumental-valois.com/wp-content/uploads/2025/02/Jardin-minimaliste-3-pascal-cribierjpg-299x450.jpg 299w, https://monumental-valois.com/wp-content/uploads/2025/02/Jardin-minimaliste-3-pascal-cribierjpg-399x600.jpg 399w, https://monumental-valois.com/wp-content/uploads/2025/02/Jardin-minimaliste-3-pascal-cribierjpg.jpg 600w" sizes="auto, (max-width: 599px) 100vw, 599px" /></figure>
</div>
</div>
</div></div>

<div style="height:50px" aria-hidden="true" class="wp-block-spacer"></div>

<div class="wp-block-group alignwide"><div class="wp-block-group__inner-container is-layout-constrained wp-block-group-is-layout-constrained">
<div class="wp-block-columns alignwide are-vertically-aligned-bottom is-style-espace-60-px is-layout-flex wp-container-core-columns-is-layout-28f84493 wp-block-columns-is-layout-flex">
<div class="wp-block-column is-vertically-aligned-bottom is-layout-flow wp-block-column-is-layout-flow" style="flex-basis:50%">
<p class="is-style-sur-titre-artiste"><strong>Pascal Cribier</strong></p>



<h2 class="wp-block-heading has-34-px-font-size">A arte do jardim vivo</h2>



<p>O estilo de Pascal Cribier respeitava a herança de André Le Nôtre e era resolutamente inovador. Ele preferia uma abordagem sensível ao jardim, na qual ouvir os clientes públicos e privados desempenhava um papel central. </p>



<div class="wp-block-buttons is-layout-flex wp-block-buttons-is-layout-flex">
<div class="wp-block-button"><a class="wp-block-button__link wp-element-button" href="https://monumental-valois.com/pt-br/obra-monumental/jardim-minimalista-um-dialogo-entre-a-natureza-e-a-historia/">Descubra o trabalho</a></div>
</div>
</div>



<div class="wp-block-column is-vertically-aligned-bottom is-layout-flow wp-block-column-is-layout-flow" style="flex-basis:50%">
<h2 class="wp-block-heading has-34-px-font-size">Uma reputação internacional</h2>



<p>Sua colaboração com Louis Benech, em 1990, na renovação das Tuileries o catapultou para os holofotes. Esse projeto monumental estabeleceu sua reputação e lhe rendeu convites para dar palestras em todo o mundo. Como professor e palestrante, ele exerceu uma influência duradoura na paisagem contemporânea.  </p>
</div>
</div>
</div></div>

<p>Pascal Cribier Uma carreira atípica A juventude de Pascal Cribier foi marcada pela indisciplina e por várias paixões, como automobilismo [&hellip;]</p>
