{"id":2141,"date":"2025-02-18T15:27:12","date_gmt":"2025-02-18T14:27:12","guid":{"rendered":"https:\/\/monumental-valois.com\/artiste\/patrick-fleury\/"},"modified":"2026-03-02T15:43:33","modified_gmt":"2026-03-02T14:43:33","slug":"patrick-fleury","status":"publish","type":"artiste","link":"https:\/\/monumental-valois.com\/pt-br\/artista\/patrick-fleury\/","title":{"rendered":"Patrick Fleury"},"content":{"rendered":"\n<div class=\"wp-block-group alignwide\"><div class=\"wp-block-group__inner-container is-layout-constrained wp-block-group-is-layout-constrained\">\n<div class=\"wp-block-columns alignwide are-vertically-aligned-bottom is-layout-flex wp-container-core-columns-is-layout-28f84493 wp-block-columns-is-layout-flex\">\n<div class=\"wp-block-column is-vertically-aligned-bottom is-layout-flow wp-block-column-is-layout-flow\" style=\"flex-basis:33%\">\n<p class=\"is-style-sur-titre-artiste\">Patrick Fleury<\/p>\n\n\n\n<h2 class=\"wp-block-heading has-34-px-font-size\">Uma carreira marcada por ensino e exposi\u00e7\u00f5es<\/h2>\n\n\n\n<p>Patrick Fleury lecionou na \u00c9cole Nationale Sup\u00e9rieure des Arts D\u00e9coratifs de Paris (ENSAD), compartilhando sua experi\u00eancia em express\u00e3o pl\u00e1stica, hist\u00f3ria da arte e design de som. Suas cria\u00e7\u00f5es foram exibidas em locais de prest\u00edgio, como o Moderna Museet em Estocolmo, a Acr\u00f3pole em Atenas e a Villa Medici. Elas tamb\u00e9m fazem parte de renomadas cole\u00e7\u00f5es p\u00fablicas e privadas, incluindo o MAC-VAL e a Commanderie de Peyrassol.  <\/p>\n<\/div>\n\n\n\n<div class=\"wp-block-column is-vertically-aligned-bottom is-layout-flow wp-block-column-is-layout-flow\" style=\"flex-basis:67%\">\n<figure class=\"wp-block-image size-full\"><img loading=\"lazy\" decoding=\"async\" width=\"600\" height=\"800\" src=\"https:\/\/monumental-valois.com\/wp-content\/uploads\/2025\/02\/Arc-Large-patrick-fleury.jpg\" alt=\"Arc Large: uma escultura que combina luz e espa&#xE7;o\" class=\"wp-image-791\" srcset=\"https:\/\/monumental-valois.com\/wp-content\/uploads\/2025\/02\/Arc-Large-patrick-fleury.jpg 600w, https:\/\/monumental-valois.com\/wp-content\/uploads\/2025\/02\/Arc-Large-patrick-fleury-300x400.jpg 300w, https:\/\/monumental-valois.com\/wp-content\/uploads\/2025\/02\/Arc-Large-patrick-fleury-338x450.jpg 338w, https:\/\/monumental-valois.com\/wp-content\/uploads\/2025\/02\/Arc-Large-patrick-fleury-450x600.jpg 450w\" sizes=\"auto, (max-width: 600px) 100vw, 600px\" \/><\/figure>\n<\/div>\n<\/div>\n<\/div><\/div>\n\n<div style=\"height:50px\" aria-hidden=\"true\" class=\"wp-block-spacer\"><\/div>\n\n<div class=\"wp-block-group alignwide\"><div class=\"wp-block-group__inner-container is-layout-constrained wp-block-group-is-layout-constrained\">\n<div class=\"wp-block-columns alignwide are-vertically-aligned-bottom is-layout-flex wp-container-core-columns-is-layout-28f84493 wp-block-columns-is-layout-flex\">\n<div class=\"wp-block-column is-vertically-aligned-bottom is-layout-flow wp-block-column-is-layout-flow\" style=\"flex-basis:50%\">\n<p class=\"is-style-sur-titre-artiste\">Patrick Fleury<\/p>\n\n\n\n<h2 class=\"wp-block-heading has-34-px-font-size\">Compositor e explorador de sons<\/h2>\n\n\n\n<p>Patrick Fleury tamb\u00e9m \u00e9 compositor de m\u00fasica contempor\u00e2nea. Trabalhando com institui\u00e7\u00f5es como INA-GRM e IPEM, ele criou obras como Manta e Attracteurs \u00e9tranges, que exploram os v\u00ednculos entre som e espa\u00e7o. <\/p>\n\n\n\n<div class=\"wp-block-buttons is-layout-flex wp-block-buttons-is-layout-flex\">\n<div class=\"wp-block-button\"><a class=\"wp-block-button__link wp-element-button\" href=\"https:\/\/monumental-valois.com\/pt-br\/obra-monumental\/arc-large-uma-escultura-que-combina-luz-e-espaco\/\">Descubra o trabalho<\/a><\/div>\n<\/div>\n<\/div>\n\n\n\n<div class=\"wp-block-column is-vertically-aligned-bottom is-layout-flow wp-block-column-is-layout-flow\" style=\"flex-basis:50%\"><\/div>\n<\/div>\n<\/div><\/div>\n","protected":false},"excerpt":{"rendered":"<p>Patrick Fleury Uma carreira marcada por ensino e exposi\u00e7\u00f5es Patrick Fleury lecionou na \u00c9cole Nationale Sup\u00e9rieure des Arts D\u00e9coratifs de [&hellip;]<\/p>\n","protected":false},"featured_media":2142,"template":"","discipline":[21],"class_list":["post-2141","artiste","type-artiste","status-publish","has-post-thumbnail","hentry","discipline-sculpture"],"_links":{"self":[{"href":"https:\/\/monumental-valois.com\/pt-br\/wp-json\/wp\/v2\/artiste\/2141","targetHints":{"allow":["GET"]}}],"collection":[{"href":"https:\/\/monumental-valois.com\/pt-br\/wp-json\/wp\/v2\/artiste"}],"about":[{"href":"https:\/\/monumental-valois.com\/pt-br\/wp-json\/wp\/v2\/types\/artiste"}],"wp:featuredmedia":[{"embeddable":true,"href":"https:\/\/monumental-valois.com\/pt-br\/wp-json\/wp\/v2\/media\/2142"}],"wp:attachment":[{"href":"https:\/\/monumental-valois.com\/pt-br\/wp-json\/wp\/v2\/media?parent=2141"}],"wp:term":[{"taxonomy":"discipline","embeddable":true,"href":"https:\/\/monumental-valois.com\/pt-br\/wp-json\/wp\/v2\/discipline?post=2141"}],"curies":[{"name":"wp","href":"https:\/\/api.w.org\/{rel}","templated":true}]}}

<div class="wp-block-group alignwide"><div class="wp-block-group__inner-container is-layout-constrained wp-block-group-is-layout-constrained">
<div class="wp-block-columns alignwide are-vertically-aligned-bottom is-layout-flex wp-container-core-columns-is-layout-28f84493 wp-block-columns-is-layout-flex">
<div class="wp-block-column is-vertically-aligned-bottom is-layout-flow wp-block-column-is-layout-flow" style="flex-basis:33%">
<p class="is-style-sur-titre-artiste">Patrick Fleury</p>



<h2 class="wp-block-heading has-34-px-font-size">Uma carreira marcada por ensino e exposições</h2>



<p>Patrick Fleury lecionou na École Nationale Supérieure des Arts Décoratifs de Paris (ENSAD), compartilhando sua experiência em expressão plástica, história da arte e design de som. Suas criações foram exibidas em locais de prestígio, como o Moderna Museet em Estocolmo, a Acrópole em Atenas e a Villa Medici. Elas também fazem parte de renomadas coleções públicas e privadas, incluindo o MAC-VAL e a Commanderie de Peyrassol.  </p>
</div>



<div class="wp-block-column is-vertically-aligned-bottom is-layout-flow wp-block-column-is-layout-flow" style="flex-basis:67%">
<figure class="wp-block-image size-full"><img loading="lazy" decoding="async" width="600" height="800" src="https://monumental-valois.com/wp-content/uploads/2025/02/Arc-Large-patrick-fleury.jpg" alt="Arc Large: uma escultura que combina luz e espa&#xE7;o" class="wp-image-791" srcset="https://monumental-valois.com/wp-content/uploads/2025/02/Arc-Large-patrick-fleury.jpg 600w, https://monumental-valois.com/wp-content/uploads/2025/02/Arc-Large-patrick-fleury-300x400.jpg 300w, https://monumental-valois.com/wp-content/uploads/2025/02/Arc-Large-patrick-fleury-338x450.jpg 338w, https://monumental-valois.com/wp-content/uploads/2025/02/Arc-Large-patrick-fleury-450x600.jpg 450w" sizes="auto, (max-width: 600px) 100vw, 600px" /></figure>
</div>
</div>
</div></div>

<div style="height:50px" aria-hidden="true" class="wp-block-spacer"></div>

<div class="wp-block-group alignwide"><div class="wp-block-group__inner-container is-layout-constrained wp-block-group-is-layout-constrained">
<div class="wp-block-columns alignwide are-vertically-aligned-bottom is-layout-flex wp-container-core-columns-is-layout-28f84493 wp-block-columns-is-layout-flex">
<div class="wp-block-column is-vertically-aligned-bottom is-layout-flow wp-block-column-is-layout-flow" style="flex-basis:50%">
<p class="is-style-sur-titre-artiste">Patrick Fleury</p>



<h2 class="wp-block-heading has-34-px-font-size">Compositor e explorador de sons</h2>



<p>Patrick Fleury também é compositor de música contemporânea. Trabalhando com instituições como INA-GRM e IPEM, ele criou obras como Manta e Attracteurs étranges, que exploram os vínculos entre som e espaço. </p>



<div class="wp-block-buttons is-layout-flex wp-block-buttons-is-layout-flex">
<div class="wp-block-button"><a class="wp-block-button__link wp-element-button" href="https://monumental-valois.com/pt-br/obra-monumental/arc-large-uma-escultura-que-combina-luz-e-espaco/">Descubra o trabalho</a></div>
</div>
</div>



<div class="wp-block-column is-vertically-aligned-bottom is-layout-flow wp-block-column-is-layout-flow" style="flex-basis:50%"></div>
</div>
</div></div>

<p>Patrick Fleury Uma carreira marcada por ensino e exposições Patrick Fleury lecionou na École Nationale Supérieure des Arts Décoratifs de [&hellip;]</p>
