{"id":2146,"date":"2025-02-14T12:51:22","date_gmt":"2025-02-14T11:51:22","guid":{"rendered":"https:\/\/monumental-valois.com\/artiste\/sol-lewitt\/"},"modified":"2026-03-02T15:53:44","modified_gmt":"2026-03-02T14:53:44","slug":"sol-lewitt","status":"publish","type":"artiste","link":"https:\/\/monumental-valois.com\/pt-br\/artista\/sol-lewitt\/","title":{"rendered":"Sol LeWitt"},"content":{"rendered":"\n<div class=\"wp-block-group alignwide\"><div class=\"wp-block-group__inner-container is-layout-constrained wp-block-group-is-layout-constrained\">\n<div class=\"wp-block-columns alignwide are-vertically-aligned-bottom is-style-espace-60-px is-layout-flex wp-container-core-columns-is-layout-28f84493 wp-block-columns-is-layout-flex\">\n<div class=\"wp-block-column is-vertically-aligned-bottom is-layout-flow wp-block-column-is-layout-flow\" style=\"flex-basis:33%\">\n<p class=\"is-style-sur-titre-artiste\">Sol LeWitt<\/p>\n\n\n\n<h2 class=\"wp-block-heading has-34-px-font-size\">De esculturas geom\u00e9tricas a desenhos de parede<\/h2>\n\n\n\n<p>LeWitt \u00e9 famoso por suas esculturas modulares, nas quais formas simples, como o cubo, seguem princ\u00edpios rigorosos de abstra\u00e7\u00e3o geom\u00e9trica. Na d\u00e9cada de 1970, ele explorou os desenhos de parede, integrando motivos e linhas \u00e0 arquitetura da galeria para questionar a rela\u00e7\u00e3o entre arte e espa\u00e7o. <\/p>\n<\/div>\n\n\n\n<div class=\"wp-block-column is-vertically-aligned-bottom is-layout-flow wp-block-column-is-layout-flow\" style=\"flex-basis:67%\">\n<figure class=\"wp-block-image size-full\"><img loading=\"lazy\" decoding=\"async\" width=\"600\" height=\"601\" src=\"https:\/\/monumental-valois.com\/wp-content\/uploads\/2025\/02\/Wall-Drawing-de-Sol-LeWitt-immersion-geometrique.jpg\" alt=\"Desenho de parede de Sol LeWitt: imers&#xE3;o geom&#xE9;trica&#10;\" class=\"wp-image-802\" srcset=\"https:\/\/monumental-valois.com\/wp-content\/uploads\/2025\/02\/Wall-Drawing-de-Sol-LeWitt-immersion-geometrique.jpg 600w, https:\/\/monumental-valois.com\/wp-content\/uploads\/2025\/02\/Wall-Drawing-de-Sol-LeWitt-immersion-geometrique-399x400.jpg 399w, https:\/\/monumental-valois.com\/wp-content\/uploads\/2025\/02\/Wall-Drawing-de-Sol-LeWitt-immersion-geometrique-300x300.jpg 300w, https:\/\/monumental-valois.com\/wp-content\/uploads\/2025\/02\/Wall-Drawing-de-Sol-LeWitt-immersion-geometrique-450x450.jpg 450w\" sizes=\"auto, (max-width: 600px) 100vw, 600px\" \/><\/figure>\n<\/div>\n<\/div>\n<\/div><\/div>\n\n<div style=\"height:50px\" aria-hidden=\"true\" class=\"wp-block-spacer\"><\/div>\n\n<div class=\"wp-block-group alignwide\"><div class=\"wp-block-group__inner-container is-layout-constrained wp-block-group-is-layout-constrained\">\n<div class=\"wp-block-columns alignwide are-vertically-aligned-bottom is-style-espace-60-px is-layout-flex wp-container-core-columns-is-layout-28f84493 wp-block-columns-is-layout-flex\">\n<div class=\"wp-block-column is-vertically-aligned-bottom is-layout-flow wp-block-column-is-layout-flow\" style=\"flex-basis:50%\">\n<p class=\"is-style-sur-titre-artiste\">Sol LeWitt<\/p>\n\n\n\n<h2 class=\"wp-block-heading has-34-px-font-size\">Uma colabora\u00e7\u00e3o art\u00edstica e uma abordagem educacional<\/h2>\n\n\n\n<p>Sol LeWitt tamb\u00e9m transformou a arte da colabora\u00e7\u00e3o. Em 1976, ele foi cofundador da Printed Matter, Inc., uma organiza\u00e7\u00e3o dedicada \u00e0 dissemina\u00e7\u00e3o da arte conceitual. Em seus projetos de litografia, ele enviava instru\u00e7\u00f5es por escrito aos alunos para que produzissem as obras, demonstrando que a ideia do artista tinha preced\u00eancia sobre sua pr\u00f3pria execu\u00e7\u00e3o. Essa abordagem descentralizada revela seu desejo de compartilhar a cria\u00e7\u00e3o.<\/p>\n\n\n\n<div class=\"wp-block-buttons is-layout-flex wp-block-buttons-is-layout-flex\">\n<div class=\"wp-block-button\"><a class=\"wp-block-button__link wp-element-button\" href=\"https:\/\/monumental-valois.com\/pt-br\/obra-monumental\/desenho-de-parede-de-sol-lewitt-imersao-geometrica\/\">Descubra o trabalho<\/a><\/div>\n<\/div>\n<\/div>\n\n\n\n<div class=\"wp-block-column is-vertically-aligned-bottom is-layout-flow wp-block-column-is-layout-flow\" style=\"flex-basis:50%\">\n<h2 class=\"wp-block-heading has-34-px-font-size\">Uma influ\u00eancia duradoura<\/h2>\n\n\n\n<p>Pioneiro da colabora\u00e7\u00e3o, em 1976 ele co-fundou a Printed Matter, Inc., uma empresa dedicada \u00e0 arte conceitual. Em seus projetos, ele delega a execu\u00e7\u00e3o de suas obras por meio de instru\u00e7\u00f5es escritas, afirmando assim a primazia da ideia sobre a realiza\u00e7\u00e3o e incentivando a cria\u00e7\u00e3o compartilhada.<\/p>\n<\/div>\n<\/div>\n<\/div><\/div>\n","protected":false},"excerpt":{"rendered":"<p>Sol LeWitt De esculturas geom\u00e9tricas a desenhos de parede LeWitt \u00e9 famoso por suas esculturas modulares, nas quais formas simples, [&hellip;]<\/p>\n","protected":false},"featured_media":2147,"template":"","discipline":[21],"class_list":["post-2146","artiste","type-artiste","status-publish","has-post-thumbnail","hentry","discipline-sculpture"],"_links":{"self":[{"href":"https:\/\/monumental-valois.com\/pt-br\/wp-json\/wp\/v2\/artiste\/2146","targetHints":{"allow":["GET"]}}],"collection":[{"href":"https:\/\/monumental-valois.com\/pt-br\/wp-json\/wp\/v2\/artiste"}],"about":[{"href":"https:\/\/monumental-valois.com\/pt-br\/wp-json\/wp\/v2\/types\/artiste"}],"wp:featuredmedia":[{"embeddable":true,"href":"https:\/\/monumental-valois.com\/pt-br\/wp-json\/wp\/v2\/media\/2147"}],"wp:attachment":[{"href":"https:\/\/monumental-valois.com\/pt-br\/wp-json\/wp\/v2\/media?parent=2146"}],"wp:term":[{"taxonomy":"discipline","embeddable":true,"href":"https:\/\/monumental-valois.com\/pt-br\/wp-json\/wp\/v2\/discipline?post=2146"}],"curies":[{"name":"wp","href":"https:\/\/api.w.org\/{rel}","templated":true}]}}

<div class="wp-block-group alignwide"><div class="wp-block-group__inner-container is-layout-constrained wp-block-group-is-layout-constrained">
<div class="wp-block-columns alignwide are-vertically-aligned-bottom is-style-espace-60-px is-layout-flex wp-container-core-columns-is-layout-28f84493 wp-block-columns-is-layout-flex">
<div class="wp-block-column is-vertically-aligned-bottom is-layout-flow wp-block-column-is-layout-flow" style="flex-basis:33%">
<p class="is-style-sur-titre-artiste">Sol LeWitt</p>



<h2 class="wp-block-heading has-34-px-font-size">De esculturas geométricas a desenhos de parede</h2>



<p>LeWitt é famoso por suas esculturas modulares, nas quais formas simples, como o cubo, seguem princípios rigorosos de abstração geométrica. Na década de 1970, ele explorou os desenhos de parede, integrando motivos e linhas à arquitetura da galeria para questionar a relação entre arte e espaço. </p>
</div>



<div class="wp-block-column is-vertically-aligned-bottom is-layout-flow wp-block-column-is-layout-flow" style="flex-basis:67%">
<figure class="wp-block-image size-full"><img loading="lazy" decoding="async" width="600" height="601" src="https://monumental-valois.com/wp-content/uploads/2025/02/Wall-Drawing-de-Sol-LeWitt-immersion-geometrique.jpg" alt="Desenho de parede de Sol LeWitt: imers&#xE3;o geom&#xE9;trica&#10;" class="wp-image-802" srcset="https://monumental-valois.com/wp-content/uploads/2025/02/Wall-Drawing-de-Sol-LeWitt-immersion-geometrique.jpg 600w, https://monumental-valois.com/wp-content/uploads/2025/02/Wall-Drawing-de-Sol-LeWitt-immersion-geometrique-399x400.jpg 399w, https://monumental-valois.com/wp-content/uploads/2025/02/Wall-Drawing-de-Sol-LeWitt-immersion-geometrique-300x300.jpg 300w, https://monumental-valois.com/wp-content/uploads/2025/02/Wall-Drawing-de-Sol-LeWitt-immersion-geometrique-450x450.jpg 450w" sizes="auto, (max-width: 600px) 100vw, 600px" /></figure>
</div>
</div>
</div></div>

<div style="height:50px" aria-hidden="true" class="wp-block-spacer"></div>

<div class="wp-block-group alignwide"><div class="wp-block-group__inner-container is-layout-constrained wp-block-group-is-layout-constrained">
<div class="wp-block-columns alignwide are-vertically-aligned-bottom is-style-espace-60-px is-layout-flex wp-container-core-columns-is-layout-28f84493 wp-block-columns-is-layout-flex">
<div class="wp-block-column is-vertically-aligned-bottom is-layout-flow wp-block-column-is-layout-flow" style="flex-basis:50%">
<p class="is-style-sur-titre-artiste">Sol LeWitt</p>



<h2 class="wp-block-heading has-34-px-font-size">Uma colaboração artística e uma abordagem educacional</h2>



<p>Sol LeWitt também transformou a arte da colaboração. Em 1976, ele foi cofundador da Printed Matter, Inc., uma organização dedicada à disseminação da arte conceitual. Em seus projetos de litografia, ele enviava instruções por escrito aos alunos para que produzissem as obras, demonstrando que a ideia do artista tinha precedência sobre sua própria execução. Essa abordagem descentralizada revela seu desejo de compartilhar a criação.</p>



<div class="wp-block-buttons is-layout-flex wp-block-buttons-is-layout-flex">
<div class="wp-block-button"><a class="wp-block-button__link wp-element-button" href="https://monumental-valois.com/pt-br/obra-monumental/desenho-de-parede-de-sol-lewitt-imersao-geometrica/">Descubra o trabalho</a></div>
</div>
</div>



<div class="wp-block-column is-vertically-aligned-bottom is-layout-flow wp-block-column-is-layout-flow" style="flex-basis:50%">
<h2 class="wp-block-heading has-34-px-font-size">Uma influência duradoura</h2>



<p>Pioneiro da colaboração, em 1976 ele co-fundou a Printed Matter, Inc., uma empresa dedicada à arte conceitual. Em seus projetos, ele delega a execução de suas obras por meio de instruções escritas, afirmando assim a primazia da ideia sobre a realização e incentivando a criação compartilhada.</p>
</div>
</div>
</div></div>

<p>Sol LeWitt De esculturas geométricas a desenhos de parede LeWitt é famoso por suas esculturas modulares, nas quais formas simples, [&hellip;]</p>
