{"id":2179,"date":"2025-02-14T12:26:50","date_gmt":"2025-02-14T11:26:50","guid":{"rendered":"https:\/\/monumental-valois.com\/artiste\/cesar\/"},"modified":"2026-03-02T16:23:56","modified_gmt":"2026-03-02T15:23:56","slug":"cesar","status":"publish","type":"artiste","link":"https:\/\/monumental-valois.com\/pt-br\/artista\/cesar\/","title":{"rendered":"C\u00e9sar"},"content":{"rendered":"\n<div class=\"wp-block-group alignwide\"><div class=\"wp-block-group__inner-container is-layout-constrained wp-block-group-is-layout-constrained\">\n<div class=\"wp-block-columns alignwide are-vertically-aligned-bottom is-layout-flex wp-container-core-columns-is-layout-28f84493 wp-block-columns-is-layout-flex\">\n<div class=\"wp-block-column is-vertically-aligned-bottom is-layout-flow wp-block-column-is-layout-flow\" style=\"flex-basis:33%\">\n<p class=\"is-style-sur-titre-artiste\">c\u00e9sar<\/p>\n\n\n\n<h2 class=\"wp-block-heading has-34-px-font-size\">Compress\u00e3o e materiais recuperados<\/h2>\n\n\n\n<p>C\u00e9sar \u00e9 mais conhecido por suas &#8220;compress\u00f5es&#8221;, nas quais ele esmaga objetos ou materiais para criar esculturas poderosas e din\u00e2micas. Suas famosas obras em sucata e suas esculturas em bronze marcam o auge de seu trabalho, usando objetos do cotidiano para criar uma nova forma art\u00edstica. <\/p>\n<\/div>\n\n\n\n<div class=\"wp-block-column is-vertically-aligned-bottom is-layout-flow wp-block-column-is-layout-flow\" style=\"flex-basis:67%\">\n<figure class=\"wp-block-image size-full\"><img loading=\"lazy\" decoding=\"async\" width=\"600\" height=\"550\" src=\"https:\/\/monumental-valois.com\/wp-content\/uploads\/2025\/02\/Expansion-n1-cesar.jpg\" alt=\"Expans&#xE3;o n&#xBA; 1: a escultura viva de C&#xE9;sar\" class=\"wp-image-786\" srcset=\"https:\/\/monumental-valois.com\/wp-content\/uploads\/2025\/02\/Expansion-n1-cesar.jpg 600w, https:\/\/monumental-valois.com\/wp-content\/uploads\/2025\/02\/Expansion-n1-cesar-436x400.jpg 436w, https:\/\/monumental-valois.com\/wp-content\/uploads\/2025\/02\/Expansion-n1-cesar-450x413.jpg 450w\" sizes=\"auto, (max-width: 600px) 100vw, 600px\" \/><\/figure>\n<\/div>\n<\/div>\n<\/div><\/div>\n\n<div style=\"height:50px\" aria-hidden=\"true\" class=\"wp-block-spacer\"><\/div>\n\n<div class=\"wp-block-group alignwide\"><div class=\"wp-block-group__inner-container is-layout-constrained wp-block-group-is-layout-constrained\">\n<div class=\"wp-block-columns alignwide are-vertically-aligned-bottom is-layout-flex wp-container-core-columns-is-layout-28f84493 wp-block-columns-is-layout-flex\">\n<div class=\"wp-block-column is-vertically-aligned-bottom is-layout-flow wp-block-column-is-layout-flow\" style=\"flex-basis:50%\">\n<p class=\"is-style-sur-titre-artiste\">c\u00e9sar<\/p>\n\n\n\n<h2 class=\"wp-block-heading has-34-px-font-size\">Trof\u00e9us emblem\u00e1ticos e reconhecimento internacional<\/h2>\n\n\n\n<p>Ele tamb\u00e9m \u00e9 o criador do trof\u00e9u C\u00e9sar para o cinema franc\u00eas, uma compress\u00e3o de bronze, bem como do trof\u00e9u para a competi\u00e7\u00e3o gastron\u00f4mica &#8220;Bocuse d&#8217;Or&#8221;. Seu trabalho \u00e9 exibido nos principais museus e galerias do mundo. <\/p>\n\n\n\n<div class=\"wp-block-buttons is-layout-flex wp-block-buttons-is-layout-flex\">\n<div class=\"wp-block-button\"><a class=\"wp-block-button__link wp-element-button\" href=\"https:\/\/monumental-valois.com\/pt-br\/obra-monumental\/expansao-no-1-a-escultura-viva-de-cesar\/\">Descubra o trabalho<\/a><\/div>\n<\/div>\n<\/div>\n\n\n\n<div class=\"wp-block-column is-vertically-aligned-bottom is-layout-flow wp-block-column-is-layout-flow\" style=\"flex-basis:50%\">\n<h2 class=\"wp-block-heading has-34-px-font-size\">Um legado duradouro<\/h2>\n\n\n\n<p>C\u00e9sar deixa um legado profundo no mundo da arte, principalmente por meio de seus retratos e autorretratos feitos em seus \u00faltimos anos, simbolizando seu confronto com a morte. Seu trabalho continua a influenciar a arte contempor\u00e2nea e a brilhar em suas esculturas exclusivas. <\/p>\n<\/div>\n<\/div>\n<\/div><\/div>\n","protected":false},"excerpt":{"rendered":"<p>c\u00e9sar Compress\u00e3o e materiais recuperados C\u00e9sar \u00e9 mais conhecido por suas &#8220;compress\u00f5es&#8221;, nas quais ele esmaga objetos ou materiais para [&hellip;]<\/p>\n","protected":false},"featured_media":2180,"template":"","discipline":[21],"class_list":["post-2179","artiste","type-artiste","status-publish","has-post-thumbnail","hentry","discipline-sculpture"],"_links":{"self":[{"href":"https:\/\/monumental-valois.com\/pt-br\/wp-json\/wp\/v2\/artiste\/2179","targetHints":{"allow":["GET"]}}],"collection":[{"href":"https:\/\/monumental-valois.com\/pt-br\/wp-json\/wp\/v2\/artiste"}],"about":[{"href":"https:\/\/monumental-valois.com\/pt-br\/wp-json\/wp\/v2\/types\/artiste"}],"wp:featuredmedia":[{"embeddable":true,"href":"https:\/\/monumental-valois.com\/pt-br\/wp-json\/wp\/v2\/media\/2180"}],"wp:attachment":[{"href":"https:\/\/monumental-valois.com\/pt-br\/wp-json\/wp\/v2\/media?parent=2179"}],"wp:term":[{"taxonomy":"discipline","embeddable":true,"href":"https:\/\/monumental-valois.com\/pt-br\/wp-json\/wp\/v2\/discipline?post=2179"}],"curies":[{"name":"wp","href":"https:\/\/api.w.org\/{rel}","templated":true}]}}

César

<div class="wp-block-group alignwide"><div class="wp-block-group__inner-container is-layout-constrained wp-block-group-is-layout-constrained">
<div class="wp-block-columns alignwide are-vertically-aligned-bottom is-layout-flex wp-container-core-columns-is-layout-28f84493 wp-block-columns-is-layout-flex">
<div class="wp-block-column is-vertically-aligned-bottom is-layout-flow wp-block-column-is-layout-flow" style="flex-basis:33%">
<p class="is-style-sur-titre-artiste">césar</p>



<h2 class="wp-block-heading has-34-px-font-size">Compressão e materiais recuperados</h2>



<p>César é mais conhecido por suas &#8220;compressões&#8221;, nas quais ele esmaga objetos ou materiais para criar esculturas poderosas e dinâmicas. Suas famosas obras em sucata e suas esculturas em bronze marcam o auge de seu trabalho, usando objetos do cotidiano para criar uma nova forma artística. </p>
</div>



<div class="wp-block-column is-vertically-aligned-bottom is-layout-flow wp-block-column-is-layout-flow" style="flex-basis:67%">
<figure class="wp-block-image size-full"><img loading="lazy" decoding="async" width="600" height="550" src="https://monumental-valois.com/wp-content/uploads/2025/02/Expansion-n1-cesar.jpg" alt="Expans&#xE3;o n&#xBA; 1: a escultura viva de C&#xE9;sar" class="wp-image-786" srcset="https://monumental-valois.com/wp-content/uploads/2025/02/Expansion-n1-cesar.jpg 600w, https://monumental-valois.com/wp-content/uploads/2025/02/Expansion-n1-cesar-436x400.jpg 436w, https://monumental-valois.com/wp-content/uploads/2025/02/Expansion-n1-cesar-450x413.jpg 450w" sizes="auto, (max-width: 600px) 100vw, 600px" /></figure>
</div>
</div>
</div></div>

<div style="height:50px" aria-hidden="true" class="wp-block-spacer"></div>

<div class="wp-block-group alignwide"><div class="wp-block-group__inner-container is-layout-constrained wp-block-group-is-layout-constrained">
<div class="wp-block-columns alignwide are-vertically-aligned-bottom is-layout-flex wp-container-core-columns-is-layout-28f84493 wp-block-columns-is-layout-flex">
<div class="wp-block-column is-vertically-aligned-bottom is-layout-flow wp-block-column-is-layout-flow" style="flex-basis:50%">
<p class="is-style-sur-titre-artiste">césar</p>



<h2 class="wp-block-heading has-34-px-font-size">Troféus emblemáticos e reconhecimento internacional</h2>



<p>Ele também é o criador do troféu César para o cinema francês, uma compressão de bronze, bem como do troféu para a competição gastronômica &#8220;Bocuse d&#8217;Or&#8221;. Seu trabalho é exibido nos principais museus e galerias do mundo. </p>



<div class="wp-block-buttons is-layout-flex wp-block-buttons-is-layout-flex">
<div class="wp-block-button"><a class="wp-block-button__link wp-element-button" href="https://monumental-valois.com/pt-br/obra-monumental/expansao-no-1-a-escultura-viva-de-cesar/">Descubra o trabalho</a></div>
</div>
</div>



<div class="wp-block-column is-vertically-aligned-bottom is-layout-flow wp-block-column-is-layout-flow" style="flex-basis:50%">
<h2 class="wp-block-heading has-34-px-font-size">Um legado duradouro</h2>



<p>César deixa um legado profundo no mundo da arte, principalmente por meio de seus retratos e autorretratos feitos em seus últimos anos, simbolizando seu confronto com a morte. Seu trabalho continua a influenciar a arte contemporânea e a brilhar em suas esculturas exclusivas. </p>
</div>
</div>
</div></div>

<p>césar Compressão e materiais recuperados César é mais conhecido por suas &#8220;compressões&#8221;, nas quais ele esmaga objetos ou materiais para [&hellip;]</p>
