{"id":2184,"date":"2025-02-14T12:20:06","date_gmt":"2025-02-14T11:20:06","guid":{"rendered":"https:\/\/monumental-valois.com\/artiste\/eugene-dodeigne\/"},"modified":"2026-03-02T16:29:43","modified_gmt":"2026-03-02T15:29:43","slug":"eugene-dodeigne","status":"publish","type":"artiste","link":"https:\/\/monumental-valois.com\/pt-br\/artista\/eugene-dodeigne\/","title":{"rendered":"Eug\u00e8ne Dodeigne"},"content":{"rendered":"\n<div class=\"wp-block-group alignwide\"><div class=\"wp-block-group__inner-container is-layout-constrained wp-block-group-is-layout-constrained\">\n<div class=\"wp-block-columns alignwide are-vertically-aligned-bottom is-layout-flex wp-container-core-columns-is-layout-28f84493 wp-block-columns-is-layout-flex\">\n<div class=\"wp-block-column is-vertically-aligned-bottom is-layout-flow wp-block-column-is-layout-flow\" style=\"flex-basis:33%\">\n<p class=\"is-style-sur-titre-artiste\">Eug\u00e8ne Dodeigne<\/p>\n\n\n\n<h2 class=\"wp-block-heading has-34-px-font-size\">Expressando a condi\u00e7\u00e3o humana<\/h2>\n\n\n\n<p>Suas obras, \u00e0s vezes beirando o &#8216;non-finito&#8217;, mostram o aspecto bruto do material e convidam o espectador a descobrir a humanidade sob a superf\u00edcie da pedra. Ele se baseia na energia bruta do material para expressar uma tens\u00e3o interna, criando esculturas que s\u00e3o ao mesmo tempo sensuais e brutais. <\/p>\n<\/div>\n\n\n\n<div class=\"wp-block-column is-vertically-aligned-bottom is-layout-flow wp-block-column-is-layout-flow\" style=\"flex-basis:67%\">\n<figure class=\"wp-block-image size-full\"><img loading=\"lazy\" decoding=\"async\" width=\"600\" height=\"800\" src=\"https:\/\/monumental-valois.com\/wp-content\/uploads\/2025\/02\/Carre-eugene-dodeignet.jpg\" alt=\"Square: o poder da pedra\" class=\"wp-image-788\" srcset=\"https:\/\/monumental-valois.com\/wp-content\/uploads\/2025\/02\/Carre-eugene-dodeignet.jpg 600w, https:\/\/monumental-valois.com\/wp-content\/uploads\/2025\/02\/Carre-eugene-dodeignet-300x400.jpg 300w, https:\/\/monumental-valois.com\/wp-content\/uploads\/2025\/02\/Carre-eugene-dodeignet-338x450.jpg 338w, https:\/\/monumental-valois.com\/wp-content\/uploads\/2025\/02\/Carre-eugene-dodeignet-450x600.jpg 450w\" sizes=\"auto, (max-width: 600px) 100vw, 600px\" \/><\/figure>\n<\/div>\n<\/div>\n<\/div><\/div>\n\n<div style=\"height:50px\" aria-hidden=\"true\" class=\"wp-block-spacer\"><\/div>\n\n<div class=\"wp-block-group alignwide\"><div class=\"wp-block-group__inner-container is-layout-constrained wp-block-group-is-layout-constrained\">\n<div class=\"wp-block-columns alignwide are-vertically-aligned-bottom is-layout-flex wp-container-core-columns-is-layout-28f84493 wp-block-columns-is-layout-flex\">\n<div class=\"wp-block-column is-vertically-aligned-bottom is-layout-flow wp-block-column-is-layout-flow\" style=\"flex-basis:50%\">\n<p class=\"is-style-sur-titre-artiste\">Eug\u00e8ne Dodeigne<\/p>\n\n\n\n<h2 class=\"wp-block-heading has-34-px-font-size\">Reconhecimento internacional<\/h2>\n\n\n\n<p>Na d\u00e9cada de 1960, Dodeigne foi exibido internacionalmente e sua reputa\u00e7\u00e3o continuou a crescer. Na d\u00e9cada de 1970, ele voltou sua aten\u00e7\u00e3o para a monumentaliza\u00e7\u00e3o de suas obras, muitas das quais agora povoam parques e cidades, especialmente no norte da Fran\u00e7a e internacionalmente. <\/p>\n\n\n\n<div class=\"wp-block-buttons is-layout-flex wp-block-buttons-is-layout-flex\">\n<div class=\"wp-block-button\"><a class=\"wp-block-button__link wp-element-button\" href=\"https:\/\/monumental-valois.com\/pt-br\/obra-monumental\/square-o-poder-da-pedra\/\">Descubra o trabalho<\/a><\/div>\n<\/div>\n<\/div>\n\n\n\n<div class=\"wp-block-column is-vertically-aligned-bottom is-layout-flow wp-block-column-is-layout-flow\" style=\"flex-basis:50%\">\n<h2 class=\"wp-block-heading has-34-px-font-size\">Um dos principais artistas da escultura contempor\u00e2nea<\/h2>\n\n\n\n<p>Eleito membro da Acad\u00e9mie des Beaux-Arts em 1999, Eug\u00e8ne Dodeigne deixou sua marca na hist\u00f3ria da arte do s\u00e9culo XX. Seu trabalho continua sendo um poderoso testemunho da busca por energia, material e express\u00e3o humana. <\/p>\n<\/div>\n<\/div>\n<\/div><\/div>\n","protected":false},"excerpt":{"rendered":"<p>Eug\u00e8ne Dodeigne Expressando a condi\u00e7\u00e3o humana Suas obras, \u00e0s vezes beirando o &#8216;non-finito&#8217;, mostram o aspecto bruto do material e [&hellip;]<\/p>\n","protected":false},"featured_media":2185,"template":"","discipline":[21],"class_list":["post-2184","artiste","type-artiste","status-publish","has-post-thumbnail","hentry","discipline-sculpture"],"_links":{"self":[{"href":"https:\/\/monumental-valois.com\/pt-br\/wp-json\/wp\/v2\/artiste\/2184","targetHints":{"allow":["GET"]}}],"collection":[{"href":"https:\/\/monumental-valois.com\/pt-br\/wp-json\/wp\/v2\/artiste"}],"about":[{"href":"https:\/\/monumental-valois.com\/pt-br\/wp-json\/wp\/v2\/types\/artiste"}],"wp:featuredmedia":[{"embeddable":true,"href":"https:\/\/monumental-valois.com\/pt-br\/wp-json\/wp\/v2\/media\/2185"}],"wp:attachment":[{"href":"https:\/\/monumental-valois.com\/pt-br\/wp-json\/wp\/v2\/media?parent=2184"}],"wp:term":[{"taxonomy":"discipline","embeddable":true,"href":"https:\/\/monumental-valois.com\/pt-br\/wp-json\/wp\/v2\/discipline?post=2184"}],"curies":[{"name":"wp","href":"https:\/\/api.w.org\/{rel}","templated":true}]}}

Eugène Dodeigne

<div class="wp-block-group alignwide"><div class="wp-block-group__inner-container is-layout-constrained wp-block-group-is-layout-constrained">
<div class="wp-block-columns alignwide are-vertically-aligned-bottom is-layout-flex wp-container-core-columns-is-layout-28f84493 wp-block-columns-is-layout-flex">
<div class="wp-block-column is-vertically-aligned-bottom is-layout-flow wp-block-column-is-layout-flow" style="flex-basis:33%">
<p class="is-style-sur-titre-artiste">Eugène Dodeigne</p>



<h2 class="wp-block-heading has-34-px-font-size">Expressando a condição humana</h2>



<p>Suas obras, às vezes beirando o &#8216;non-finito&#8217;, mostram o aspecto bruto do material e convidam o espectador a descobrir a humanidade sob a superfície da pedra. Ele se baseia na energia bruta do material para expressar uma tensão interna, criando esculturas que são ao mesmo tempo sensuais e brutais. </p>
</div>



<div class="wp-block-column is-vertically-aligned-bottom is-layout-flow wp-block-column-is-layout-flow" style="flex-basis:67%">
<figure class="wp-block-image size-full"><img loading="lazy" decoding="async" width="600" height="800" src="https://monumental-valois.com/wp-content/uploads/2025/02/Carre-eugene-dodeignet.jpg" alt="Square: o poder da pedra" class="wp-image-788" srcset="https://monumental-valois.com/wp-content/uploads/2025/02/Carre-eugene-dodeignet.jpg 600w, https://monumental-valois.com/wp-content/uploads/2025/02/Carre-eugene-dodeignet-300x400.jpg 300w, https://monumental-valois.com/wp-content/uploads/2025/02/Carre-eugene-dodeignet-338x450.jpg 338w, https://monumental-valois.com/wp-content/uploads/2025/02/Carre-eugene-dodeignet-450x600.jpg 450w" sizes="auto, (max-width: 600px) 100vw, 600px" /></figure>
</div>
</div>
</div></div>

<div style="height:50px" aria-hidden="true" class="wp-block-spacer"></div>

<div class="wp-block-group alignwide"><div class="wp-block-group__inner-container is-layout-constrained wp-block-group-is-layout-constrained">
<div class="wp-block-columns alignwide are-vertically-aligned-bottom is-layout-flex wp-container-core-columns-is-layout-28f84493 wp-block-columns-is-layout-flex">
<div class="wp-block-column is-vertically-aligned-bottom is-layout-flow wp-block-column-is-layout-flow" style="flex-basis:50%">
<p class="is-style-sur-titre-artiste">Eugène Dodeigne</p>



<h2 class="wp-block-heading has-34-px-font-size">Reconhecimento internacional</h2>



<p>Na década de 1960, Dodeigne foi exibido internacionalmente e sua reputação continuou a crescer. Na década de 1970, ele voltou sua atenção para a monumentalização de suas obras, muitas das quais agora povoam parques e cidades, especialmente no norte da França e internacionalmente. </p>



<div class="wp-block-buttons is-layout-flex wp-block-buttons-is-layout-flex">
<div class="wp-block-button"><a class="wp-block-button__link wp-element-button" href="https://monumental-valois.com/pt-br/obra-monumental/square-o-poder-da-pedra/">Descubra o trabalho</a></div>
</div>
</div>



<div class="wp-block-column is-vertically-aligned-bottom is-layout-flow wp-block-column-is-layout-flow" style="flex-basis:50%">
<h2 class="wp-block-heading has-34-px-font-size">Um dos principais artistas da escultura contemporânea</h2>



<p>Eleito membro da Académie des Beaux-Arts em 1999, Eugène Dodeigne deixou sua marca na história da arte do século XX. Seu trabalho continua sendo um poderoso testemunho da busca por energia, material e expressão humana. </p>
</div>
</div>
</div></div>

<p>Eugène Dodeigne Expressando a condição humana Suas obras, às vezes beirando o &#8216;non-finito&#8217;, mostram o aspecto bruto do material e [&hellip;]</p>
