{"id":2189,"date":"2024-12-04T14:54:31","date_gmt":"2024-12-04T13:54:31","guid":{"rendered":"https:\/\/monumental-valois.com\/artiste\/estudio-de-reskate\/"},"modified":"2026-03-02T16:33:39","modified_gmt":"2026-03-02T15:33:39","slug":"estudio-de-reskate","status":"publish","type":"artiste","link":"https:\/\/monumental-valois.com\/pt-br\/artista\/estudio-de-reskate\/","title":{"rendered":"Est\u00fadio de Reskate"},"content":{"rendered":"\n<div class=\"wp-block-group alignwide\"><div class=\"wp-block-group__inner-container is-layout-constrained wp-block-group-is-layout-constrained\">\n<div class=\"wp-block-columns alignwide is-layout-flex wp-container-core-columns-is-layout-28f84493 wp-block-columns-is-layout-flex\">\n<div class=\"wp-block-column is-layout-flow wp-block-column-is-layout-flow\" style=\"flex-basis:33%\">\n<p class=\"is-style-sur-titre-artiste\">Est\u00fadio de Reskate<\/p>\n\n\n\n<h2 class=\"wp-block-heading has-34-px-font-size\">Trabalhos po\u00e9ticos e comprometidos<\/h2>\n\n\n\n<p>As obras de Reskate s\u00e3o caracterizadas por sua profundidade e dimens\u00e3o po\u00e9tica, muitas vezes com mensagens ocultas reveladas pelo uso de tinta fosforescente. Suas cria\u00e7\u00f5es exploram temas ligados a quest\u00f5es ambientais e sociais, convidando o p\u00fablico a se envolver em uma reflex\u00e3o ativa. Cada projeto \u00e9 concebido em conex\u00e3o com o local onde \u00e9 realizado, permitindo que suas obras reflitam a identidade cultural e a hist\u00f3ria locais.  <\/p>\n\n\n\n<div class=\"wp-block-buttons is-layout-flex wp-block-buttons-is-layout-flex\">\n<div class=\"wp-block-button\"><a class=\"wp-block-button__link wp-element-button\" href=\"#\">Veja o afresco do REskate<\/a><\/div>\n<\/div>\n<\/div>\n\n\n\n<div class=\"wp-block-column is-layout-flow wp-block-column-is-layout-flow\" style=\"flex-basis:67%\">\n<figure class=\"wp-block-image size-full\"><img loading=\"lazy\" decoding=\"async\" width=\"1200\" height=\"800\" src=\"https:\/\/monumental-valois.com\/wp-content\/uploads\/2024\/12\/ccpv-reskate-studio.jpg\" alt=\"Est&#xFA;dio de Reskate\" class=\"wp-image-331\" srcset=\"https:\/\/monumental-valois.com\/wp-content\/uploads\/2024\/12\/ccpv-reskate-studio.jpg 1200w, https:\/\/monumental-valois.com\/wp-content\/uploads\/2024\/12\/ccpv-reskate-studio-600x400.jpg 600w, https:\/\/monumental-valois.com\/wp-content\/uploads\/2024\/12\/ccpv-reskate-studio-768x512.jpg 768w, https:\/\/monumental-valois.com\/wp-content\/uploads\/2024\/12\/ccpv-reskate-studio-450x300.jpg 450w, https:\/\/monumental-valois.com\/wp-content\/uploads\/2024\/12\/ccpv-reskate-studio-900x600.jpg 900w\" sizes=\"auto, (max-width: 1200px) 100vw, 1200px\" \/><\/figure>\n<\/div>\n<\/div>\n<\/div><\/div>\n\n<div style=\"height:100px\" aria-hidden=\"true\" class=\"wp-block-spacer\"><\/div>\n\n<div class=\"wp-block-cover alignfull\"><span aria-hidden=\"true\" class=\"wp-block-cover__background has-background-dim-0 has-background-dim\" style=\"background-color:#183a2b\"><\/span><img loading=\"lazy\" decoding=\"async\" width=\"1800\" height=\"650\" class=\"wp-block-cover__image-background wp-image-812\" alt=\"\" src=\"https:\/\/monumental-valois.com\/wp-content\/uploads\/2024\/12\/reskate-1800.jpg\" data-object-fit=\"cover\" srcset=\"https:\/\/monumental-valois.com\/wp-content\/uploads\/2024\/12\/reskate-1800.jpg 1800w, https:\/\/monumental-valois.com\/wp-content\/uploads\/2024\/12\/reskate-1800-800x289.jpg 800w, https:\/\/monumental-valois.com\/wp-content\/uploads\/2024\/12\/reskate-1800-768x277.jpg 768w, https:\/\/monumental-valois.com\/wp-content\/uploads\/2024\/12\/reskate-1800-1536x555.jpg 1536w, https:\/\/monumental-valois.com\/wp-content\/uploads\/2024\/12\/reskate-1800-450x163.jpg 450w, https:\/\/monumental-valois.com\/wp-content\/uploads\/2024\/12\/reskate-1800-1662x600.jpg 1662w\" sizes=\"auto, (max-width: 1800px) 100vw, 1800px\" \/><div class=\"wp-block-cover__inner-container is-layout-constrained wp-block-cover-is-layout-constrained\">\n<p class=\"has-text-align-center has-large-font-size\"><\/p>\n<\/div><\/div>\n\n<div style=\"height:100px\" aria-hidden=\"true\" class=\"wp-block-spacer\"><\/div>\n\n<div class=\"wp-block-columns alignwide is-layout-flex wp-container-core-columns-is-layout-28f84493 wp-block-columns-is-layout-flex\">\n<div class=\"wp-block-column is-layout-flow wp-block-column-is-layout-flow\" style=\"flex-basis:33.3%\">\n<figure class=\"wp-block-image size-full\"><img loading=\"lazy\" decoding=\"async\" width=\"470\" height=\"520\" src=\"https:\/\/monumental-valois.com\/wp-content\/uploads\/2024\/12\/reskate-rubi-saber-4h3-1120.jpg\" alt=\"sabre de reskate  \" class=\"wp-image-819\" srcset=\"https:\/\/monumental-valois.com\/wp-content\/uploads\/2024\/12\/reskate-rubi-saber-4h3-1120.jpg 470w, https:\/\/monumental-valois.com\/wp-content\/uploads\/2024\/12\/reskate-rubi-saber-4h3-1120-362x400.jpg 362w, https:\/\/monumental-valois.com\/wp-content\/uploads\/2024\/12\/reskate-rubi-saber-4h3-1120-407x450.jpg 407w\" sizes=\"auto, (max-width: 470px) 100vw, 470px\" \/><\/figure>\n<\/div>\n\n\n\n<div class=\"wp-block-column is-layout-flow wp-block-column-is-layout-flow\" style=\"flex-basis:33.33%\">\n<p class=\"is-style-sur-titre-artiste\">Est\u00fadio de Reskate<\/p>\n\n\n\n<h2 class=\"wp-block-heading has-34-px-font-size\">Um coletivo de renome mundial<\/h2>\n\n\n\n<p>O coletivo trabalhou em todo o mundo, desde a Catalunha at\u00e9 a China, o Pa\u00eds Basco, Portugal, Fran\u00e7a, Alemanha, B\u00e9lgica, Rom\u00eania, \u00c1ustria, A\u00e7ores e Estados Unidos. Por meio de sua arte, Mar\u00eda e Javier buscam criar um di\u00e1logo entre a arte contempor\u00e2nea, a natureza e a mem\u00f3ria hist\u00f3rica dos lugares, enriquecendo cada espa\u00e7o com sua capacidade de contar hist\u00f3rias poderosas que envolvem o espectador. <\/p>\n<\/div>\n\n\n\n<div class=\"wp-block-column is-layout-flow wp-block-column-is-layout-flow\" style=\"flex-basis:33.33%\">\n<figure class=\"wp-block-image size-full\"><img loading=\"lazy\" decoding=\"async\" width=\"470\" height=\"520\" src=\"https:\/\/monumental-valois.com\/wp-content\/uploads\/2024\/12\/reskate-jena-2_1.jpg\" alt=\"voc&#xEA; pode ver a natureza aqui\" class=\"wp-image-817\" srcset=\"https:\/\/monumental-valois.com\/wp-content\/uploads\/2024\/12\/reskate-jena-2_1.jpg 470w, https:\/\/monumental-valois.com\/wp-content\/uploads\/2024\/12\/reskate-jena-2_1-362x400.jpg 362w, https:\/\/monumental-valois.com\/wp-content\/uploads\/2024\/12\/reskate-jena-2_1-407x450.jpg 407w\" sizes=\"auto, (max-width: 470px) 100vw, 470px\" \/><\/figure>\n<\/div>\n<\/div>\n","protected":false},"excerpt":{"rendered":"<p>Est\u00fadio de Reskate Trabalhos po\u00e9ticos e comprometidos As obras de Reskate s\u00e3o caracterizadas por sua profundidade e dimens\u00e3o po\u00e9tica, muitas [&hellip;]<\/p>\n","protected":false},"featured_media":2724,"template":"","discipline":[20],"class_list":["post-2189","artiste","type-artiste","status-publish","has-post-thumbnail","hentry","discipline-peinture"],"_links":{"self":[{"href":"https:\/\/monumental-valois.com\/pt-br\/wp-json\/wp\/v2\/artiste\/2189","targetHints":{"allow":["GET"]}}],"collection":[{"href":"https:\/\/monumental-valois.com\/pt-br\/wp-json\/wp\/v2\/artiste"}],"about":[{"href":"https:\/\/monumental-valois.com\/pt-br\/wp-json\/wp\/v2\/types\/artiste"}],"wp:featuredmedia":[{"embeddable":true,"href":"https:\/\/monumental-valois.com\/pt-br\/wp-json\/wp\/v2\/media\/2724"}],"wp:attachment":[{"href":"https:\/\/monumental-valois.com\/pt-br\/wp-json\/wp\/v2\/media?parent=2189"}],"wp:term":[{"taxonomy":"discipline","embeddable":true,"href":"https:\/\/monumental-valois.com\/pt-br\/wp-json\/wp\/v2\/discipline?post=2189"}],"curies":[{"name":"wp","href":"https:\/\/api.w.org\/{rel}","templated":true}]}}

Estúdio de Reskate

<div class="wp-block-group alignwide"><div class="wp-block-group__inner-container is-layout-constrained wp-block-group-is-layout-constrained">
<div class="wp-block-columns alignwide is-layout-flex wp-container-core-columns-is-layout-28f84493 wp-block-columns-is-layout-flex">
<div class="wp-block-column is-layout-flow wp-block-column-is-layout-flow" style="flex-basis:33%">
<p class="is-style-sur-titre-artiste">Estúdio de Reskate</p>



<h2 class="wp-block-heading has-34-px-font-size">Trabalhos poéticos e comprometidos</h2>



<p>As obras de Reskate são caracterizadas por sua profundidade e dimensão poética, muitas vezes com mensagens ocultas reveladas pelo uso de tinta fosforescente. Suas criações exploram temas ligados a questões ambientais e sociais, convidando o público a se envolver em uma reflexão ativa. Cada projeto é concebido em conexão com o local onde é realizado, permitindo que suas obras reflitam a identidade cultural e a história locais.  </p>



<div class="wp-block-buttons is-layout-flex wp-block-buttons-is-layout-flex">
<div class="wp-block-button"><a class="wp-block-button__link wp-element-button" href="#">Veja o afresco do REskate</a></div>
</div>
</div>



<div class="wp-block-column is-layout-flow wp-block-column-is-layout-flow" style="flex-basis:67%">
<figure class="wp-block-image size-full"><img loading="lazy" decoding="async" width="1200" height="800" src="https://monumental-valois.com/wp-content/uploads/2024/12/ccpv-reskate-studio.jpg" alt="Est&#xFA;dio de Reskate" class="wp-image-331" srcset="https://monumental-valois.com/wp-content/uploads/2024/12/ccpv-reskate-studio.jpg 1200w, https://monumental-valois.com/wp-content/uploads/2024/12/ccpv-reskate-studio-600x400.jpg 600w, https://monumental-valois.com/wp-content/uploads/2024/12/ccpv-reskate-studio-768x512.jpg 768w, https://monumental-valois.com/wp-content/uploads/2024/12/ccpv-reskate-studio-450x300.jpg 450w, https://monumental-valois.com/wp-content/uploads/2024/12/ccpv-reskate-studio-900x600.jpg 900w" sizes="auto, (max-width: 1200px) 100vw, 1200px" /></figure>
</div>
</div>
</div></div>

<div style="height:100px" aria-hidden="true" class="wp-block-spacer"></div>

<div class="wp-block-cover alignfull"><span aria-hidden="true" class="wp-block-cover__background has-background-dim-0 has-background-dim" style="background-color:#183a2b"></span><img loading="lazy" decoding="async" width="1800" height="650" class="wp-block-cover__image-background wp-image-812" alt="" src="https://monumental-valois.com/wp-content/uploads/2024/12/reskate-1800.jpg" data-object-fit="cover" srcset="https://monumental-valois.com/wp-content/uploads/2024/12/reskate-1800.jpg 1800w, https://monumental-valois.com/wp-content/uploads/2024/12/reskate-1800-800x289.jpg 800w, https://monumental-valois.com/wp-content/uploads/2024/12/reskate-1800-768x277.jpg 768w, https://monumental-valois.com/wp-content/uploads/2024/12/reskate-1800-1536x555.jpg 1536w, https://monumental-valois.com/wp-content/uploads/2024/12/reskate-1800-450x163.jpg 450w, https://monumental-valois.com/wp-content/uploads/2024/12/reskate-1800-1662x600.jpg 1662w" sizes="auto, (max-width: 1800px) 100vw, 1800px" /><div class="wp-block-cover__inner-container is-layout-constrained wp-block-cover-is-layout-constrained">
<p class="has-text-align-center has-large-font-size"></p>
</div></div>

<div style="height:100px" aria-hidden="true" class="wp-block-spacer"></div>

<div class="wp-block-columns alignwide is-layout-flex wp-container-core-columns-is-layout-28f84493 wp-block-columns-is-layout-flex">
<div class="wp-block-column is-layout-flow wp-block-column-is-layout-flow" style="flex-basis:33.3%">
<figure class="wp-block-image size-full"><img loading="lazy" decoding="async" width="470" height="520" src="https://monumental-valois.com/wp-content/uploads/2024/12/reskate-rubi-saber-4h3-1120.jpg" alt="sabre de reskate  " class="wp-image-819" srcset="https://monumental-valois.com/wp-content/uploads/2024/12/reskate-rubi-saber-4h3-1120.jpg 470w, https://monumental-valois.com/wp-content/uploads/2024/12/reskate-rubi-saber-4h3-1120-362x400.jpg 362w, https://monumental-valois.com/wp-content/uploads/2024/12/reskate-rubi-saber-4h3-1120-407x450.jpg 407w" sizes="auto, (max-width: 470px) 100vw, 470px" /></figure>
</div>



<div class="wp-block-column is-layout-flow wp-block-column-is-layout-flow" style="flex-basis:33.33%">
<p class="is-style-sur-titre-artiste">Estúdio de Reskate</p>



<h2 class="wp-block-heading has-34-px-font-size">Um coletivo de renome mundial</h2>



<p>O coletivo trabalhou em todo o mundo, desde a Catalunha até a China, o País Basco, Portugal, França, Alemanha, Bélgica, Romênia, Áustria, Açores e Estados Unidos. Por meio de sua arte, María e Javier buscam criar um diálogo entre a arte contemporânea, a natureza e a memória histórica dos lugares, enriquecendo cada espaço com sua capacidade de contar histórias poderosas que envolvem o espectador. </p>
</div>



<div class="wp-block-column is-layout-flow wp-block-column-is-layout-flow" style="flex-basis:33.33%">
<figure class="wp-block-image size-full"><img loading="lazy" decoding="async" width="470" height="520" src="https://monumental-valois.com/wp-content/uploads/2024/12/reskate-jena-2_1.jpg" alt="voc&#xEA; pode ver a natureza aqui" class="wp-image-817" srcset="https://monumental-valois.com/wp-content/uploads/2024/12/reskate-jena-2_1.jpg 470w, https://monumental-valois.com/wp-content/uploads/2024/12/reskate-jena-2_1-362x400.jpg 362w, https://monumental-valois.com/wp-content/uploads/2024/12/reskate-jena-2_1-407x450.jpg 407w" sizes="auto, (max-width: 470px) 100vw, 470px" /></figure>
</div>
</div>

<p>Estúdio de Reskate Trabalhos poéticos e comprometidos As obras de Reskate são caracterizadas por sua profundidade e dimensão poética, muitas [&hellip;]</p>
