{"id":2010,"date":"2025-10-02T12:19:01","date_gmt":"2025-10-02T10:19:01","guid":{"rendered":"https:\/\/monumental-valois.com\/lieux\/notre-dame-de-la-nativite\/"},"modified":"2026-03-02T11:05:56","modified_gmt":"2026-03-02T10:05:56","slug":"notre-dame-de-la-nativite","status":"publish","type":"lieux","link":"https:\/\/monumental-valois.com\/pt-br\/lugares\/notre-dame-de-la-nativite\/","title":{"rendered":"Notre-Dame-de-la-Nativit\u00e9"},"content":{"rendered":"\n<div class=\"wp-block-group alignwide\"><div class=\"wp-block-group__inner-container is-layout-constrained wp-block-group-is-layout-constrained\">\n<div class=\"wp-block-columns alignwide is-style-espace-60-px is-layout-flex wp-container-core-columns-is-layout-28f84493 wp-block-columns-is-layout-flex\">\n<div class=\"wp-block-column is-layout-flow wp-block-column-is-layout-flow\" style=\"flex-basis:40%\"><div class=\"lazyblock-partager-la-page-Z2bkmMf wp-block-lazyblock-partager-la-page\"> <div class=\"partage-single\">\r\n                        <p>Compartilhe esta p\u00e1gina<\/p>\r\n                        <div class=\"liens\">\r\n                            <a href=\"http:\/\/twitter.com\/share?url=https%3A%2F%2Fmonumental-valois.com%2Fpt-br%2Flugares%2Fnotre-dame-de-la-nativite%2F\" class=\"share-x\" target=\"_blank\" rel=\"nofollow\" title=\"Compartilhar no X\"><\/a>\r\n                            <a href=\"http:\/\/www.facebook.com\/sharer.php?u=https%3A%2F%2Fmonumental-valois.com%2Fpt-br%2Flugares%2Fnotre-dame-de-la-nativite%2F&#038;t=Notre-Dame-de-la-Nativit%C3%A9&#038;src=sp\" class=\"share-facebook\" target=\"_blank\" rel=\"nofollow\" title=\"Compartilhar no Facebook\">\r\n\r\n                            <\/a>\r\n\r\n\r\n                        <\/div>\r\n                    <\/div><\/div>\n\n\n<figure class=\"wp-block-image size-full\"><img loading=\"lazy\" decoding=\"async\" width=\"800\" height=\"1200\" src=\"https:\/\/monumental-valois.com\/wp-content\/uploads\/2025\/10\/Orrouy_Ruines-de-leglise_Liliane-Compain-2.webp\" alt=\"portes notre dame de la nativit&#xE9;\" class=\"wp-image-1150\" srcset=\"https:\/\/monumental-valois.com\/wp-content\/uploads\/2025\/10\/Orrouy_Ruines-de-leglise_Liliane-Compain-2.webp 800w, https:\/\/monumental-valois.com\/wp-content\/uploads\/2025\/10\/Orrouy_Ruines-de-leglise_Liliane-Compain-2-267x400.webp 267w, https:\/\/monumental-valois.com\/wp-content\/uploads\/2025\/10\/Orrouy_Ruines-de-leglise_Liliane-Compain-2-600x900.webp 600w, https:\/\/monumental-valois.com\/wp-content\/uploads\/2025\/10\/Orrouy_Ruines-de-leglise_Liliane-Compain-2-768x1152.webp 768w, https:\/\/monumental-valois.com\/wp-content\/uploads\/2025\/10\/Orrouy_Ruines-de-leglise_Liliane-Compain-2-300x450.webp 300w, https:\/\/monumental-valois.com\/wp-content\/uploads\/2025\/10\/Orrouy_Ruines-de-leglise_Liliane-Compain-2-400x600.webp 400w\" sizes=\"auto, (max-width: 800px) 100vw, 800px\" \/><\/figure>\n<\/div>\n\n\n\n<div class=\"wp-block-column is-layout-flow wp-block-column-is-layout-flow\" style=\"flex-basis:60%\">\n<p class=\"is-style-sur-titre-page\">Igreja de Notre-Dame-de-la-Nativit\u00e9 e Saint-Jacques de Champlieu<\/p>\n\n\n\n<p>Aninhada no cora\u00e7\u00e3o da floresta de Compi\u00e8gne, na comuna de Orrouy, a igreja de Notre-Dame-de-la-Nativit\u00e9 et Saint-Jacques, mais conhecida como a capela rom\u00e2nica de Champlieu, \u00e9 um raro exemplo de arquitetura religiosa medieval no Pays de Valois. Listada como Monumento Hist\u00f3rico desde 1923, ela faz parte de um complexo de patrim\u00f4nio \u00fanico que tamb\u00e9m inclui os vest\u00edgios galo-romanos de Champlieu. <\/p>\n\n\n\n<h2 class=\"wp-block-heading\">Um lugar repleto de hist\u00f3ria<\/h2>\n\n\n\n<p>Constru\u00edda entre os s\u00e9culos XI e XII no local de um edif\u00edcio carol\u00edngio, a igreja era dedicada \u00e0 Virgem Maria e a S\u00e3o Tiago Maior. Situada ao longo de uma antiga rota de peregrina\u00e7\u00e3o para Compostela, ela recebia viajantes e fi\u00e9is que vinham rezar e meditar.<br\/>No s\u00e9culo XVII, os beneditinos ingleses de Paris reavivaram o culto mariano local, atraindo um grande n\u00famero de peregrinos gra\u00e7as a uma tradi\u00e7\u00e3o milagrosa associada a Notre-Dame de Champlieu. Mas o local entrou em decl\u00ednio gradual e, depois de ser fechada para cultos em 1808, a igreja foi parcialmente destru\u00edda por uma violenta tempestade em 1814. Desde ent\u00e3o, ela mant\u00e9m o encanto rom\u00e2ntico das ru\u00ednas que fascinam os visitantes.   <\/p>\n\n\n\n<h2 class=\"wp-block-heading\">Preciosa arquitetura rom\u00e2nica<\/h2>\n\n\n\n<p>Apesar de s\u00e9culos de destrui\u00e7\u00e3o, o edif\u00edcio manteve algumas caracter\u00edsticas rom\u00e2nicas not\u00e1veis. Sua planta em cruz latina era composta por uma nave ladeada por corredores, um transepto saliente e um coro que terminava em uma cabeceira plana. As se\u00e7\u00f5es orientais &#8211; capela-mor e transepto &#8211; datam do final do s\u00e9culo XI e preservam vest\u00edgios de ab\u00f3badas de ber\u00e7o. A nave, reconstru\u00edda no s\u00e9culo XII, apresenta grandes arcos pontiagudos e um portal ocidental adornado com arquivoltas esculpidas, t\u00edpico da evolu\u00e7\u00e3o para o estilo g\u00f3tico.   <\/p>\n\n\n\n<h2 class=\"wp-block-heading\">Um local de patrim\u00f4nio ao ar livre<\/h2>\n\n\n\n<p>De propriedade do Conseil d\u00e9partemental de l&#8217;Oise, a capela rom\u00e2nica de Champlieu \u00e9 de livre acesso durante todo o ano. Pain\u00e9is explicativos e uma trilha digital oferecem aos visitantes uma melhor compreens\u00e3o da hist\u00f3ria do local. Todos os anos, visitas guiadas e eventos s\u00e3o organizados, especialmente durante os Dias do Patrim\u00f4nio Europeu, dando vida \u00e0 hist\u00f3ria e \u00e0s habilidades antigas do local.  <\/p>\n<\/div>\n<\/div>\n<\/div><\/div>\n\n<div style=\"height:100px\" aria-hidden=\"true\" class=\"wp-block-spacer\"><\/div>\n","protected":false},"excerpt":{"rendered":"<p>Igreja de Notre-Dame-de-la-Nativit\u00e9 e Saint-Jacques de Champlieu Aninhada no cora\u00e7\u00e3o da floresta de Compi\u00e8gne, na comuna de Orrouy, a igreja [&hellip;]<\/p>\n","protected":false},"featured_media":2016,"template":"","class_list":["post-2010","lieux","type-lieux","status-publish","has-post-thumbnail","hentry"],"_links":{"self":[{"href":"https:\/\/monumental-valois.com\/pt-br\/wp-json\/wp\/v2\/lieux\/2010","targetHints":{"allow":["GET"]}}],"collection":[{"href":"https:\/\/monumental-valois.com\/pt-br\/wp-json\/wp\/v2\/lieux"}],"about":[{"href":"https:\/\/monumental-valois.com\/pt-br\/wp-json\/wp\/v2\/types\/lieux"}],"wp:featuredmedia":[{"embeddable":true,"href":"https:\/\/monumental-valois.com\/pt-br\/wp-json\/wp\/v2\/media\/2016"}],"wp:attachment":[{"href":"https:\/\/monumental-valois.com\/pt-br\/wp-json\/wp\/v2\/media?parent=2010"}],"curies":[{"name":"wp","href":"https:\/\/api.w.org\/{rel}","templated":true}]}}

Notre-Dame-de-la-Nativité

<div class="wp-block-group alignwide"><div class="wp-block-group__inner-container is-layout-constrained wp-block-group-is-layout-constrained">
<div class="wp-block-columns alignwide is-style-espace-60-px is-layout-flex wp-container-core-columns-is-layout-28f84493 wp-block-columns-is-layout-flex">
<div class="wp-block-column is-layout-flow wp-block-column-is-layout-flow" style="flex-basis:40%"><div class="lazyblock-partager-la-page-Z2bkmMf wp-block-lazyblock-partager-la-page"> <div class="partage-single">
                        <p>Compartilhe esta página</p>
                        <div class="liens">
                            <a href="http://twitter.com/share?url=https%3A%2F%2Fmonumental-valois.com%2Fpt-br%2Flugares%2Fnotre-dame-de-la-nativite%2F" class="share-x" target="_blank" rel="nofollow" title="Compartilhar no X"></a>
                            <a href="http://www.facebook.com/sharer.php?u=https%3A%2F%2Fmonumental-valois.com%2Fpt-br%2Flugares%2Fnotre-dame-de-la-nativite%2F&#038;t=Notre-Dame-de-la-Nativit%C3%A9&#038;src=sp" class="share-facebook" target="_blank" rel="nofollow" title="Compartilhar no Facebook">

                            </a>


                        </div>
                    </div></div>


<figure class="wp-block-image size-full"><img loading="lazy" decoding="async" width="800" height="1200" src="https://monumental-valois.com/wp-content/uploads/2025/10/Orrouy_Ruines-de-leglise_Liliane-Compain-2.webp" alt="portes notre dame de la nativit&#xE9;" class="wp-image-1150" srcset="https://monumental-valois.com/wp-content/uploads/2025/10/Orrouy_Ruines-de-leglise_Liliane-Compain-2.webp 800w, https://monumental-valois.com/wp-content/uploads/2025/10/Orrouy_Ruines-de-leglise_Liliane-Compain-2-267x400.webp 267w, https://monumental-valois.com/wp-content/uploads/2025/10/Orrouy_Ruines-de-leglise_Liliane-Compain-2-600x900.webp 600w, https://monumental-valois.com/wp-content/uploads/2025/10/Orrouy_Ruines-de-leglise_Liliane-Compain-2-768x1152.webp 768w, https://monumental-valois.com/wp-content/uploads/2025/10/Orrouy_Ruines-de-leglise_Liliane-Compain-2-300x450.webp 300w, https://monumental-valois.com/wp-content/uploads/2025/10/Orrouy_Ruines-de-leglise_Liliane-Compain-2-400x600.webp 400w" sizes="auto, (max-width: 800px) 100vw, 800px" /></figure>
</div>



<div class="wp-block-column is-layout-flow wp-block-column-is-layout-flow" style="flex-basis:60%">
<p class="is-style-sur-titre-page">Igreja de Notre-Dame-de-la-Nativité e Saint-Jacques de Champlieu</p>



<p>Aninhada no coração da floresta de Compiègne, na comuna de Orrouy, a igreja de Notre-Dame-de-la-Nativité et Saint-Jacques, mais conhecida como a capela românica de Champlieu, é um raro exemplo de arquitetura religiosa medieval no Pays de Valois. Listada como Monumento Histórico desde 1923, ela faz parte de um complexo de patrimônio único que também inclui os vestígios galo-romanos de Champlieu. </p>



<h2 class="wp-block-heading">Um lugar repleto de história</h2>



<p>Construída entre os séculos XI e XII no local de um edifício carolíngio, a igreja era dedicada à Virgem Maria e a São Tiago Maior. Situada ao longo de uma antiga rota de peregrinação para Compostela, ela recebia viajantes e fiéis que vinham rezar e meditar.<br/>No século XVII, os beneditinos ingleses de Paris reavivaram o culto mariano local, atraindo um grande número de peregrinos graças a uma tradição milagrosa associada a Notre-Dame de Champlieu. Mas o local entrou em declínio gradual e, depois de ser fechada para cultos em 1808, a igreja foi parcialmente destruída por uma violenta tempestade em 1814. Desde então, ela mantém o encanto romântico das ruínas que fascinam os visitantes.   </p>



<h2 class="wp-block-heading">Preciosa arquitetura românica</h2>



<p>Apesar de séculos de destruição, o edifício manteve algumas características românicas notáveis. Sua planta em cruz latina era composta por uma nave ladeada por corredores, um transepto saliente e um coro que terminava em uma cabeceira plana. As seções orientais &#8211; capela-mor e transepto &#8211; datam do final do século XI e preservam vestígios de abóbadas de berço. A nave, reconstruída no século XII, apresenta grandes arcos pontiagudos e um portal ocidental adornado com arquivoltas esculpidas, típico da evolução para o estilo gótico.   </p>



<h2 class="wp-block-heading">Um local de patrimônio ao ar livre</h2>



<p>De propriedade do Conseil départemental de l&#8217;Oise, a capela românica de Champlieu é de livre acesso durante todo o ano. Painéis explicativos e uma trilha digital oferecem aos visitantes uma melhor compreensão da história do local. Todos os anos, visitas guiadas e eventos são organizados, especialmente durante os Dias do Patrimônio Europeu, dando vida à história e às habilidades antigas do local.  </p>
</div>
</div>
</div></div>

<div style="height:100px" aria-hidden="true" class="wp-block-spacer"></div>

<p>Igreja de Notre-Dame-de-la-Nativité e Saint-Jacques de Champlieu Aninhada no coração da floresta de Compiègne, na comuna de Orrouy, a igreja [&hellip;]</p>
