{"id":2019,"date":"2025-10-02T12:08:45","date_gmt":"2025-10-02T10:08:45","guid":{"rendered":"https:\/\/monumental-valois.com\/lieux\/a-voie-verte-du-pays-de-valois-uma-caminhada-nas-pegadas-do-passado-ferroviario\/"},"modified":"2026-03-02T11:13:22","modified_gmt":"2026-03-02T10:13:22","slug":"a-voie-verte-du-pays-de-valois-uma-caminhada-nas-pegadas-do-passado-ferroviario","status":"publish","type":"lieux","link":"https:\/\/monumental-valois.com\/pt-br\/lugares\/a-voie-verte-du-pays-de-valois-uma-caminhada-nas-pegadas-do-passado-ferroviario\/","title":{"rendered":"A Voie verte du Pays de Valois, uma caminhada nas pegadas do passado ferrovi\u00e1rio"},"content":{"rendered":"\n<div class=\"wp-block-group alignwide\"><div class=\"wp-block-group__inner-container is-layout-constrained wp-block-group-is-layout-constrained\">\n<div class=\"wp-block-columns alignwide is-style-espace-60-px is-layout-flex wp-container-core-columns-is-layout-28f84493 wp-block-columns-is-layout-flex\">\n<div class=\"wp-block-column is-layout-flow wp-block-column-is-layout-flow\" style=\"flex-basis:40%\"><div class=\"lazyblock-partager-la-page-Z2bkmMf wp-block-lazyblock-partager-la-page\"> <div class=\"partage-single\">\r\n                        <p>Compartilhe esta p\u00e1gina<\/p>\r\n                        <div class=\"liens\">\r\n                            <a href=\"http:\/\/twitter.com\/share?url=https%3A%2F%2Fmonumental-valois.com%2Fpt-br%2Flugares%2Fa-voie-verte-du-pays-de-valois-uma-caminhada-nas-pegadas-do-passado-ferroviario%2F\" class=\"share-x\" target=\"_blank\" rel=\"nofollow\" title=\"Compartilhar no X\"><\/a>\r\n                            <a href=\"http:\/\/www.facebook.com\/sharer.php?u=https%3A%2F%2Fmonumental-valois.com%2Fpt-br%2Flugares%2Fa-voie-verte-du-pays-de-valois-uma-caminhada-nas-pegadas-do-passado-ferroviario%2F&#038;t=A+Voie+verte+du+Pays+de+Valois%2C+uma+caminhada+nas+pegadas+do+passado+ferrovi%C3%A1rio&#038;src=sp\" class=\"share-facebook\" target=\"_blank\" rel=\"nofollow\" title=\"Compartilhar no Facebook\">\r\n\r\n                            <\/a>\r\n\r\n\r\n                        <\/div>\r\n                    <\/div><\/div>\n\n\n<figure class=\"wp-block-image size-large\"><img loading=\"lazy\" decoding=\"async\" width=\"563\" height=\"900\" src=\"https:\/\/monumental-valois.com\/wp-content\/uploads\/2025\/10\/voie-verte-pays-du-valois-01-563x900.webp\" alt=\"Via verde do Pays de Valois\" class=\"wp-image-908\" srcset=\"https:\/\/monumental-valois.com\/wp-content\/uploads\/2025\/10\/voie-verte-pays-du-valois-01-563x900.webp 563w, https:\/\/monumental-valois.com\/wp-content\/uploads\/2025\/10\/voie-verte-pays-du-valois-01-250x400.webp 250w, https:\/\/monumental-valois.com\/wp-content\/uploads\/2025\/10\/voie-verte-pays-du-valois-01-768x1229.webp 768w, https:\/\/monumental-valois.com\/wp-content\/uploads\/2025\/10\/voie-verte-pays-du-valois-01-281x450.webp 281w, https:\/\/monumental-valois.com\/wp-content\/uploads\/2025\/10\/voie-verte-pays-du-valois-01-375x600.webp 375w, https:\/\/monumental-valois.com\/wp-content\/uploads\/2025\/10\/voie-verte-pays-du-valois-01.webp 800w\" sizes=\"auto, (max-width: 563px) 100vw, 563px\" \/><\/figure>\n<\/div>\n\n\n\n<div class=\"wp-block-column is-layout-flow wp-block-column-is-layout-flow\" style=\"flex-basis:60%\">\n<p class=\"is-style-sur-titre-page\">Via verde do Pays de Valois<\/p>\n\n\n\n<p>Desde 2017, a Voie verte du Pays de Valois, com 18 km de extens\u00e3o, entre Ormoy-Villers e Mareuil-sur-Ourcq, oferece um ambiente ideal para caminhadas seguras. Pedestres, ciclistas e patinadores podem desfrutar de uma pista de asfalto de 3 metros de largura, enquanto os cavaleiros podem seguir um caminho paralelo em terreno natural. <\/p>\n\n\n\n<p>Seguir esse itiner\u00e1rio tamb\u00e9m significa mergulhar na hist\u00f3ria: trilhos antigos ainda vis\u00edveis, casas de porteiros que se tornaram resid\u00eancias, esta\u00e7\u00f5es restauradas em Boissy-L\u00e9vignen, Betz e Antilly&#8230; Sem esquecer as ab\u00f3badas e valas de tijolos que testemunham o rico passado ferrovi\u00e1rio da linha.<\/p>\n\n\n\n<p><\/p>\n<\/div>\n<\/div>\n<\/div><\/div>\n\n<div style=\"height:100px\" aria-hidden=\"true\" class=\"wp-block-spacer\"><\/div>\n","protected":false},"excerpt":{"rendered":"<p>Via verde do Pays de Valois Desde 2017, a Voie verte du Pays de Valois, com 18 km de extens\u00e3o, [&hellip;]<\/p>\n","protected":false},"featured_media":2020,"template":"","class_list":["post-2019","lieux","type-lieux","status-publish","has-post-thumbnail","hentry"],"_links":{"self":[{"href":"https:\/\/monumental-valois.com\/pt-br\/wp-json\/wp\/v2\/lieux\/2019","targetHints":{"allow":["GET"]}}],"collection":[{"href":"https:\/\/monumental-valois.com\/pt-br\/wp-json\/wp\/v2\/lieux"}],"about":[{"href":"https:\/\/monumental-valois.com\/pt-br\/wp-json\/wp\/v2\/types\/lieux"}],"wp:featuredmedia":[{"embeddable":true,"href":"https:\/\/monumental-valois.com\/pt-br\/wp-json\/wp\/v2\/media\/2020"}],"wp:attachment":[{"href":"https:\/\/monumental-valois.com\/pt-br\/wp-json\/wp\/v2\/media?parent=2019"}],"curies":[{"name":"wp","href":"https:\/\/api.w.org\/{rel}","templated":true}]}}

A Voie verte du Pays de Valois, uma caminhada nas pegadas do passado ferroviário

<div class="wp-block-group alignwide"><div class="wp-block-group__inner-container is-layout-constrained wp-block-group-is-layout-constrained">
<div class="wp-block-columns alignwide is-style-espace-60-px is-layout-flex wp-container-core-columns-is-layout-28f84493 wp-block-columns-is-layout-flex">
<div class="wp-block-column is-layout-flow wp-block-column-is-layout-flow" style="flex-basis:40%"><div class="lazyblock-partager-la-page-Z2bkmMf wp-block-lazyblock-partager-la-page"> <div class="partage-single">
                        <p>Compartilhe esta página</p>
                        <div class="liens">
                            <a href="http://twitter.com/share?url=https%3A%2F%2Fmonumental-valois.com%2Fpt-br%2Flugares%2Fa-voie-verte-du-pays-de-valois-uma-caminhada-nas-pegadas-do-passado-ferroviario%2F" class="share-x" target="_blank" rel="nofollow" title="Compartilhar no X"></a>
                            <a href="http://www.facebook.com/sharer.php?u=https%3A%2F%2Fmonumental-valois.com%2Fpt-br%2Flugares%2Fa-voie-verte-du-pays-de-valois-uma-caminhada-nas-pegadas-do-passado-ferroviario%2F&#038;t=A+Voie+verte+du+Pays+de+Valois%2C+uma+caminhada+nas+pegadas+do+passado+ferrovi%C3%A1rio&#038;src=sp" class="share-facebook" target="_blank" rel="nofollow" title="Compartilhar no Facebook">

                            </a>


                        </div>
                    </div></div>


<figure class="wp-block-image size-large"><img loading="lazy" decoding="async" width="563" height="900" src="https://monumental-valois.com/wp-content/uploads/2025/10/voie-verte-pays-du-valois-01-563x900.webp" alt="Via verde do Pays de Valois" class="wp-image-908" srcset="https://monumental-valois.com/wp-content/uploads/2025/10/voie-verte-pays-du-valois-01-563x900.webp 563w, https://monumental-valois.com/wp-content/uploads/2025/10/voie-verte-pays-du-valois-01-250x400.webp 250w, https://monumental-valois.com/wp-content/uploads/2025/10/voie-verte-pays-du-valois-01-768x1229.webp 768w, https://monumental-valois.com/wp-content/uploads/2025/10/voie-verte-pays-du-valois-01-281x450.webp 281w, https://monumental-valois.com/wp-content/uploads/2025/10/voie-verte-pays-du-valois-01-375x600.webp 375w, https://monumental-valois.com/wp-content/uploads/2025/10/voie-verte-pays-du-valois-01.webp 800w" sizes="auto, (max-width: 563px) 100vw, 563px" /></figure>
</div>



<div class="wp-block-column is-layout-flow wp-block-column-is-layout-flow" style="flex-basis:60%">
<p class="is-style-sur-titre-page">Via verde do Pays de Valois</p>



<p>Desde 2017, a Voie verte du Pays de Valois, com 18 km de extensão, entre Ormoy-Villers e Mareuil-sur-Ourcq, oferece um ambiente ideal para caminhadas seguras. Pedestres, ciclistas e patinadores podem desfrutar de uma pista de asfalto de 3 metros de largura, enquanto os cavaleiros podem seguir um caminho paralelo em terreno natural. </p>



<p>Seguir esse itinerário também significa mergulhar na história: trilhos antigos ainda visíveis, casas de porteiros que se tornaram residências, estações restauradas em Boissy-Lévignen, Betz e Antilly&#8230; Sem esquecer as abóbadas e valas de tijolos que testemunham o rico passado ferroviário da linha.</p>



<p></p>
</div>
</div>
</div></div>

<div style="height:100px" aria-hidden="true" class="wp-block-spacer"></div>

<p>Via verde do Pays de Valois Desde 2017, a Voie verte du Pays de Valois, com 18 km de extensão, [&hellip;]</p>
