{"id":2022,"date":"2025-10-02T11:40:39","date_gmt":"2025-10-02T09:40:39","guid":{"rendered":"https:\/\/monumental-valois.com\/lieux\/galerie-hazard-um-espaco-de-exposicao-esquecido\/"},"modified":"2026-03-02T11:13:22","modified_gmt":"2026-03-02T10:13:22","slug":"galerie-hazard-um-espaco-de-exposicao-esquecido","status":"publish","type":"lieux","link":"https:\/\/monumental-valois.com\/pt-br\/lugares\/galerie-hazard-um-espaco-de-exposicao-esquecido\/","title":{"rendered":"Galerie Hazard: um espa\u00e7o de exposi\u00e7\u00e3o esquecido"},"content":{"rendered":"\n<div class=\"wp-block-group alignwide\"><div class=\"wp-block-group__inner-container is-layout-constrained wp-block-group-is-layout-constrained\">\n<div class=\"wp-block-columns alignwide is-style-espace-60-px is-layout-flex wp-container-core-columns-is-layout-28f84493 wp-block-columns-is-layout-flex\">\n<div class=\"wp-block-column is-layout-flow wp-block-column-is-layout-flow\" style=\"flex-basis:40%\"><div class=\"lazyblock-partager-la-page-Z2bkmMf wp-block-lazyblock-partager-la-page\"> <div class=\"partage-single\">\r\n                        <p>Compartilhe esta p\u00e1gina<\/p>\r\n                        <div class=\"liens\">\r\n                            <a href=\"http:\/\/twitter.com\/share?url=https%3A%2F%2Fmonumental-valois.com%2Fpt-br%2Flugares%2Fgalerie-hazard-um-espaco-de-exposicao-esquecido%2F\" class=\"share-x\" target=\"_blank\" rel=\"nofollow\" title=\"Compartilhar no X\"><\/a>\r\n                            <a href=\"http:\/\/www.facebook.com\/sharer.php?u=https%3A%2F%2Fmonumental-valois.com%2Fpt-br%2Flugares%2Fgalerie-hazard-um-espaco-de-exposicao-esquecido%2F&#038;t=Galerie+Hazard%3A+um+espa%C3%A7o+de+exposi%C3%A7%C3%A3o+esquecido&#038;src=sp\" class=\"share-facebook\" target=\"_blank\" rel=\"nofollow\" title=\"Compartilhar no Facebook\">\r\n\r\n                            <\/a>\r\n\r\n\r\n                        <\/div>\r\n                    <\/div><\/div>\n\n\n<figure class=\"wp-block-image size-large\"><img loading=\"lazy\" decoding=\"async\" width=\"646\" height=\"900\" src=\"https:\/\/monumental-valois.com\/wp-content\/uploads\/2025\/10\/galerie-hazard-orrouy-02-646x900.webp\" alt=\"Galerie Hazard - Orrouy -Oise\" class=\"wp-image-903\" srcset=\"https:\/\/monumental-valois.com\/wp-content\/uploads\/2025\/10\/galerie-hazard-orrouy-02-646x900.webp 646w, https:\/\/monumental-valois.com\/wp-content\/uploads\/2025\/10\/galerie-hazard-orrouy-02-287x400.webp 287w, https:\/\/monumental-valois.com\/wp-content\/uploads\/2025\/10\/galerie-hazard-orrouy-02-768x1069.webp 768w, https:\/\/monumental-valois.com\/wp-content\/uploads\/2025\/10\/galerie-hazard-orrouy-02-323x450.webp 323w, https:\/\/monumental-valois.com\/wp-content\/uploads\/2025\/10\/galerie-hazard-orrouy-02-431x600.webp 431w, https:\/\/monumental-valois.com\/wp-content\/uploads\/2025\/10\/galerie-hazard-orrouy-02.webp 800w\" sizes=\"auto, (max-width: 646px) 100vw, 646px\" \/><\/figure>\n<\/div>\n\n\n\n<div class=\"wp-block-column is-layout-flow wp-block-column-is-layout-flow\" style=\"flex-basis:60%\">\n<p class=\"is-style-sur-titre-page\">Galeria de perigos<\/p>\n\n\n\n<h2 class=\"wp-block-heading has-36-px-font-size\">A Galerie Hazard: uma joia pouco conhecida na regi\u00e3o de Valois<\/h2>\n\n\n\n<p>Aninhada no cora\u00e7\u00e3o do vilarejo de Orrouy, no sul do departamento de Oise, a Galerie Hazard \u00e9 uma testemunha \u00fanica da hist\u00f3ria art\u00edstica do s\u00e9culo XIX. Por tr\u00e1s de sua fachada s\u00f3bria de tijolos vermelhos est\u00e1 o sonho de um colecionador apaixonado: Nicolas-Auguste Hazard (1834-1913). Amigo e vizinho do Conde Armand Doria, outro grande amante da arte que vivia no Ch\u00e2teau d&#8217;Orrouy, ele mandou construir esse longo laranjal para abrigar uma cole\u00e7\u00e3o excepcional de pinturas modernas.  <\/p>\n\n\n\n<h2 class=\"wp-block-heading has-36-px-font-size\">Uma vitrine para a arte moderna<\/h2>\n\n\n\n<p>Entre 1890 e 1900, gra\u00e7as a Hazard e Doria, Orrouy se tornou uma meca insuspeita para a pintura contempor\u00e2nea. Em sua galeria particular, Nicolas-Auguste Hazard reuniu obras da Escola de Barbizon, do Realismo e do Impressionismo: Corot, Troyon, Daumier, Boudin, Diaz de la Pe\u00f1a e Renoir. Esse ecletismo ilustra seu gosto por paisagens e cenas da vida moderna, bem como seu interesse pelos artistas de sua \u00e9poca, alguns dos quais ainda eram controversos.  <\/p>\n\n\n\n<h2 class=\"wp-block-heading has-36-px-font-size\">Uma cole\u00e7\u00e3o agora dispersa<\/h2>\n\n\n\n<p>Ap\u00f3s sua morte em 1913, a cole\u00e7\u00e3o foi vendida em um leil\u00e3o p\u00fablico no H\u00f4tel Drouot em 1919. Esse foi um evento importante no mercado de arte, com obras de Renoir e Maximilien Luce sendo vendidas. As pinturas podem ter deixado Orrouy, mas o edif\u00edcio permanece, ainda carregando a mem\u00f3ria desse esplendor passado.  <\/p>\n\n\n\n<h2 class=\"wp-block-heading has-36-px-font-size\">Um patrim\u00f4nio protegido<\/h2>\n\n\n\n<p>Tendo tido uma variedade de usos ao longo do s\u00e9culo XX, inclusive como casa de convalescen\u00e7a, a Galerie Hazard foi listada como Monument Historique em 2019. Hoje, ela ainda se mant\u00e9m orgulhosa, a poucos passos da igreja do vilarejo. <\/p>\n<\/div>\n<\/div>\n<\/div><\/div>\n\n<div style=\"height:100px\" aria-hidden=\"true\" class=\"wp-block-spacer\"><\/div>\n","protected":false},"excerpt":{"rendered":"<p>Galeria de perigos A Galerie Hazard: uma joia pouco conhecida na regi\u00e3o de Valois Aninhada no cora\u00e7\u00e3o do vilarejo de [&hellip;]<\/p>\n","protected":false},"featured_media":2026,"template":"","class_list":["post-2022","lieux","type-lieux","status-publish","has-post-thumbnail","hentry"],"_links":{"self":[{"href":"https:\/\/monumental-valois.com\/pt-br\/wp-json\/wp\/v2\/lieux\/2022","targetHints":{"allow":["GET"]}}],"collection":[{"href":"https:\/\/monumental-valois.com\/pt-br\/wp-json\/wp\/v2\/lieux"}],"about":[{"href":"https:\/\/monumental-valois.com\/pt-br\/wp-json\/wp\/v2\/types\/lieux"}],"wp:featuredmedia":[{"embeddable":true,"href":"https:\/\/monumental-valois.com\/pt-br\/wp-json\/wp\/v2\/media\/2026"}],"wp:attachment":[{"href":"https:\/\/monumental-valois.com\/pt-br\/wp-json\/wp\/v2\/media?parent=2022"}],"curies":[{"name":"wp","href":"https:\/\/api.w.org\/{rel}","templated":true}]}}

Galerie Hazard: um espaço de exposição esquecido

<div class="wp-block-group alignwide"><div class="wp-block-group__inner-container is-layout-constrained wp-block-group-is-layout-constrained">
<div class="wp-block-columns alignwide is-style-espace-60-px is-layout-flex wp-container-core-columns-is-layout-28f84493 wp-block-columns-is-layout-flex">
<div class="wp-block-column is-layout-flow wp-block-column-is-layout-flow" style="flex-basis:40%"><div class="lazyblock-partager-la-page-Z2bkmMf wp-block-lazyblock-partager-la-page"> <div class="partage-single">
                        <p>Compartilhe esta página</p>
                        <div class="liens">
                            <a href="http://twitter.com/share?url=https%3A%2F%2Fmonumental-valois.com%2Fpt-br%2Flugares%2Fgalerie-hazard-um-espaco-de-exposicao-esquecido%2F" class="share-x" target="_blank" rel="nofollow" title="Compartilhar no X"></a>
                            <a href="http://www.facebook.com/sharer.php?u=https%3A%2F%2Fmonumental-valois.com%2Fpt-br%2Flugares%2Fgalerie-hazard-um-espaco-de-exposicao-esquecido%2F&#038;t=Galerie+Hazard%3A+um+espa%C3%A7o+de+exposi%C3%A7%C3%A3o+esquecido&#038;src=sp" class="share-facebook" target="_blank" rel="nofollow" title="Compartilhar no Facebook">

                            </a>


                        </div>
                    </div></div>


<figure class="wp-block-image size-large"><img loading="lazy" decoding="async" width="646" height="900" src="https://monumental-valois.com/wp-content/uploads/2025/10/galerie-hazard-orrouy-02-646x900.webp" alt="Galerie Hazard - Orrouy -Oise" class="wp-image-903" srcset="https://monumental-valois.com/wp-content/uploads/2025/10/galerie-hazard-orrouy-02-646x900.webp 646w, https://monumental-valois.com/wp-content/uploads/2025/10/galerie-hazard-orrouy-02-287x400.webp 287w, https://monumental-valois.com/wp-content/uploads/2025/10/galerie-hazard-orrouy-02-768x1069.webp 768w, https://monumental-valois.com/wp-content/uploads/2025/10/galerie-hazard-orrouy-02-323x450.webp 323w, https://monumental-valois.com/wp-content/uploads/2025/10/galerie-hazard-orrouy-02-431x600.webp 431w, https://monumental-valois.com/wp-content/uploads/2025/10/galerie-hazard-orrouy-02.webp 800w" sizes="auto, (max-width: 646px) 100vw, 646px" /></figure>
</div>



<div class="wp-block-column is-layout-flow wp-block-column-is-layout-flow" style="flex-basis:60%">
<p class="is-style-sur-titre-page">Galeria de perigos</p>



<h2 class="wp-block-heading has-36-px-font-size">A Galerie Hazard: uma joia pouco conhecida na região de Valois</h2>



<p>Aninhada no coração do vilarejo de Orrouy, no sul do departamento de Oise, a Galerie Hazard é uma testemunha única da história artística do século XIX. Por trás de sua fachada sóbria de tijolos vermelhos está o sonho de um colecionador apaixonado: Nicolas-Auguste Hazard (1834-1913). Amigo e vizinho do Conde Armand Doria, outro grande amante da arte que vivia no Château d&#8217;Orrouy, ele mandou construir esse longo laranjal para abrigar uma coleção excepcional de pinturas modernas.  </p>



<h2 class="wp-block-heading has-36-px-font-size">Uma vitrine para a arte moderna</h2>



<p>Entre 1890 e 1900, graças a Hazard e Doria, Orrouy se tornou uma meca insuspeita para a pintura contemporânea. Em sua galeria particular, Nicolas-Auguste Hazard reuniu obras da Escola de Barbizon, do Realismo e do Impressionismo: Corot, Troyon, Daumier, Boudin, Diaz de la Peña e Renoir. Esse ecletismo ilustra seu gosto por paisagens e cenas da vida moderna, bem como seu interesse pelos artistas de sua época, alguns dos quais ainda eram controversos.  </p>



<h2 class="wp-block-heading has-36-px-font-size">Uma coleção agora dispersa</h2>



<p>Após sua morte em 1913, a coleção foi vendida em um leilão público no Hôtel Drouot em 1919. Esse foi um evento importante no mercado de arte, com obras de Renoir e Maximilien Luce sendo vendidas. As pinturas podem ter deixado Orrouy, mas o edifício permanece, ainda carregando a memória desse esplendor passado.  </p>



<h2 class="wp-block-heading has-36-px-font-size">Um patrimônio protegido</h2>



<p>Tendo tido uma variedade de usos ao longo do século XX, inclusive como casa de convalescença, a Galerie Hazard foi listada como Monument Historique em 2019. Hoje, ela ainda se mantém orgulhosa, a poucos passos da igreja do vilarejo. </p>
</div>
</div>
</div></div>

<div style="height:100px" aria-hidden="true" class="wp-block-spacer"></div>

<p>Galeria de perigos A Galerie Hazard: uma joia pouco conhecida na região de Valois Aninhada no coração do vilarejo de [&hellip;]</p>
