{"id":2039,"date":"2025-02-19T18:12:35","date_gmt":"2025-02-19T17:12:35","guid":{"rendered":"https:\/\/monumental-valois.com\/oeuvre-monumentale\/michel-verjux-revelando-o-espaco-por-meio-da-luz\/"},"modified":"2026-03-02T11:20:04","modified_gmt":"2026-03-02T10:20:04","slug":"michel-verjux-revelando-o-espaco-por-meio-da-luz","status":"publish","type":"oeuvre","link":"https:\/\/monumental-valois.com\/pt-br\/obra-monumental\/michel-verjux-revelando-o-espaco-por-meio-da-luz\/","title":{"rendered":"Michel Verjux: revelando o espa\u00e7o por meio da luz"},"content":{"rendered":"\n<div class=\"wp-block-columns alignwide is-style-espace-60-px is-layout-flex wp-container-core-columns-is-layout-28f84493 wp-block-columns-is-layout-flex\">\n<div class=\"wp-block-column is-layout-flow wp-block-column-is-layout-flow\" style=\"flex-basis:30%\"><div class=\"lazyblock-partager-la-page-Z1SDHFv wp-block-lazyblock-partager-la-page\"> <div class=\"partage-single\">\r\n                        <p>Compartilhe esta p\u00e1gina<\/p>\r\n                        <div class=\"liens\">\r\n                            <a href=\"http:\/\/twitter.com\/share?url=https%3A%2F%2Fmonumental-valois.com%2Fpt-br%2Fobra-monumental%2Fmichel-verjux-revelando-o-espaco-por-meio-da-luz%2F\" class=\"share-x\" target=\"_blank\" rel=\"nofollow\" title=\"Compartilhar no X\"><\/a>\r\n                            <a href=\"http:\/\/www.facebook.com\/sharer.php?u=https%3A%2F%2Fmonumental-valois.com%2Fpt-br%2Fobra-monumental%2Fmichel-verjux-revelando-o-espaco-por-meio-da-luz%2F&#038;t=Michel+Verjux%3A+revelando+o+espa%C3%A7o+por+meio+da+luz&#038;src=sp\" class=\"share-facebook\" target=\"_blank\" rel=\"nofollow\" title=\"Compartilhar no Facebook\">\r\n\r\n                            <\/a>\r\n\r\n\r\n                        <\/div>\r\n                    <\/div><\/div><\/div>\n\n\n\n<div class=\"wp-block-column is-layout-flow wp-block-column-is-layout-flow\" style=\"flex-basis:70%\">\n<p class=\"has-28-px-font-size\">Em mar\u00e7o de 2011, o artista Michel Verjux assumiu o controle das galerias subterr\u00e2neas do Donjon de Vez com uma instala\u00e7\u00e3o de luz minimalista. Essas galerias, escavadas na rocha e outrora usadas para extrair as pedras do castelo, tornaram-se o cen\u00e1rio para um jogo sutil de luz e sombra. <\/p>\n<\/div>\n<\/div>\n\n<div class=\"wp-block-group alignfull is-style-fond-blanc-gris\"><div class=\"wp-block-group__inner-container is-layout-constrained wp-block-group-is-layout-constrained\">\n<div class=\"wp-block-columns alignwide are-vertically-aligned-bottom is-style-espace-60-px is-layout-flex wp-container-core-columns-is-layout-28f84493 wp-block-columns-is-layout-flex\">\n<div class=\"wp-block-column is-vertically-aligned-bottom is-layout-flow wp-block-column-is-layout-flow\" style=\"flex-basis:30%\">\n<p class=\"is-style-sur-titre-page\">Michel Verjux<\/p>\n\n\n\n<h2 class=\"wp-block-heading has-36-px-font-size\"><strong>Uma instala\u00e7\u00e3o de luz no cora\u00e7\u00e3o do metr\u00f4<\/strong><\/h2>\n\n\n\n<p>Com suas proje\u00e7\u00f5es de luz branca, Verjux n\u00e3o busca adicionar um elemento externo, mas revelar o pr\u00f3prio espa\u00e7o. Ele destaca a textura crua das paredes e enfatiza a estrutura do espa\u00e7o, transformando a galeria em uma obra de arte em si. Fiel \u00e0 sua abordagem, aqui ele questiona a maneira como a luz molda nossa percep\u00e7\u00e3o e nos convida a ver o ambiente de forma diferente.  <\/p>\n<\/div>\n\n\n\n<div class=\"wp-block-column is-vertically-aligned-bottom is-layout-flow wp-block-column-is-layout-flow\" style=\"flex-basis:70%\">\n<figure class=\"wp-block-image alignwide size-full is-style-img-responsive\"><img loading=\"lazy\" decoding=\"async\" width=\"1500\" height=\"1000\" src=\"https:\/\/monumental-valois.com\/wp-content\/uploads\/2025\/02\/Galeries-souterraines.jpg\" alt=\"Michel Verjux: revelando o espa&#xE7;o por meio da luz\" class=\"wp-image-575\" srcset=\"https:\/\/monumental-valois.com\/wp-content\/uploads\/2025\/02\/Galeries-souterraines.jpg 1500w, https:\/\/monumental-valois.com\/wp-content\/uploads\/2025\/02\/Galeries-souterraines-600x400.jpg 600w, https:\/\/monumental-valois.com\/wp-content\/uploads\/2025\/02\/Galeries-souterraines-1350x900.jpg 1350w, https:\/\/monumental-valois.com\/wp-content\/uploads\/2025\/02\/Galeries-souterraines-768x512.jpg 768w, https:\/\/monumental-valois.com\/wp-content\/uploads\/2025\/02\/Galeries-souterraines-450x300.jpg 450w, https:\/\/monumental-valois.com\/wp-content\/uploads\/2025\/02\/Galeries-souterraines-900x600.jpg 900w\" sizes=\"auto, (max-width: 1500px) 100vw, 1500px\" \/><\/figure>\n<\/div>\n<\/div>\n<\/div><\/div>\n\n<div style=\"height:70px\" aria-hidden=\"true\" class=\"wp-block-spacer\"><\/div>\n\n<div class=\"wp-block-cover alignwide\"><span aria-hidden=\"true\" class=\"wp-block-cover__background has-noir-background-color has-background-dim\"><\/span><img loading=\"lazy\" decoding=\"async\" width=\"1500\" height=\"1000\" class=\"wp-block-cover__image-background wp-image-575\" alt=\"Michel Verjux : r\u00e9v\u00e9ler l\u2019espace par la lumi\u00e8re\" src=\"https:\/\/monumental-valois.com\/wp-content\/uploads\/2025\/02\/Galeries-souterraines.jpg\" style=\"object-position:32% 73%\" data-object-fit=\"cover\" data-object-position=\"32% 73%\" srcset=\"https:\/\/monumental-valois.com\/wp-content\/uploads\/2025\/02\/Galeries-souterraines.jpg 1500w, https:\/\/monumental-valois.com\/wp-content\/uploads\/2025\/02\/Galeries-souterraines-600x400.jpg 600w, https:\/\/monumental-valois.com\/wp-content\/uploads\/2025\/02\/Galeries-souterraines-1350x900.jpg 1350w, https:\/\/monumental-valois.com\/wp-content\/uploads\/2025\/02\/Galeries-souterraines-768x512.jpg 768w, https:\/\/monumental-valois.com\/wp-content\/uploads\/2025\/02\/Galeries-souterraines-450x300.jpg 450w, https:\/\/monumental-valois.com\/wp-content\/uploads\/2025\/02\/Galeries-souterraines-900x600.jpg 900w\" sizes=\"auto, (max-width: 1500px) 100vw, 1500px\" \/><div class=\"wp-block-cover__inner-container is-layout-constrained wp-block-cover-is-layout-constrained\">\n<h3 class=\"wp-block-heading alignwide has-text-align-left has-64-px-font-size\">Visite a p\u00e1gina<br\/>dedicada ao artista<\/h3>\n\n\n\n<div class=\"wp-block-buttons alignwide is-layout-flex wp-block-buttons-is-layout-flex\">\n<div class=\"wp-block-button\"><a class=\"wp-block-button__link wp-element-button\" href=\"https:\/\/monumental-valois.com\/pt-br\/artista\/michel-verjux\/\">Veja o artista<\/a><\/div>\n<\/div>\n<\/div><\/div>\n\n<p><\/p>\n","protected":false},"excerpt":{"rendered":"<p>Em mar\u00e7o de 2011, o artista Michel Verjux assumiu o controle das galerias subterr\u00e2neas do Donjon de Vez com uma [&hellip;]<\/p>\n","protected":false},"featured_media":2036,"template":"","class_list":["post-2039","oeuvre","type-oeuvre","status-publish","has-post-thumbnail","hentry"],"_links":{"self":[{"href":"https:\/\/monumental-valois.com\/pt-br\/wp-json\/wp\/v2\/oeuvre\/2039","targetHints":{"allow":["GET"]}}],"collection":[{"href":"https:\/\/monumental-valois.com\/pt-br\/wp-json\/wp\/v2\/oeuvre"}],"about":[{"href":"https:\/\/monumental-valois.com\/pt-br\/wp-json\/wp\/v2\/types\/oeuvre"}],"wp:featuredmedia":[{"embeddable":true,"href":"https:\/\/monumental-valois.com\/pt-br\/wp-json\/wp\/v2\/media\/2036"}],"wp:attachment":[{"href":"https:\/\/monumental-valois.com\/pt-br\/wp-json\/wp\/v2\/media?parent=2039"}],"curies":[{"name":"wp","href":"https:\/\/api.w.org\/{rel}","templated":true}]}}

Michel Verjux: revelando o espaço por meio da luz

<div class="wp-block-columns alignwide is-style-espace-60-px is-layout-flex wp-container-core-columns-is-layout-28f84493 wp-block-columns-is-layout-flex">
<div class="wp-block-column is-layout-flow wp-block-column-is-layout-flow" style="flex-basis:30%"><div class="lazyblock-partager-la-page-Z1SDHFv wp-block-lazyblock-partager-la-page"> <div class="partage-single">
                        <p>Compartilhe esta página</p>
                        <div class="liens">
                            <a href="http://twitter.com/share?url=https%3A%2F%2Fmonumental-valois.com%2Fpt-br%2Fobra-monumental%2Fmichel-verjux-revelando-o-espaco-por-meio-da-luz%2F" class="share-x" target="_blank" rel="nofollow" title="Compartilhar no X"></a>
                            <a href="http://www.facebook.com/sharer.php?u=https%3A%2F%2Fmonumental-valois.com%2Fpt-br%2Fobra-monumental%2Fmichel-verjux-revelando-o-espaco-por-meio-da-luz%2F&#038;t=Michel+Verjux%3A+revelando+o+espa%C3%A7o+por+meio+da+luz&#038;src=sp" class="share-facebook" target="_blank" rel="nofollow" title="Compartilhar no Facebook">

                            </a>


                        </div>
                    </div></div></div>



<div class="wp-block-column is-layout-flow wp-block-column-is-layout-flow" style="flex-basis:70%">
<p class="has-28-px-font-size">Em março de 2011, o artista Michel Verjux assumiu o controle das galerias subterrâneas do Donjon de Vez com uma instalação de luz minimalista. Essas galerias, escavadas na rocha e outrora usadas para extrair as pedras do castelo, tornaram-se o cenário para um jogo sutil de luz e sombra. </p>
</div>
</div>

<div class="wp-block-group alignfull is-style-fond-blanc-gris"><div class="wp-block-group__inner-container is-layout-constrained wp-block-group-is-layout-constrained">
<div class="wp-block-columns alignwide are-vertically-aligned-bottom is-style-espace-60-px is-layout-flex wp-container-core-columns-is-layout-28f84493 wp-block-columns-is-layout-flex">
<div class="wp-block-column is-vertically-aligned-bottom is-layout-flow wp-block-column-is-layout-flow" style="flex-basis:30%">
<p class="is-style-sur-titre-page">Michel Verjux</p>



<h2 class="wp-block-heading has-36-px-font-size"><strong>Uma instalação de luz no coração do metrô</strong></h2>



<p>Com suas projeções de luz branca, Verjux não busca adicionar um elemento externo, mas revelar o próprio espaço. Ele destaca a textura crua das paredes e enfatiza a estrutura do espaço, transformando a galeria em uma obra de arte em si. Fiel à sua abordagem, aqui ele questiona a maneira como a luz molda nossa percepção e nos convida a ver o ambiente de forma diferente.  </p>
</div>



<div class="wp-block-column is-vertically-aligned-bottom is-layout-flow wp-block-column-is-layout-flow" style="flex-basis:70%">
<figure class="wp-block-image alignwide size-full is-style-img-responsive"><img loading="lazy" decoding="async" width="1500" height="1000" src="https://monumental-valois.com/wp-content/uploads/2025/02/Galeries-souterraines.jpg" alt="Michel Verjux: revelando o espa&#xE7;o por meio da luz" class="wp-image-575" srcset="https://monumental-valois.com/wp-content/uploads/2025/02/Galeries-souterraines.jpg 1500w, https://monumental-valois.com/wp-content/uploads/2025/02/Galeries-souterraines-600x400.jpg 600w, https://monumental-valois.com/wp-content/uploads/2025/02/Galeries-souterraines-1350x900.jpg 1350w, https://monumental-valois.com/wp-content/uploads/2025/02/Galeries-souterraines-768x512.jpg 768w, https://monumental-valois.com/wp-content/uploads/2025/02/Galeries-souterraines-450x300.jpg 450w, https://monumental-valois.com/wp-content/uploads/2025/02/Galeries-souterraines-900x600.jpg 900w" sizes="auto, (max-width: 1500px) 100vw, 1500px" /></figure>
</div>
</div>
</div></div>

<div style="height:70px" aria-hidden="true" class="wp-block-spacer"></div>

<div class="wp-block-cover alignwide"><span aria-hidden="true" class="wp-block-cover__background has-noir-background-color has-background-dim"></span><img loading="lazy" decoding="async" width="1500" height="1000" class="wp-block-cover__image-background wp-image-575" alt="Michel Verjux : révéler l’espace par la lumière" src="https://monumental-valois.com/wp-content/uploads/2025/02/Galeries-souterraines.jpg" style="object-position:32% 73%" data-object-fit="cover" data-object-position="32% 73%" srcset="https://monumental-valois.com/wp-content/uploads/2025/02/Galeries-souterraines.jpg 1500w, https://monumental-valois.com/wp-content/uploads/2025/02/Galeries-souterraines-600x400.jpg 600w, https://monumental-valois.com/wp-content/uploads/2025/02/Galeries-souterraines-1350x900.jpg 1350w, https://monumental-valois.com/wp-content/uploads/2025/02/Galeries-souterraines-768x512.jpg 768w, https://monumental-valois.com/wp-content/uploads/2025/02/Galeries-souterraines-450x300.jpg 450w, https://monumental-valois.com/wp-content/uploads/2025/02/Galeries-souterraines-900x600.jpg 900w" sizes="auto, (max-width: 1500px) 100vw, 1500px" /><div class="wp-block-cover__inner-container is-layout-constrained wp-block-cover-is-layout-constrained">
<h3 class="wp-block-heading alignwide has-text-align-left has-64-px-font-size">Visite a página<br/>dedicada ao artista</h3>



<div class="wp-block-buttons alignwide is-layout-flex wp-block-buttons-is-layout-flex">
<div class="wp-block-button"><a class="wp-block-button__link wp-element-button" href="https://monumental-valois.com/pt-br/artista/michel-verjux/">Veja o artista</a></div>
</div>
</div></div>

<p></p>

<p>Em março de 2011, o artista Michel Verjux assumiu o controle das galerias subterrâneas do Donjon de Vez com uma [&hellip;]</p>
