{"id":2110,"date":"2025-02-19T18:05:56","date_gmt":"2025-02-19T17:05:56","guid":{"rendered":"https:\/\/monumental-valois.com\/oeuvre-monumentale\/o-trabalho-de-eric-croes-um-convite-a-imaginacao\/"},"modified":"2026-03-02T15:15:38","modified_gmt":"2026-03-02T14:15:38","slug":"o-trabalho-de-eric-croes-um-convite-a-imaginacao","status":"publish","type":"oeuvre","link":"https:\/\/monumental-valois.com\/pt-br\/obra-monumental\/o-trabalho-de-eric-croes-um-convite-a-imaginacao\/","title":{"rendered":"O trabalho de Eric Croes: um convite \u00e0 imagina\u00e7\u00e3o"},"content":{"rendered":"\n<div class=\"wp-block-columns alignwide is-style-espace-60-px is-layout-flex wp-container-core-columns-is-layout-28f84493 wp-block-columns-is-layout-flex\">\n<div class=\"wp-block-column is-layout-flow wp-block-column-is-layout-flow\" style=\"flex-basis:30%\"><div class=\"lazyblock-partager-la-page-Z1SDHFv wp-block-lazyblock-partager-la-page\"> <div class=\"partage-single\">\r\n                        <p>Compartilhe esta p\u00e1gina<\/p>\r\n                        <div class=\"liens\">\r\n                            <a href=\"http:\/\/twitter.com\/share?url=https%3A%2F%2Fmonumental-valois.com%2Fpt-br%2Fobra-monumental%2Fo-trabalho-de-eric-croes-um-convite-a-imaginacao%2F\" class=\"share-x\" target=\"_blank\" rel=\"nofollow\" title=\"Compartilhar no X\"><\/a>\r\n                            <a href=\"http:\/\/www.facebook.com\/sharer.php?u=https%3A%2F%2Fmonumental-valois.com%2Fpt-br%2Fobra-monumental%2Fo-trabalho-de-eric-croes-um-convite-a-imaginacao%2F&#038;t=O+trabalho+de+Eric+Croes%3A+um+convite+%C3%A0+imagina%C3%A7%C3%A3o&#038;src=sp\" class=\"share-facebook\" target=\"_blank\" rel=\"nofollow\" title=\"Compartilhar no Facebook\">\r\n\r\n                            <\/a>\r\n\r\n\r\n                        <\/div>\r\n                    <\/div><\/div><\/div>\n\n\n\n<div class=\"wp-block-column is-layout-flow wp-block-column-is-layout-flow\" style=\"flex-basis:70%\">\n<p class=\"has-28-px-font-size\">O mundo extravagante do escultor belga Eric Croes se destaca no Donjon de Vez, onde uma de suas cria\u00e7\u00f5es em cer\u00e2mica est\u00e1 em exibi\u00e7\u00e3o no orat\u00f3rio da capela.<\/p>\n<\/div>\n<\/div>\n\n<div class=\"wp-block-group alignfull is-style-fond-blanc-gris\"><div class=\"wp-block-group__inner-container is-layout-constrained wp-block-group-is-layout-constrained\">\n<div class=\"wp-block-columns alignwide are-vertically-aligned-bottom is-style-espace-60-px is-layout-flex wp-container-core-columns-is-layout-28f84493 wp-block-columns-is-layout-flex\">\n<div class=\"wp-block-column is-vertically-aligned-bottom is-layout-flow wp-block-column-is-layout-flow\" style=\"flex-basis:30%\">\n<p class=\"is-style-sur-titre-page\">O trabalho de Eric Croes: um convite \u00e0 imagina\u00e7\u00e3o<\/p>\n\n\n\n<h2 class=\"wp-block-heading has-36-px-font-size\"><strong>Um trabalho entre o imagin\u00e1rio e o cotidiano<\/strong><\/h2>\n\n\n\n<p>Especialista em cer\u00e2mica, Eric Croes mistura elementos antropom\u00f3rficos e objetos do cotidiano em seu trabalho, dando origem a formas h\u00edbridas inesperadas.<\/p>\n\n\n\n<h2 class=\"wp-block-heading has-36-px-font-size\">Tradi\u00e7\u00e3o e modernidade em di\u00e1logo<\/h2>\n\n\n\n<p>Situado no cora\u00e7\u00e3o da capela, seu trabalho \u00e9 uma adi\u00e7\u00e3o ousada a um local repleto de hist\u00f3ria. O contraste entre a exuber\u00e2ncia da cer\u00e2mica e a sobriedade do patrim\u00f4nio refor\u00e7a o impacto visual e emocional da pe\u00e7a, convidando-nos a refletir sobre os v\u00ednculos entre tradi\u00e7\u00e3o e modernidade. <\/p>\n<\/div>\n\n\n\n<div class=\"wp-block-column is-vertically-aligned-bottom is-layout-flow wp-block-column-is-layout-flow\" style=\"flex-basis:70%\">\n<figure class=\"wp-block-image size-full\"><img loading=\"lazy\" decoding=\"async\" width=\"600\" height=\"801\" src=\"https:\/\/monumental-valois.com\/wp-content\/uploads\/2025\/02\/Eric-Croes-art-contemporain.jpg\" alt=\"Eric Croes: um convite &#xE0; imagina&#xE7;&#xE3;o\" class=\"wp-image-739\" srcset=\"https:\/\/monumental-valois.com\/wp-content\/uploads\/2025\/02\/Eric-Croes-art-contemporain.jpg 600w, https:\/\/monumental-valois.com\/wp-content\/uploads\/2025\/02\/Eric-Croes-art-contemporain-300x400.jpg 300w, https:\/\/monumental-valois.com\/wp-content\/uploads\/2025\/02\/Eric-Croes-art-contemporain-337x450.jpg 337w, https:\/\/monumental-valois.com\/wp-content\/uploads\/2025\/02\/Eric-Croes-art-contemporain-449x600.jpg 449w\" sizes=\"auto, (max-width: 600px) 100vw, 600px\" \/><\/figure>\n<\/div>\n<\/div>\n<\/div><\/div>\n\n<div style=\"height:50px\" aria-hidden=\"true\" class=\"wp-block-spacer\"><\/div>\n\n<div class=\"wp-block-cover alignwide\"><span aria-hidden=\"true\" class=\"wp-block-cover__background has-noir-background-color has-background-dim\"><\/span><img loading=\"lazy\" decoding=\"async\" width=\"1260\" height=\"848\" class=\"wp-block-cover__image-background wp-image-463\" alt=\"Eric Croes : un sculpteur \u00e0 l\u2019univers singulier\" src=\"https:\/\/monumental-valois.com\/wp-content\/uploads\/2025\/02\/Eric-Croes.jpg\" style=\"object-position:48% 14%\" data-object-fit=\"cover\" data-object-position=\"48% 14%\" srcset=\"https:\/\/monumental-valois.com\/wp-content\/uploads\/2025\/02\/Eric-Croes.jpg 1260w, https:\/\/monumental-valois.com\/wp-content\/uploads\/2025\/02\/Eric-Croes-594x400.jpg 594w, https:\/\/monumental-valois.com\/wp-content\/uploads\/2025\/02\/Eric-Croes-768x517.jpg 768w, https:\/\/monumental-valois.com\/wp-content\/uploads\/2025\/02\/Eric-Croes-450x303.jpg 450w, https:\/\/monumental-valois.com\/wp-content\/uploads\/2025\/02\/Eric-Croes-892x600.jpg 892w\" sizes=\"auto, (max-width: 1260px) 100vw, 1260px\" \/><div class=\"wp-block-cover__inner-container is-layout-constrained wp-block-cover-is-layout-constrained\">\n<h3 class=\"wp-block-heading alignwide has-text-align-left has-64-px-font-size\">Visite a p\u00e1gina<br\/>dedicada ao artista<\/h3>\n\n\n\n<div class=\"wp-block-buttons alignwide is-layout-flex wp-block-buttons-is-layout-flex\">\n<div class=\"wp-block-button\"><a class=\"wp-block-button__link wp-element-button\" href=\"https:\/\/monumental-valois.com\/pt-br\/artista\/eric-croes\/\">Veja o artista<\/a><\/div>\n<\/div>\n<\/div><\/div>\n\n<p><\/p>\n","protected":false},"excerpt":{"rendered":"<p>O mundo extravagante do escultor belga Eric Croes se destaca no Donjon de Vez, onde uma de suas cria\u00e7\u00f5es em [&hellip;]<\/p>\n","protected":false},"featured_media":2111,"template":"","class_list":["post-2110","oeuvre","type-oeuvre","status-publish","has-post-thumbnail","hentry"],"_links":{"self":[{"href":"https:\/\/monumental-valois.com\/pt-br\/wp-json\/wp\/v2\/oeuvre\/2110","targetHints":{"allow":["GET"]}}],"collection":[{"href":"https:\/\/monumental-valois.com\/pt-br\/wp-json\/wp\/v2\/oeuvre"}],"about":[{"href":"https:\/\/monumental-valois.com\/pt-br\/wp-json\/wp\/v2\/types\/oeuvre"}],"wp:featuredmedia":[{"embeddable":true,"href":"https:\/\/monumental-valois.com\/pt-br\/wp-json\/wp\/v2\/media\/2111"}],"wp:attachment":[{"href":"https:\/\/monumental-valois.com\/pt-br\/wp-json\/wp\/v2\/media?parent=2110"}],"curies":[{"name":"wp","href":"https:\/\/api.w.org\/{rel}","templated":true}]}}

O trabalho de Eric Croes: um convite à imaginação

<div class="wp-block-columns alignwide is-style-espace-60-px is-layout-flex wp-container-core-columns-is-layout-28f84493 wp-block-columns-is-layout-flex">
<div class="wp-block-column is-layout-flow wp-block-column-is-layout-flow" style="flex-basis:30%"><div class="lazyblock-partager-la-page-Z1SDHFv wp-block-lazyblock-partager-la-page"> <div class="partage-single">
                        <p>Compartilhe esta página</p>
                        <div class="liens">
                            <a href="http://twitter.com/share?url=https%3A%2F%2Fmonumental-valois.com%2Fpt-br%2Fobra-monumental%2Fo-trabalho-de-eric-croes-um-convite-a-imaginacao%2F" class="share-x" target="_blank" rel="nofollow" title="Compartilhar no X"></a>
                            <a href="http://www.facebook.com/sharer.php?u=https%3A%2F%2Fmonumental-valois.com%2Fpt-br%2Fobra-monumental%2Fo-trabalho-de-eric-croes-um-convite-a-imaginacao%2F&#038;t=O+trabalho+de+Eric+Croes%3A+um+convite+%C3%A0+imagina%C3%A7%C3%A3o&#038;src=sp" class="share-facebook" target="_blank" rel="nofollow" title="Compartilhar no Facebook">

                            </a>


                        </div>
                    </div></div></div>



<div class="wp-block-column is-layout-flow wp-block-column-is-layout-flow" style="flex-basis:70%">
<p class="has-28-px-font-size">O mundo extravagante do escultor belga Eric Croes se destaca no Donjon de Vez, onde uma de suas criações em cerâmica está em exibição no oratório da capela.</p>
</div>
</div>

<div class="wp-block-group alignfull is-style-fond-blanc-gris"><div class="wp-block-group__inner-container is-layout-constrained wp-block-group-is-layout-constrained">
<div class="wp-block-columns alignwide are-vertically-aligned-bottom is-style-espace-60-px is-layout-flex wp-container-core-columns-is-layout-28f84493 wp-block-columns-is-layout-flex">
<div class="wp-block-column is-vertically-aligned-bottom is-layout-flow wp-block-column-is-layout-flow" style="flex-basis:30%">
<p class="is-style-sur-titre-page">O trabalho de Eric Croes: um convite à imaginação</p>



<h2 class="wp-block-heading has-36-px-font-size"><strong>Um trabalho entre o imaginário e o cotidiano</strong></h2>



<p>Especialista em cerâmica, Eric Croes mistura elementos antropomórficos e objetos do cotidiano em seu trabalho, dando origem a formas híbridas inesperadas.</p>



<h2 class="wp-block-heading has-36-px-font-size">Tradição e modernidade em diálogo</h2>



<p>Situado no coração da capela, seu trabalho é uma adição ousada a um local repleto de história. O contraste entre a exuberância da cerâmica e a sobriedade do patrimônio reforça o impacto visual e emocional da peça, convidando-nos a refletir sobre os vínculos entre tradição e modernidade. </p>
</div>



<div class="wp-block-column is-vertically-aligned-bottom is-layout-flow wp-block-column-is-layout-flow" style="flex-basis:70%">
<figure class="wp-block-image size-full"><img loading="lazy" decoding="async" width="600" height="801" src="https://monumental-valois.com/wp-content/uploads/2025/02/Eric-Croes-art-contemporain.jpg" alt="Eric Croes: um convite &#xE0; imagina&#xE7;&#xE3;o" class="wp-image-739" srcset="https://monumental-valois.com/wp-content/uploads/2025/02/Eric-Croes-art-contemporain.jpg 600w, https://monumental-valois.com/wp-content/uploads/2025/02/Eric-Croes-art-contemporain-300x400.jpg 300w, https://monumental-valois.com/wp-content/uploads/2025/02/Eric-Croes-art-contemporain-337x450.jpg 337w, https://monumental-valois.com/wp-content/uploads/2025/02/Eric-Croes-art-contemporain-449x600.jpg 449w" sizes="auto, (max-width: 600px) 100vw, 600px" /></figure>
</div>
</div>
</div></div>

<div style="height:50px" aria-hidden="true" class="wp-block-spacer"></div>

<div class="wp-block-cover alignwide"><span aria-hidden="true" class="wp-block-cover__background has-noir-background-color has-background-dim"></span><img loading="lazy" decoding="async" width="1260" height="848" class="wp-block-cover__image-background wp-image-463" alt="Eric Croes : un sculpteur à l’univers singulier" src="https://monumental-valois.com/wp-content/uploads/2025/02/Eric-Croes.jpg" style="object-position:48% 14%" data-object-fit="cover" data-object-position="48% 14%" srcset="https://monumental-valois.com/wp-content/uploads/2025/02/Eric-Croes.jpg 1260w, https://monumental-valois.com/wp-content/uploads/2025/02/Eric-Croes-594x400.jpg 594w, https://monumental-valois.com/wp-content/uploads/2025/02/Eric-Croes-768x517.jpg 768w, https://monumental-valois.com/wp-content/uploads/2025/02/Eric-Croes-450x303.jpg 450w, https://monumental-valois.com/wp-content/uploads/2025/02/Eric-Croes-892x600.jpg 892w" sizes="auto, (max-width: 1260px) 100vw, 1260px" /><div class="wp-block-cover__inner-container is-layout-constrained wp-block-cover-is-layout-constrained">
<h3 class="wp-block-heading alignwide has-text-align-left has-64-px-font-size">Visite a página<br/>dedicada ao artista</h3>



<div class="wp-block-buttons alignwide is-layout-flex wp-block-buttons-is-layout-flex">
<div class="wp-block-button"><a class="wp-block-button__link wp-element-button" href="https://monumental-valois.com/pt-br/artista/eric-croes/">Veja o artista</a></div>
</div>
</div></div>

<p></p>

<p>O mundo extravagante do escultor belga Eric Croes se destaca no Donjon de Vez, onde uma de suas criações em [&hellip;]</p>
