{"id":2115,"date":"2025-02-19T18:02:50","date_gmt":"2025-02-19T17:02:50","guid":{"rendered":"https:\/\/monumental-valois.com\/oeuvre-monumentale\/a-sombra-da-capela-em-vez-as-figuras-reclinadas-de-fremiet\/"},"modified":"2026-03-02T15:20:11","modified_gmt":"2026-03-02T14:20:11","slug":"a-sombra-da-capela-em-vez-as-figuras-reclinadas-de-fremiet","status":"publish","type":"oeuvre","link":"https:\/\/monumental-valois.com\/pt-br\/obra-monumental\/a-sombra-da-capela-em-vez-as-figuras-reclinadas-de-fremiet\/","title":{"rendered":"\u00c0 sombra da capela em Vez: as figuras reclinadas de Fr\u00e9miet"},"content":{"rendered":"\n<div class=\"wp-block-columns alignwide is-style-espace-60-px is-layout-flex wp-container-core-columns-is-layout-28f84493 wp-block-columns-is-layout-flex\">\n<div class=\"wp-block-column is-layout-flow wp-block-column-is-layout-flow\" style=\"flex-basis:30%\"><div class=\"lazyblock-partager-la-page-Z1SDHFv wp-block-lazyblock-partager-la-page\"> <div class=\"partage-single\">\r\n                        <p>Compartilhe esta p\u00e1gina<\/p>\r\n                        <div class=\"liens\">\r\n                            <a href=\"http:\/\/twitter.com\/share?url=https%3A%2F%2Fmonumental-valois.com%2Fpt-br%2Fobra-monumental%2Fa-sombra-da-capela-em-vez-as-figuras-reclinadas-de-fremiet%2F\" class=\"share-x\" target=\"_blank\" rel=\"nofollow\" title=\"Compartilhar no X\"><\/a>\r\n                            <a href=\"http:\/\/www.facebook.com\/sharer.php?u=https%3A%2F%2Fmonumental-valois.com%2Fpt-br%2Fobra-monumental%2Fa-sombra-da-capela-em-vez-as-figuras-reclinadas-de-fremiet%2F&#038;t=%C3%80+sombra+da+capela+em+Vez%3A+as+figuras+reclinadas+de+Fr%C3%A9miet&#038;src=sp\" class=\"share-facebook\" target=\"_blank\" rel=\"nofollow\" title=\"Compartilhar no Facebook\">\r\n\r\n                            <\/a>\r\n\r\n\r\n                        <\/div>\r\n                    <\/div><\/div><\/div>\n\n\n\n<div class=\"wp-block-column is-layout-flow wp-block-column-is-layout-flow\" style=\"flex-basis:70%\">\n<p class=\"has-28-px-font-size\">Na intimidade da capela do Donjon de Vez, os visitantes s\u00e3o recebidos por duas esculturas majestosas: os reclinados de m\u00e1rmore branco de L\u00e9on Dru e sua esposa. Essas obras monumentais, verdadeiras obras-primas da arte neog\u00f3tica, foram criadas por Emmanuel Fr\u00e9miet, um dos maiores escultores do s\u00e9culo XIX. <\/p>\n<\/div>\n<\/div>\n\n<div class=\"wp-block-group alignfull is-style-fond-blanc-gris\"><div class=\"wp-block-group__inner-container is-layout-constrained wp-block-group-is-layout-constrained\">\n<div class=\"wp-block-columns alignwide are-vertically-aligned-bottom is-style-espace-60-px is-layout-flex wp-container-core-columns-is-layout-28f84493 wp-block-columns-is-layout-flex\">\n<div class=\"wp-block-column is-vertically-aligned-bottom is-layout-flow wp-block-column-is-layout-flow\" style=\"flex-basis:30%\">\n<p class=\"is-style-sur-titre-page\">\u00c0 sombra da capela em Vez: as figuras reclinadas de Fr\u00e9miet<\/p>\n\n\n\n<h2 class=\"wp-block-heading has-36-px-font-size\"><strong>Emmanuel Fr\u00e9miet: um artista multifacetado<\/strong><\/h2>\n\n\n\n<p>Conhecido por suas esculturas de animais, Fr\u00e9miet demonstra aqui seu dom\u00ednio do retrato funer\u00e1rio. As figuras alongadas e dignas se distinguem pelas linhas elegantes e pelo trabalho excepcionalmente fino em m\u00e1rmore, brincando com a luz para ampliar os corpos. <\/p>\n\n\n\n<h2 class=\"wp-block-heading has-36-px-font-size\"><strong>Uma obra neog\u00f3tica<\/strong><\/h2>\n\n\n\n<p>Essas figuras reclinadas, integradas \u00e0 atmosfera silenciosa da capela, perpetuam a mem\u00f3ria de seus modelos e fazem parte do patrim\u00f4nio do Donjon de Vez, oferecendo aos visitantes um momento de contempla\u00e7\u00e3o entre a hist\u00f3ria e a emo\u00e7\u00e3o escultural. <\/p>\n<\/div>\n\n\n\n<div class=\"wp-block-column is-vertically-aligned-bottom is-layout-flow wp-block-column-is-layout-flow\" style=\"flex-basis:70%\">\n<figure class=\"wp-block-image size-full\"><img loading=\"lazy\" decoding=\"async\" width=\"600\" height=\"819\" src=\"https:\/\/monumental-valois.com\/wp-content\/uploads\/2025\/02\/les-Gisants-de-Fremiet.jpg\" alt=\"&#xC0; sombra da capela em Vez: as figuras reclinadas de Fr&#xE9;miet\" class=\"wp-image-743\" srcset=\"https:\/\/monumental-valois.com\/wp-content\/uploads\/2025\/02\/les-Gisants-de-Fremiet.jpg 600w, https:\/\/monumental-valois.com\/wp-content\/uploads\/2025\/02\/les-Gisants-de-Fremiet-293x400.jpg 293w, https:\/\/monumental-valois.com\/wp-content\/uploads\/2025\/02\/les-Gisants-de-Fremiet-330x450.jpg 330w, https:\/\/monumental-valois.com\/wp-content\/uploads\/2025\/02\/les-Gisants-de-Fremiet-440x600.jpg 440w\" sizes=\"auto, (max-width: 600px) 100vw, 600px\" \/><\/figure>\n<\/div>\n<\/div>\n<\/div><\/div>\n\n<div style=\"height:50px\" aria-hidden=\"true\" class=\"wp-block-spacer\"><\/div>\n\n<div class=\"wp-block-cover alignwide\"><span aria-hidden=\"true\" class=\"wp-block-cover__background has-noir-background-color has-background-dim\"><\/span><img loading=\"lazy\" decoding=\"async\" width=\"1260\" height=\"1828\" class=\"wp-block-cover__image-background wp-image-459\" alt=\"Emmanuel Fr\u00e9miet : sculpteur de l\u2019histoire et de la nature\" src=\"https:\/\/monumental-valois.com\/wp-content\/uploads\/2025\/02\/Emmanuel_Fremiet.jpg\" style=\"object-position:48% 29%\" data-object-fit=\"cover\" data-object-position=\"48% 29%\" srcset=\"https:\/\/monumental-valois.com\/wp-content\/uploads\/2025\/02\/Emmanuel_Fremiet.jpg 1260w, https:\/\/monumental-valois.com\/wp-content\/uploads\/2025\/02\/Emmanuel_Fremiet-276x400.jpg 276w, https:\/\/monumental-valois.com\/wp-content\/uploads\/2025\/02\/Emmanuel_Fremiet-620x900.jpg 620w, https:\/\/monumental-valois.com\/wp-content\/uploads\/2025\/02\/Emmanuel_Fremiet-768x1114.jpg 768w, https:\/\/monumental-valois.com\/wp-content\/uploads\/2025\/02\/Emmanuel_Fremiet-1059x1536.jpg 1059w, https:\/\/monumental-valois.com\/wp-content\/uploads\/2025\/02\/Emmanuel_Fremiet-310x450.jpg 310w, https:\/\/monumental-valois.com\/wp-content\/uploads\/2025\/02\/Emmanuel_Fremiet-414x600.jpg 414w\" sizes=\"auto, (max-width: 1260px) 100vw, 1260px\" \/><div class=\"wp-block-cover__inner-container is-layout-constrained wp-block-cover-is-layout-constrained\">\n<h3 class=\"wp-block-heading alignwide has-text-align-left has-64-px-font-size\">Visite a p\u00e1gina<br\/>dedicada ao artista<\/h3>\n\n\n\n<div class=\"wp-block-buttons alignwide is-layout-flex wp-block-buttons-is-layout-flex\">\n<div class=\"wp-block-button\"><a class=\"wp-block-button__link wp-element-button\" href=\"https:\/\/monumental-valois.com\/pt-br\/artista\/emmanuel-fremiet\/\">Veja o artista<\/a><\/div>\n<\/div>\n<\/div><\/div>\n\n<p><\/p>\n","protected":false},"excerpt":{"rendered":"<p>Na intimidade da capela do Donjon de Vez, os visitantes s\u00e3o recebidos por duas esculturas majestosas: os reclinados de m\u00e1rmore [&hellip;]<\/p>\n","protected":false},"featured_media":2116,"template":"","class_list":["post-2115","oeuvre","type-oeuvre","status-publish","has-post-thumbnail","hentry"],"_links":{"self":[{"href":"https:\/\/monumental-valois.com\/pt-br\/wp-json\/wp\/v2\/oeuvre\/2115","targetHints":{"allow":["GET"]}}],"collection":[{"href":"https:\/\/monumental-valois.com\/pt-br\/wp-json\/wp\/v2\/oeuvre"}],"about":[{"href":"https:\/\/monumental-valois.com\/pt-br\/wp-json\/wp\/v2\/types\/oeuvre"}],"wp:featuredmedia":[{"embeddable":true,"href":"https:\/\/monumental-valois.com\/pt-br\/wp-json\/wp\/v2\/media\/2116"}],"wp:attachment":[{"href":"https:\/\/monumental-valois.com\/pt-br\/wp-json\/wp\/v2\/media?parent=2115"}],"curies":[{"name":"wp","href":"https:\/\/api.w.org\/{rel}","templated":true}]}}

À sombra da capela em Vez: as figuras reclinadas de Frémiet

<div class="wp-block-columns alignwide is-style-espace-60-px is-layout-flex wp-container-core-columns-is-layout-28f84493 wp-block-columns-is-layout-flex">
<div class="wp-block-column is-layout-flow wp-block-column-is-layout-flow" style="flex-basis:30%"><div class="lazyblock-partager-la-page-Z1SDHFv wp-block-lazyblock-partager-la-page"> <div class="partage-single">
                        <p>Compartilhe esta página</p>
                        <div class="liens">
                            <a href="http://twitter.com/share?url=https%3A%2F%2Fmonumental-valois.com%2Fpt-br%2Fobra-monumental%2Fa-sombra-da-capela-em-vez-as-figuras-reclinadas-de-fremiet%2F" class="share-x" target="_blank" rel="nofollow" title="Compartilhar no X"></a>
                            <a href="http://www.facebook.com/sharer.php?u=https%3A%2F%2Fmonumental-valois.com%2Fpt-br%2Fobra-monumental%2Fa-sombra-da-capela-em-vez-as-figuras-reclinadas-de-fremiet%2F&#038;t=%C3%80+sombra+da+capela+em+Vez%3A+as+figuras+reclinadas+de+Fr%C3%A9miet&#038;src=sp" class="share-facebook" target="_blank" rel="nofollow" title="Compartilhar no Facebook">

                            </a>


                        </div>
                    </div></div></div>



<div class="wp-block-column is-layout-flow wp-block-column-is-layout-flow" style="flex-basis:70%">
<p class="has-28-px-font-size">Na intimidade da capela do Donjon de Vez, os visitantes são recebidos por duas esculturas majestosas: os reclinados de mármore branco de Léon Dru e sua esposa. Essas obras monumentais, verdadeiras obras-primas da arte neogótica, foram criadas por Emmanuel Frémiet, um dos maiores escultores do século XIX. </p>
</div>
</div>

<div class="wp-block-group alignfull is-style-fond-blanc-gris"><div class="wp-block-group__inner-container is-layout-constrained wp-block-group-is-layout-constrained">
<div class="wp-block-columns alignwide are-vertically-aligned-bottom is-style-espace-60-px is-layout-flex wp-container-core-columns-is-layout-28f84493 wp-block-columns-is-layout-flex">
<div class="wp-block-column is-vertically-aligned-bottom is-layout-flow wp-block-column-is-layout-flow" style="flex-basis:30%">
<p class="is-style-sur-titre-page">À sombra da capela em Vez: as figuras reclinadas de Frémiet</p>



<h2 class="wp-block-heading has-36-px-font-size"><strong>Emmanuel Frémiet: um artista multifacetado</strong></h2>



<p>Conhecido por suas esculturas de animais, Frémiet demonstra aqui seu domínio do retrato funerário. As figuras alongadas e dignas se distinguem pelas linhas elegantes e pelo trabalho excepcionalmente fino em mármore, brincando com a luz para ampliar os corpos. </p>



<h2 class="wp-block-heading has-36-px-font-size"><strong>Uma obra neogótica</strong></h2>



<p>Essas figuras reclinadas, integradas à atmosfera silenciosa da capela, perpetuam a memória de seus modelos e fazem parte do patrimônio do Donjon de Vez, oferecendo aos visitantes um momento de contemplação entre a história e a emoção escultural. </p>
</div>



<div class="wp-block-column is-vertically-aligned-bottom is-layout-flow wp-block-column-is-layout-flow" style="flex-basis:70%">
<figure class="wp-block-image size-full"><img loading="lazy" decoding="async" width="600" height="819" src="https://monumental-valois.com/wp-content/uploads/2025/02/les-Gisants-de-Fremiet.jpg" alt="&#xC0; sombra da capela em Vez: as figuras reclinadas de Fr&#xE9;miet" class="wp-image-743" srcset="https://monumental-valois.com/wp-content/uploads/2025/02/les-Gisants-de-Fremiet.jpg 600w, https://monumental-valois.com/wp-content/uploads/2025/02/les-Gisants-de-Fremiet-293x400.jpg 293w, https://monumental-valois.com/wp-content/uploads/2025/02/les-Gisants-de-Fremiet-330x450.jpg 330w, https://monumental-valois.com/wp-content/uploads/2025/02/les-Gisants-de-Fremiet-440x600.jpg 440w" sizes="auto, (max-width: 600px) 100vw, 600px" /></figure>
</div>
</div>
</div></div>

<div style="height:50px" aria-hidden="true" class="wp-block-spacer"></div>

<div class="wp-block-cover alignwide"><span aria-hidden="true" class="wp-block-cover__background has-noir-background-color has-background-dim"></span><img loading="lazy" decoding="async" width="1260" height="1828" class="wp-block-cover__image-background wp-image-459" alt="Emmanuel Frémiet : sculpteur de l’histoire et de la nature" src="https://monumental-valois.com/wp-content/uploads/2025/02/Emmanuel_Fremiet.jpg" style="object-position:48% 29%" data-object-fit="cover" data-object-position="48% 29%" srcset="https://monumental-valois.com/wp-content/uploads/2025/02/Emmanuel_Fremiet.jpg 1260w, https://monumental-valois.com/wp-content/uploads/2025/02/Emmanuel_Fremiet-276x400.jpg 276w, https://monumental-valois.com/wp-content/uploads/2025/02/Emmanuel_Fremiet-620x900.jpg 620w, https://monumental-valois.com/wp-content/uploads/2025/02/Emmanuel_Fremiet-768x1114.jpg 768w, https://monumental-valois.com/wp-content/uploads/2025/02/Emmanuel_Fremiet-1059x1536.jpg 1059w, https://monumental-valois.com/wp-content/uploads/2025/02/Emmanuel_Fremiet-310x450.jpg 310w, https://monumental-valois.com/wp-content/uploads/2025/02/Emmanuel_Fremiet-414x600.jpg 414w" sizes="auto, (max-width: 1260px) 100vw, 1260px" /><div class="wp-block-cover__inner-container is-layout-constrained wp-block-cover-is-layout-constrained">
<h3 class="wp-block-heading alignwide has-text-align-left has-64-px-font-size">Visite a página<br/>dedicada ao artista</h3>



<div class="wp-block-buttons alignwide is-layout-flex wp-block-buttons-is-layout-flex">
<div class="wp-block-button"><a class="wp-block-button__link wp-element-button" href="https://monumental-valois.com/pt-br/artista/emmanuel-fremiet/">Veja o artista</a></div>
</div>
</div></div>

<p></p>

<p>Na intimidade da capela do Donjon de Vez, os visitantes são recebidos por duas esculturas majestosas: os reclinados de mármore [&hellip;]</p>
