{"id":2120,"date":"2025-02-19T18:00:44","date_gmt":"2025-02-19T17:00:44","guid":{"rendered":"https:\/\/monumental-valois.com\/oeuvre-monumentale\/les-verrieres-de-buren-ou-a-arte-da-luz\/"},"modified":"2026-03-02T15:23:08","modified_gmt":"2026-03-02T14:23:08","slug":"les-verrieres-de-buren-ou-a-arte-da-luz","status":"publish","type":"oeuvre","link":"https:\/\/monumental-valois.com\/pt-br\/obra-monumental\/les-verrieres-de-buren-ou-a-arte-da-luz\/","title":{"rendered":"Les Verri\u00e8res de Buren ou a arte da luz"},"content":{"rendered":"\n<div class=\"wp-block-columns alignwide is-style-espace-60-px is-layout-flex wp-container-core-columns-is-layout-28f84493 wp-block-columns-is-layout-flex\">\n<div class=\"wp-block-column is-layout-flow wp-block-column-is-layout-flow\" style=\"flex-basis:30%\"><div class=\"lazyblock-partager-la-page-Z1SDHFv wp-block-lazyblock-partager-la-page\"> <div class=\"partage-single\">\r\n                        <p>Compartilhe esta p\u00e1gina<\/p>\r\n                        <div class=\"liens\">\r\n                            <a href=\"http:\/\/twitter.com\/share?url=https%3A%2F%2Fmonumental-valois.com%2Fpt-br%2Fobra-monumental%2Fles-verrieres-de-buren-ou-a-arte-da-luz%2F\" class=\"share-x\" target=\"_blank\" rel=\"nofollow\" title=\"Compartilhar no X\"><\/a>\r\n                            <a href=\"http:\/\/www.facebook.com\/sharer.php?u=https%3A%2F%2Fmonumental-valois.com%2Fpt-br%2Fobra-monumental%2Fles-verrieres-de-buren-ou-a-arte-da-luz%2F&#038;t=Les+Verri%C3%A8res+de+Buren+ou+a+arte+da+luz&#038;src=sp\" class=\"share-facebook\" target=\"_blank\" rel=\"nofollow\" title=\"Compartilhar no Facebook\">\r\n\r\n                            <\/a>\r\n\r\n\r\n                        <\/div>\r\n                    <\/div><\/div><\/div>\n\n\n\n<div class=\"wp-block-column is-layout-flow wp-block-column-is-layout-flow\" style=\"flex-basis:70%\">\n<p class=\"has-28-px-font-size\">Daniel Buren, um importante artista contempor\u00e2neo, \u00e9 conhecido por suas obras espec\u00edficas que transformam os espa\u00e7os que ocupam. Buren criou uma assinatura ic\u00f4nica gra\u00e7as \u00e0 altern\u00e2ncia de tiras verticais brancas e coloridas de 8,7 cm de largura que ele usa desde 1967. Essa abordagem est\u00e9tica faz parte de um contexto no qual a arte tradicional e sua intera\u00e7\u00e3o com os espa\u00e7os de exposi\u00e7\u00e3o est\u00e3o sendo questionadas.  <\/p>\n<\/div>\n<\/div>\n\n<div class=\"wp-block-group alignfull is-style-fond-blanc-gris\"><div class=\"wp-block-group__inner-container is-layout-constrained wp-block-group-is-layout-constrained\">\n<div class=\"wp-block-columns alignwide are-vertically-aligned-bottom is-style-espace-60-px is-layout-flex wp-container-core-columns-is-layout-28f84493 wp-block-columns-is-layout-flex\">\n<div class=\"wp-block-column is-vertically-aligned-bottom is-layout-flow wp-block-column-is-layout-flow\" style=\"flex-basis:30%\">\n<p class=\"is-style-sur-titre-page\">Les Verri\u00e8res de Buren ou a arte da luz<\/p>\n\n\n\n<h2 class=\"wp-block-heading has-36-px-font-size\"><strong>Um trabalho em di\u00e1logo<\/strong><\/h2>\n\n\n\n<p>Em 2005, Daniel Buren assumiu a capela Donjon de Vez, criando uma obra especialmente projetada para esse espa\u00e7o \u00fanico. Verri\u00e8res cobre as duas grandes janelas da capela, transformando a luz e as linhas da arquitetura. As tiras verticais de Buren, integradas aos vitrais, interagem com a luz natural que penetra no espa\u00e7o, criando uma experi\u00eancia visual que muda com o dia e as esta\u00e7\u00f5es.  <\/p>\n\n\n\n<h2 class=\"wp-block-heading has-36-px-font-size\"><strong>Brincando com a luz e a percep\u00e7\u00e3o<\/strong><\/h2>\n\n\n\n<p>Essa interven\u00e7\u00e3o n\u00e3o se limita \u00e0 adi\u00e7\u00e3o de cores e motivos. Ao brincar com as listras alternadas e a intensidade da luz, o artista altera a atmosfera da capela, revelando perspectivas inesperadas e redefinindo o espa\u00e7o interno. As Verri\u00e8res de Buren s\u00e3o muito mais do que mera decora\u00e7\u00e3o, convidando o espectador a explorar a intera\u00e7\u00e3o entre a arquitetura do local e os elementos visuais da obra.  <\/p>\n<\/div>\n\n\n\n<div class=\"wp-block-column is-vertically-aligned-bottom is-layout-flow wp-block-column-is-layout-flow\" style=\"flex-basis:70%\">\n<figure class=\"wp-block-image size-full\"><img loading=\"lazy\" decoding=\"async\" width=\"600\" height=\"801\" src=\"https:\/\/monumental-valois.com\/wp-content\/uploads\/2025\/02\/Verrieres-daniel-buren-1.jpg\" alt=\"Les Verri&#xE8;res de Buren ou a arte da luz\" class=\"wp-image-747\" srcset=\"https:\/\/monumental-valois.com\/wp-content\/uploads\/2025\/02\/Verrieres-daniel-buren-1.jpg 600w, https:\/\/monumental-valois.com\/wp-content\/uploads\/2025\/02\/Verrieres-daniel-buren-1-300x400.jpg 300w, https:\/\/monumental-valois.com\/wp-content\/uploads\/2025\/02\/Verrieres-daniel-buren-1-337x450.jpg 337w, https:\/\/monumental-valois.com\/wp-content\/uploads\/2025\/02\/Verrieres-daniel-buren-1-449x600.jpg 449w\" sizes=\"auto, (max-width: 600px) 100vw, 600px\" \/><\/figure>\n<\/div>\n<\/div>\n<\/div><\/div>\n\n<div style=\"height:50px\" aria-hidden=\"true\" class=\"wp-block-spacer\"><\/div>\n\n<div class=\"wp-block-cover alignwide\"><span aria-hidden=\"true\" class=\"wp-block-cover__background has-noir-background-color has-background-dim\"><\/span><img loading=\"lazy\" decoding=\"async\" width=\"964\" height=\"643\" class=\"wp-block-cover__image-background wp-image-456\" alt=\"Daniel Buren : artiste des bandes et des lieux\" src=\"https:\/\/monumental-valois.com\/wp-content\/uploads\/2025\/02\/daniel-buren.jpg\" style=\"object-position:49% 36%\" data-object-fit=\"cover\" data-object-position=\"49% 36%\" srcset=\"https:\/\/monumental-valois.com\/wp-content\/uploads\/2025\/02\/daniel-buren.jpg 964w, https:\/\/monumental-valois.com\/wp-content\/uploads\/2025\/02\/daniel-buren-600x400.jpg 600w, https:\/\/monumental-valois.com\/wp-content\/uploads\/2025\/02\/daniel-buren-768x512.jpg 768w, https:\/\/monumental-valois.com\/wp-content\/uploads\/2025\/02\/daniel-buren-450x300.jpg 450w, https:\/\/monumental-valois.com\/wp-content\/uploads\/2025\/02\/daniel-buren-900x600.jpg 900w\" sizes=\"auto, (max-width: 964px) 100vw, 964px\" \/><div class=\"wp-block-cover__inner-container is-layout-constrained wp-block-cover-is-layout-constrained\">\n<h3 class=\"wp-block-heading alignwide has-text-align-left has-64-px-font-size\">Visite a p\u00e1gina<br\/>dedicada ao artista<\/h3>\n\n\n\n<div class=\"wp-block-buttons alignwide is-layout-flex wp-block-buttons-is-layout-flex\">\n<div class=\"wp-block-button\"><a class=\"wp-block-button__link wp-element-button\" href=\"https:\/\/monumental-valois.com\/pt-br\/artista\/daniel-buren\/\">Veja o artista<\/a><\/div>\n<\/div>\n<\/div><\/div>\n\n<p><\/p>\n","protected":false},"excerpt":{"rendered":"<p>Daniel Buren, um importante artista contempor\u00e2neo, \u00e9 conhecido por suas obras espec\u00edficas que transformam os espa\u00e7os que ocupam. Buren criou [&hellip;]<\/p>\n","protected":false},"featured_media":2121,"template":"","class_list":["post-2120","oeuvre","type-oeuvre","status-publish","has-post-thumbnail","hentry"],"_links":{"self":[{"href":"https:\/\/monumental-valois.com\/pt-br\/wp-json\/wp\/v2\/oeuvre\/2120","targetHints":{"allow":["GET"]}}],"collection":[{"href":"https:\/\/monumental-valois.com\/pt-br\/wp-json\/wp\/v2\/oeuvre"}],"about":[{"href":"https:\/\/monumental-valois.com\/pt-br\/wp-json\/wp\/v2\/types\/oeuvre"}],"wp:featuredmedia":[{"embeddable":true,"href":"https:\/\/monumental-valois.com\/pt-br\/wp-json\/wp\/v2\/media\/2121"}],"wp:attachment":[{"href":"https:\/\/monumental-valois.com\/pt-br\/wp-json\/wp\/v2\/media?parent=2120"}],"curies":[{"name":"wp","href":"https:\/\/api.w.org\/{rel}","templated":true}]}}

Les Verrières de Buren ou a arte da luz

<div class="wp-block-columns alignwide is-style-espace-60-px is-layout-flex wp-container-core-columns-is-layout-28f84493 wp-block-columns-is-layout-flex">
<div class="wp-block-column is-layout-flow wp-block-column-is-layout-flow" style="flex-basis:30%"><div class="lazyblock-partager-la-page-Z1SDHFv wp-block-lazyblock-partager-la-page"> <div class="partage-single">
                        <p>Compartilhe esta página</p>
                        <div class="liens">
                            <a href="http://twitter.com/share?url=https%3A%2F%2Fmonumental-valois.com%2Fpt-br%2Fobra-monumental%2Fles-verrieres-de-buren-ou-a-arte-da-luz%2F" class="share-x" target="_blank" rel="nofollow" title="Compartilhar no X"></a>
                            <a href="http://www.facebook.com/sharer.php?u=https%3A%2F%2Fmonumental-valois.com%2Fpt-br%2Fobra-monumental%2Fles-verrieres-de-buren-ou-a-arte-da-luz%2F&#038;t=Les+Verri%C3%A8res+de+Buren+ou+a+arte+da+luz&#038;src=sp" class="share-facebook" target="_blank" rel="nofollow" title="Compartilhar no Facebook">

                            </a>


                        </div>
                    </div></div></div>



<div class="wp-block-column is-layout-flow wp-block-column-is-layout-flow" style="flex-basis:70%">
<p class="has-28-px-font-size">Daniel Buren, um importante artista contemporâneo, é conhecido por suas obras específicas que transformam os espaços que ocupam. Buren criou uma assinatura icônica graças à alternância de tiras verticais brancas e coloridas de 8,7 cm de largura que ele usa desde 1967. Essa abordagem estética faz parte de um contexto no qual a arte tradicional e sua interação com os espaços de exposição estão sendo questionadas.  </p>
</div>
</div>

<div class="wp-block-group alignfull is-style-fond-blanc-gris"><div class="wp-block-group__inner-container is-layout-constrained wp-block-group-is-layout-constrained">
<div class="wp-block-columns alignwide are-vertically-aligned-bottom is-style-espace-60-px is-layout-flex wp-container-core-columns-is-layout-28f84493 wp-block-columns-is-layout-flex">
<div class="wp-block-column is-vertically-aligned-bottom is-layout-flow wp-block-column-is-layout-flow" style="flex-basis:30%">
<p class="is-style-sur-titre-page">Les Verrières de Buren ou a arte da luz</p>



<h2 class="wp-block-heading has-36-px-font-size"><strong>Um trabalho em diálogo</strong></h2>



<p>Em 2005, Daniel Buren assumiu a capela Donjon de Vez, criando uma obra especialmente projetada para esse espaço único. Verrières cobre as duas grandes janelas da capela, transformando a luz e as linhas da arquitetura. As tiras verticais de Buren, integradas aos vitrais, interagem com a luz natural que penetra no espaço, criando uma experiência visual que muda com o dia e as estações.  </p>



<h2 class="wp-block-heading has-36-px-font-size"><strong>Brincando com a luz e a percepção</strong></h2>



<p>Essa intervenção não se limita à adição de cores e motivos. Ao brincar com as listras alternadas e a intensidade da luz, o artista altera a atmosfera da capela, revelando perspectivas inesperadas e redefinindo o espaço interno. As Verrières de Buren são muito mais do que mera decoração, convidando o espectador a explorar a interação entre a arquitetura do local e os elementos visuais da obra.  </p>
</div>



<div class="wp-block-column is-vertically-aligned-bottom is-layout-flow wp-block-column-is-layout-flow" style="flex-basis:70%">
<figure class="wp-block-image size-full"><img loading="lazy" decoding="async" width="600" height="801" src="https://monumental-valois.com/wp-content/uploads/2025/02/Verrieres-daniel-buren-1.jpg" alt="Les Verri&#xE8;res de Buren ou a arte da luz" class="wp-image-747" srcset="https://monumental-valois.com/wp-content/uploads/2025/02/Verrieres-daniel-buren-1.jpg 600w, https://monumental-valois.com/wp-content/uploads/2025/02/Verrieres-daniel-buren-1-300x400.jpg 300w, https://monumental-valois.com/wp-content/uploads/2025/02/Verrieres-daniel-buren-1-337x450.jpg 337w, https://monumental-valois.com/wp-content/uploads/2025/02/Verrieres-daniel-buren-1-449x600.jpg 449w" sizes="auto, (max-width: 600px) 100vw, 600px" /></figure>
</div>
</div>
</div></div>

<div style="height:50px" aria-hidden="true" class="wp-block-spacer"></div>

<div class="wp-block-cover alignwide"><span aria-hidden="true" class="wp-block-cover__background has-noir-background-color has-background-dim"></span><img loading="lazy" decoding="async" width="964" height="643" class="wp-block-cover__image-background wp-image-456" alt="Daniel Buren : artiste des bandes et des lieux" src="https://monumental-valois.com/wp-content/uploads/2025/02/daniel-buren.jpg" style="object-position:49% 36%" data-object-fit="cover" data-object-position="49% 36%" srcset="https://monumental-valois.com/wp-content/uploads/2025/02/daniel-buren.jpg 964w, https://monumental-valois.com/wp-content/uploads/2025/02/daniel-buren-600x400.jpg 600w, https://monumental-valois.com/wp-content/uploads/2025/02/daniel-buren-768x512.jpg 768w, https://monumental-valois.com/wp-content/uploads/2025/02/daniel-buren-450x300.jpg 450w, https://monumental-valois.com/wp-content/uploads/2025/02/daniel-buren-900x600.jpg 900w" sizes="auto, (max-width: 964px) 100vw, 964px" /><div class="wp-block-cover__inner-container is-layout-constrained wp-block-cover-is-layout-constrained">
<h3 class="wp-block-heading alignwide has-text-align-left has-64-px-font-size">Visite a página<br/>dedicada ao artista</h3>



<div class="wp-block-buttons alignwide is-layout-flex wp-block-buttons-is-layout-flex">
<div class="wp-block-button"><a class="wp-block-button__link wp-element-button" href="https://monumental-valois.com/pt-br/artista/daniel-buren/">Veja o artista</a></div>
</div>
</div></div>

<p></p>

<p>Daniel Buren, um importante artista contemporâneo, é conhecido por suas obras específicas que transformam os espaços que ocupam. Buren criou [&hellip;]</p>
