{"id":2126,"date":"2025-02-19T17:56:19","date_gmt":"2025-02-19T16:56:19","guid":{"rendered":"https:\/\/monumental-valois.com\/oeuvre-monumentale\/o-pote-de-ouro-de-jean-pierre-raynaud-o-brilho-da-arte-contemporanea\/"},"modified":"2026-03-02T15:27:02","modified_gmt":"2026-03-02T14:27:02","slug":"o-pote-de-ouro-de-jean-pierre-raynaud-o-brilho-da-arte-contemporanea","status":"publish","type":"oeuvre","link":"https:\/\/monumental-valois.com\/pt-br\/obra-monumental\/o-pote-de-ouro-de-jean-pierre-raynaud-o-brilho-da-arte-contemporanea\/","title":{"rendered":"O pote de ouro de Jean-Pierre Raynaud: o brilho da arte contempor\u00e2nea"},"content":{"rendered":"\n<div class=\"wp-block-columns alignwide is-style-espace-60-px is-layout-flex wp-container-core-columns-is-layout-28f84493 wp-block-columns-is-layout-flex\">\n<div class=\"wp-block-column is-layout-flow wp-block-column-is-layout-flow\" style=\"flex-basis:30%\"><div class=\"lazyblock-partager-la-page-Z1SDHFv wp-block-lazyblock-partager-la-page\"> <div class=\"partage-single\">\r\n                        <p>Compartilhe esta p\u00e1gina<\/p>\r\n                        <div class=\"liens\">\r\n                            <a href=\"http:\/\/twitter.com\/share?url=https%3A%2F%2Fmonumental-valois.com%2Fpt-br%2Fobra-monumental%2Fo-pote-de-ouro-de-jean-pierre-raynaud-o-brilho-da-arte-contemporanea%2F\" class=\"share-x\" target=\"_blank\" rel=\"nofollow\" title=\"Compartilhar no X\"><\/a>\r\n                            <a href=\"http:\/\/www.facebook.com\/sharer.php?u=https%3A%2F%2Fmonumental-valois.com%2Fpt-br%2Fobra-monumental%2Fo-pote-de-ouro-de-jean-pierre-raynaud-o-brilho-da-arte-contemporanea%2F&#038;t=O+pote+de+ouro+de+Jean-Pierre+Raynaud%3A+o+brilho+da+arte+contempor%C3%A2nea&#038;src=sp\" class=\"share-facebook\" target=\"_blank\" rel=\"nofollow\" title=\"Compartilhar no Facebook\">\r\n\r\n                            <\/a>\r\n\r\n\r\n                        <\/div>\r\n                    <\/div><\/div><\/div>\n\n\n\n<div class=\"wp-block-column is-layout-flow wp-block-column-is-layout-flow\" style=\"flex-basis:70%\">\n<p class=\"has-28-px-font-size\">No p\u00e1tio principal do Donjon de Vez, atr\u00e1s da capela, um espelho d&#8217;\u00e1gua projetado pelo arquiteto paisagista Pascal Cribier sublima as ru\u00ednas da antiga resid\u00eancia fortificada. Esse cen\u00e1rio po\u00e9tico e luminoso \u00e9 o pano de fundo perfeito para uma das obras mais emblem\u00e1ticas de Jean-Pierre Raynaud: o Pote de Ouro. <\/p>\n<\/div>\n<\/div>\n\n<div class=\"wp-block-group alignfull is-style-fond-blanc-gris\"><div class=\"wp-block-group__inner-container is-layout-constrained wp-block-group-is-layout-constrained\">\n<div class=\"wp-block-columns alignwide are-vertically-aligned-bottom is-style-espace-60-px is-layout-flex wp-container-core-columns-is-layout-28f84493 wp-block-columns-is-layout-flex\">\n<div class=\"wp-block-column is-vertically-aligned-bottom is-layout-flow wp-block-column-is-layout-flow\" style=\"flex-basis:30%\">\n<p class=\"is-style-sur-titre-page\">O pote de ouro de Jean-Pierre Raynaud: o brilho da arte contempor\u00e2nea<\/p>\n\n\n\n<h2 class=\"wp-block-heading has-36-px-font-size\"><strong>Uma escultura monumental<\/strong><\/h2>\n\n\n\n<p>Criado por Jean-Pierre Raynaud, um artista nascido em 1939 e famoso por suas obras que combinam minimalismo e simbolismo, o Pot of Gold \u00e9 uma escultura monumental coberta com folha de ouro de 23,5 quilates. Feita de poli\u00e9ster laminado e a\u00e7o tratado, essa obra expressa simplicidade formal e um poder visual impressionante. <\/p>\n\n\n\n<h2 class=\"wp-block-heading has-36-px-font-size\"><strong>Influ\u00eancia internacional<\/strong><\/h2>\n\n\n\n<p>Le Pot Or foi originalmente encomendado em 1985 pela Fondation Cartier, tornando-se uma das pe\u00e7as mais famosas do artista. Exibida em Jouy-en-Josas, depois em Berlim e Pequim e, finalmente, no terra\u00e7o do Centre Georges Pompidou em Paris, essa escultura monumental mede 3,5 metros de altura e at\u00e9 3,92 metros de di\u00e2metro no topo. <\/p>\n<\/div>\n\n\n\n<div class=\"wp-block-column is-vertically-aligned-bottom is-layout-flow wp-block-column-is-layout-flow\" style=\"flex-basis:70%\">\n<figure class=\"wp-block-image size-full\"><img loading=\"lazy\" decoding=\"async\" width=\"600\" height=\"900\" src=\"https:\/\/monumental-valois.com\/wp-content\/uploads\/2025\/02\/Pot-or-jean-pierre-raynaud.jpg\" alt=\"O pote de ouro de Jean-Pierre Raynaud: o brilho da arte contempor&#xE2;nea\" class=\"wp-image-753\" srcset=\"https:\/\/monumental-valois.com\/wp-content\/uploads\/2025\/02\/Pot-or-jean-pierre-raynaud.jpg 600w, https:\/\/monumental-valois.com\/wp-content\/uploads\/2025\/02\/Pot-or-jean-pierre-raynaud-267x400.jpg 267w, https:\/\/monumental-valois.com\/wp-content\/uploads\/2025\/02\/Pot-or-jean-pierre-raynaud-300x450.jpg 300w, https:\/\/monumental-valois.com\/wp-content\/uploads\/2025\/02\/Pot-or-jean-pierre-raynaud-400x600.jpg 400w\" sizes=\"auto, (max-width: 600px) 100vw, 600px\" \/><\/figure>\n<\/div>\n<\/div>\n<\/div><\/div>\n\n<div style=\"height:50px\" aria-hidden=\"true\" class=\"wp-block-spacer\"><\/div>\n\n<div class=\"wp-block-cover alignwide\"><span aria-hidden=\"true\" class=\"wp-block-cover__background has-noir-background-color has-background-dim\"><\/span><img loading=\"lazy\" decoding=\"async\" width=\"900\" height=\"1306\" class=\"wp-block-cover__image-background wp-image-453\" alt=\"Jean-Pierre Raynaud : artiste entre symboles et espaces\" src=\"https:\/\/monumental-valois.com\/wp-content\/uploads\/2025\/02\/Jean-Pierre-Raynaud.jpg\" style=\"object-position:28% 28%\" data-object-fit=\"cover\" data-object-position=\"28% 28%\" srcset=\"https:\/\/monumental-valois.com\/wp-content\/uploads\/2025\/02\/Jean-Pierre-Raynaud.jpg 900w, https:\/\/monumental-valois.com\/wp-content\/uploads\/2025\/02\/Jean-Pierre-Raynaud-276x400.jpg 276w, https:\/\/monumental-valois.com\/wp-content\/uploads\/2025\/02\/Jean-Pierre-Raynaud-620x900.jpg 620w, https:\/\/monumental-valois.com\/wp-content\/uploads\/2025\/02\/Jean-Pierre-Raynaud-768x1114.jpg 768w, https:\/\/monumental-valois.com\/wp-content\/uploads\/2025\/02\/Jean-Pierre-Raynaud-310x450.jpg 310w, https:\/\/monumental-valois.com\/wp-content\/uploads\/2025\/02\/Jean-Pierre-Raynaud-413x600.jpg 413w\" sizes=\"auto, (max-width: 900px) 100vw, 900px\" \/><div class=\"wp-block-cover__inner-container is-layout-constrained wp-block-cover-is-layout-constrained\">\n<h3 class=\"wp-block-heading alignwide has-text-align-left has-64-px-font-size\">Visite a p\u00e1gina<br\/>dedicada ao artista<\/h3>\n\n\n\n<div class=\"wp-block-buttons alignwide is-layout-flex wp-block-buttons-is-layout-flex\">\n<div class=\"wp-block-button\"><a class=\"wp-block-button__link wp-element-button\" href=\"https:\/\/monumental-valois.com\/pt-br\/artista\/jean-pierre-raynaud\/\">Veja o artista<\/a><\/div>\n<\/div>\n<\/div><\/div>\n\n<p><\/p>\n","protected":false},"excerpt":{"rendered":"<p>No p\u00e1tio principal do Donjon de Vez, atr\u00e1s da capela, um espelho d&#8217;\u00e1gua projetado pelo arquiteto paisagista Pascal Cribier sublima [&hellip;]<\/p>\n","protected":false},"featured_media":2127,"template":"","class_list":["post-2126","oeuvre","type-oeuvre","status-publish","has-post-thumbnail","hentry"],"_links":{"self":[{"href":"https:\/\/monumental-valois.com\/pt-br\/wp-json\/wp\/v2\/oeuvre\/2126","targetHints":{"allow":["GET"]}}],"collection":[{"href":"https:\/\/monumental-valois.com\/pt-br\/wp-json\/wp\/v2\/oeuvre"}],"about":[{"href":"https:\/\/monumental-valois.com\/pt-br\/wp-json\/wp\/v2\/types\/oeuvre"}],"wp:featuredmedia":[{"embeddable":true,"href":"https:\/\/monumental-valois.com\/pt-br\/wp-json\/wp\/v2\/media\/2127"}],"wp:attachment":[{"href":"https:\/\/monumental-valois.com\/pt-br\/wp-json\/wp\/v2\/media?parent=2126"}],"curies":[{"name":"wp","href":"https:\/\/api.w.org\/{rel}","templated":true}]}}

O pote de ouro de Jean-Pierre Raynaud: o brilho da arte contemporânea

<div class="wp-block-columns alignwide is-style-espace-60-px is-layout-flex wp-container-core-columns-is-layout-28f84493 wp-block-columns-is-layout-flex">
<div class="wp-block-column is-layout-flow wp-block-column-is-layout-flow" style="flex-basis:30%"><div class="lazyblock-partager-la-page-Z1SDHFv wp-block-lazyblock-partager-la-page"> <div class="partage-single">
                        <p>Compartilhe esta página</p>
                        <div class="liens">
                            <a href="http://twitter.com/share?url=https%3A%2F%2Fmonumental-valois.com%2Fpt-br%2Fobra-monumental%2Fo-pote-de-ouro-de-jean-pierre-raynaud-o-brilho-da-arte-contemporanea%2F" class="share-x" target="_blank" rel="nofollow" title="Compartilhar no X"></a>
                            <a href="http://www.facebook.com/sharer.php?u=https%3A%2F%2Fmonumental-valois.com%2Fpt-br%2Fobra-monumental%2Fo-pote-de-ouro-de-jean-pierre-raynaud-o-brilho-da-arte-contemporanea%2F&#038;t=O+pote+de+ouro+de+Jean-Pierre+Raynaud%3A+o+brilho+da+arte+contempor%C3%A2nea&#038;src=sp" class="share-facebook" target="_blank" rel="nofollow" title="Compartilhar no Facebook">

                            </a>


                        </div>
                    </div></div></div>



<div class="wp-block-column is-layout-flow wp-block-column-is-layout-flow" style="flex-basis:70%">
<p class="has-28-px-font-size">No pátio principal do Donjon de Vez, atrás da capela, um espelho d&#8217;água projetado pelo arquiteto paisagista Pascal Cribier sublima as ruínas da antiga residência fortificada. Esse cenário poético e luminoso é o pano de fundo perfeito para uma das obras mais emblemáticas de Jean-Pierre Raynaud: o Pote de Ouro. </p>
</div>
</div>

<div class="wp-block-group alignfull is-style-fond-blanc-gris"><div class="wp-block-group__inner-container is-layout-constrained wp-block-group-is-layout-constrained">
<div class="wp-block-columns alignwide are-vertically-aligned-bottom is-style-espace-60-px is-layout-flex wp-container-core-columns-is-layout-28f84493 wp-block-columns-is-layout-flex">
<div class="wp-block-column is-vertically-aligned-bottom is-layout-flow wp-block-column-is-layout-flow" style="flex-basis:30%">
<p class="is-style-sur-titre-page">O pote de ouro de Jean-Pierre Raynaud: o brilho da arte contemporânea</p>



<h2 class="wp-block-heading has-36-px-font-size"><strong>Uma escultura monumental</strong></h2>



<p>Criado por Jean-Pierre Raynaud, um artista nascido em 1939 e famoso por suas obras que combinam minimalismo e simbolismo, o Pot of Gold é uma escultura monumental coberta com folha de ouro de 23,5 quilates. Feita de poliéster laminado e aço tratado, essa obra expressa simplicidade formal e um poder visual impressionante. </p>



<h2 class="wp-block-heading has-36-px-font-size"><strong>Influência internacional</strong></h2>



<p>Le Pot Or foi originalmente encomendado em 1985 pela Fondation Cartier, tornando-se uma das peças mais famosas do artista. Exibida em Jouy-en-Josas, depois em Berlim e Pequim e, finalmente, no terraço do Centre Georges Pompidou em Paris, essa escultura monumental mede 3,5 metros de altura e até 3,92 metros de diâmetro no topo. </p>
</div>



<div class="wp-block-column is-vertically-aligned-bottom is-layout-flow wp-block-column-is-layout-flow" style="flex-basis:70%">
<figure class="wp-block-image size-full"><img loading="lazy" decoding="async" width="600" height="900" src="https://monumental-valois.com/wp-content/uploads/2025/02/Pot-or-jean-pierre-raynaud.jpg" alt="O pote de ouro de Jean-Pierre Raynaud: o brilho da arte contempor&#xE2;nea" class="wp-image-753" srcset="https://monumental-valois.com/wp-content/uploads/2025/02/Pot-or-jean-pierre-raynaud.jpg 600w, https://monumental-valois.com/wp-content/uploads/2025/02/Pot-or-jean-pierre-raynaud-267x400.jpg 267w, https://monumental-valois.com/wp-content/uploads/2025/02/Pot-or-jean-pierre-raynaud-300x450.jpg 300w, https://monumental-valois.com/wp-content/uploads/2025/02/Pot-or-jean-pierre-raynaud-400x600.jpg 400w" sizes="auto, (max-width: 600px) 100vw, 600px" /></figure>
</div>
</div>
</div></div>

<div style="height:50px" aria-hidden="true" class="wp-block-spacer"></div>

<div class="wp-block-cover alignwide"><span aria-hidden="true" class="wp-block-cover__background has-noir-background-color has-background-dim"></span><img loading="lazy" decoding="async" width="900" height="1306" class="wp-block-cover__image-background wp-image-453" alt="Jean-Pierre Raynaud : artiste entre symboles et espaces" src="https://monumental-valois.com/wp-content/uploads/2025/02/Jean-Pierre-Raynaud.jpg" style="object-position:28% 28%" data-object-fit="cover" data-object-position="28% 28%" srcset="https://monumental-valois.com/wp-content/uploads/2025/02/Jean-Pierre-Raynaud.jpg 900w, https://monumental-valois.com/wp-content/uploads/2025/02/Jean-Pierre-Raynaud-276x400.jpg 276w, https://monumental-valois.com/wp-content/uploads/2025/02/Jean-Pierre-Raynaud-620x900.jpg 620w, https://monumental-valois.com/wp-content/uploads/2025/02/Jean-Pierre-Raynaud-768x1114.jpg 768w, https://monumental-valois.com/wp-content/uploads/2025/02/Jean-Pierre-Raynaud-310x450.jpg 310w, https://monumental-valois.com/wp-content/uploads/2025/02/Jean-Pierre-Raynaud-413x600.jpg 413w" sizes="auto, (max-width: 900px) 100vw, 900px" /><div class="wp-block-cover__inner-container is-layout-constrained wp-block-cover-is-layout-constrained">
<h3 class="wp-block-heading alignwide has-text-align-left has-64-px-font-size">Visite a página<br/>dedicada ao artista</h3>



<div class="wp-block-buttons alignwide is-layout-flex wp-block-buttons-is-layout-flex">
<div class="wp-block-button"><a class="wp-block-button__link wp-element-button" href="https://monumental-valois.com/pt-br/artista/jean-pierre-raynaud/">Veja o artista</a></div>
</div>
</div></div>

<p></p>

<p>No pátio principal do Donjon de Vez, atrás da capela, um espelho d&#8217;água projetado pelo arquiteto paisagista Pascal Cribier sublima [&hellip;]</p>
