{"id":2137,"date":"2025-02-19T17:50:50","date_gmt":"2025-02-19T16:50:50","guid":{"rendered":"https:\/\/monumental-valois.com\/oeuvre-monumentale\/jardim-minimalista-um-dialogo-entre-a-natureza-e-a-historia\/"},"modified":"2026-03-18T16:26:41","modified_gmt":"2026-03-18T15:26:41","slug":"jardim-minimalista-um-dialogo-entre-a-natureza-e-a-historia","status":"publish","type":"oeuvre","link":"https:\/\/monumental-valois.com\/pt-br\/obra-monumental\/jardim-minimalista-um-dialogo-entre-a-natureza-e-a-historia\/","title":{"rendered":"Jardim minimalista: um di\u00e1logo entre a natureza e a hist\u00f3ria"},"content":{"rendered":"\n<div class=\"wp-block-columns alignwide is-style-espace-60-px is-layout-flex wp-container-core-columns-is-layout-28f84493 wp-block-columns-is-layout-flex\">\n<div class=\"wp-block-column is-layout-flow wp-block-column-is-layout-flow\" style=\"flex-basis:30%\"><div class=\"lazyblock-partager-la-page-ZGJtkP wp-block-lazyblock-partager-la-page\"> <div class=\"partage-single\">\r\n                        <p>Compartilhe esta p\u00e1gina<\/p>\r\n                        <div class=\"liens\">\r\n                            <a href=\"http:\/\/twitter.com\/share?url=https%3A%2F%2Fmonumental-valois.com%2Fpt-br%2Fobra-monumental%2Fjardim-minimalista-um-dialogo-entre-a-natureza-e-a-historia%2F\" class=\"share-x\" target=\"_blank\" rel=\"nofollow\" title=\"Compartilhar no X\"><\/a>\r\n                            <a href=\"http:\/\/www.facebook.com\/sharer.php?u=https%3A%2F%2Fmonumental-valois.com%2Fpt-br%2Fobra-monumental%2Fjardim-minimalista-um-dialogo-entre-a-natureza-e-a-historia%2F&#038;t=Jardim+minimalista%3A+um+di%C3%A1logo+entre+a+natureza+e+a+hist%C3%B3ria&#038;src=sp\" class=\"share-facebook\" target=\"_blank\" rel=\"nofollow\" title=\"Compartilhar no Facebook\">\r\n\r\n                            <\/a>\r\n\r\n\r\n                        <\/div>\r\n                    <\/div><\/div><\/div>\n\n\n\n<div class=\"wp-block-column is-layout-flow wp-block-column-is-layout-flow\" style=\"flex-basis:70%\">\n<p class=\"has-28-px-font-size\">Em 1989, o mestre paisagista de renome internacional Pascal Cribier e Patrick Ecoutin projetaram um jardim minimalista exclusivo para o p\u00e1tio principal do Donjon de Vez. Esse projeto contempor\u00e2neo, classificado como um &#8220;Jardim Not\u00e1vel&#8221; pelo Minist\u00e9rio da Cultura da Fran\u00e7a, revisita com eleg\u00e2ncia os c\u00f3digos dos jardins medievais e incorpora uma vis\u00e3o contempor\u00e2nea. <\/p>\n<\/div>\n<\/div>\n\n<div class=\"wp-block-group alignfull is-style-fond-blanc-gris\"><div class=\"wp-block-group__inner-container is-layout-constrained wp-block-group-is-layout-constrained\">\n<div class=\"wp-block-columns alignwide are-vertically-aligned-bottom is-style-espace-60-px is-layout-flex wp-container-core-columns-is-layout-28f84493 wp-block-columns-is-layout-flex\">\n<div class=\"wp-block-column is-vertically-aligned-bottom is-layout-flow wp-block-column-is-layout-flow\" style=\"flex-basis:30%\">\n<p class=\"is-style-sur-titre-page\">Jardim minimalista: um di\u00e1logo entre a natureza e a hist\u00f3ria<\/p>\n\n\n\n<h2 class=\"wp-block-heading has-36-px-font-size\"><strong>Uma reinterpreta\u00e7\u00e3o dos jardins medievais<\/strong><\/h2>\n\n\n\n<p>Inspirado na tradi\u00e7\u00e3o dos jardins murados da Idade M\u00e9dia, Cribier revisita as formas geom\u00e9tricas emblem\u00e1ticas daquela \u00e9poca, em especial os quatrefoils. Esses motivos vegetais, misturados aos quatrefoils de pedra, criam uma simbiose entre a arquitetura viva e a mineral. As varia\u00e7\u00f5es de n\u00edveis e os atalhos de perspectiva evocam uma \u00e9poca em que a profundidade era sugerida pela intera\u00e7\u00e3o de volumes e n\u00e3o pelas leis da perspectiva.  <\/p>\n\n\n\n<h2 class=\"wp-block-heading has-36-px-font-size\"><strong>Uma homenagem \u00e0s tape\u00e7arias medievais<\/strong><\/h2>\n\n\n\n<p>No centro do jardim, buqu\u00eas de gaura lembram as famosas tape\u00e7arias de &#8220;mil flores&#8221;, acrescentando um toque po\u00e9tico que muda com as esta\u00e7\u00f5es. As sebes de buxo, deliberadamente mais baixas quando voc\u00ea chega do que quando sai, aumentam o efeito de concentra\u00e7\u00e3o e contempla\u00e7\u00e3o. <\/p>\n<\/div>\n\n\n\n<div class=\"wp-block-column is-vertically-aligned-bottom is-layout-flow wp-block-column-is-layout-flow\" style=\"flex-basis:70%\">\n<figure class=\"wp-block-image size-full\"><img decoding=\"async\" src=\"https:\/\/monumental-valois.com\/wp-content\/uploads\/2026\/03\/Jardin-minimaliste-2-&#xA9;Francis-Briest-retouchee.webp\" alt=\"\" class=\"wp-image-2621\"\/><\/figure>\n<\/div>\n<\/div>\n<\/div><\/div>\n\n<div style=\"height:50px\" aria-hidden=\"true\" class=\"wp-block-spacer\"><\/div>\n\n<div class=\"wp-block-columns alignwide is-layout-flex wp-container-core-columns-is-layout-28f84493 wp-block-columns-is-layout-flex\">\n<div class=\"wp-block-column is-layout-flow wp-block-column-is-layout-flow\" style=\"flex-basis:50%\">\n<figure class=\"wp-block-image size-full\"><img loading=\"lazy\" decoding=\"async\" width=\"800\" height=\"532\" src=\"https:\/\/monumental-valois.com\/wp-content\/uploads\/2025\/02\/Jardin-minimaliste-pascal-cribier.jpg\" alt=\"Jardim minimalista: um di&#xE1;logo entre a natureza e a hist&#xF3;ria\" class=\"wp-image-762\" srcset=\"https:\/\/monumental-valois.com\/wp-content\/uploads\/2025\/02\/Jardin-minimaliste-pascal-cribier.jpg 800w, https:\/\/monumental-valois.com\/wp-content\/uploads\/2025\/02\/Jardin-minimaliste-pascal-cribier-602x400.jpg 602w, https:\/\/monumental-valois.com\/wp-content\/uploads\/2025\/02\/Jardin-minimaliste-pascal-cribier-768x511.jpg 768w, https:\/\/monumental-valois.com\/wp-content\/uploads\/2025\/02\/Jardin-minimaliste-pascal-cribier-450x299.jpg 450w\" sizes=\"auto, (max-width: 800px) 100vw, 800px\" \/><\/figure>\n<\/div>\n\n\n\n<div class=\"wp-block-column is-vertically-aligned-bottom is-layout-flow wp-block-column-is-layout-flow\" style=\"flex-basis:50%\">\n<div class=\"wp-block-group is-style-largeur-max-370\"><div class=\"wp-block-group__inner-container is-layout-constrained wp-block-group-is-layout-constrained\">\n<p class=\"is-style-sur-titre-page\">Jardim minimalista: um di\u00e1logo entre a natureza e a hist\u00f3ria<\/p>\n\n\n\n<h2 class=\"wp-block-heading has-36-px-font-size\">\u00c1gua, luz e simbolismo<\/h2>\n\n\n\n<p>Um espelho d&#8217;\u00e1gua, colocado aos p\u00e9s da capela, reflete as ru\u00ednas da resid\u00eancia fortificada e amplia a majestade do local com um jogo de luz e reflexos. Cercado por um canteiro de \u00edris azuis, o s\u00edmbolo da realeza francesa, ele ancora o jardim em uma tradi\u00e7\u00e3o hist\u00f3rica, oferecendo uma paleta que explode com as esta\u00e7\u00f5es: tulipas pretas e amarelas, buqu\u00eas de linho e \u00edris sibirica. <\/p>\n<\/div><\/div>\n<\/div>\n<\/div>\n\n<div style=\"height:50px\" aria-hidden=\"true\" class=\"wp-block-spacer\"><\/div>\n\n<div class=\"wp-block-cover alignwide\"><img loading=\"lazy\" decoding=\"async\" width=\"1260\" height=\"839\" class=\"wp-block-cover__image-background wp-image-446\" alt=\"Pascal Cribier\" src=\"https:\/\/monumental-valois.com\/wp-content\/uploads\/2025\/02\/Pascal-Cribier-jardin-Sebastien-Soriano-Le-Figaro.jpg\" style=\"object-position:43% 29%\" data-object-fit=\"cover\" data-object-position=\"43% 29%\" srcset=\"https:\/\/monumental-valois.com\/wp-content\/uploads\/2025\/02\/Pascal-Cribier-jardin-Sebastien-Soriano-Le-Figaro.jpg 1260w, https:\/\/monumental-valois.com\/wp-content\/uploads\/2025\/02\/Pascal-Cribier-jardin-Sebastien-Soriano-Le-Figaro-601x400.jpg 601w, https:\/\/monumental-valois.com\/wp-content\/uploads\/2025\/02\/Pascal-Cribier-jardin-Sebastien-Soriano-Le-Figaro-768x511.jpg 768w, https:\/\/monumental-valois.com\/wp-content\/uploads\/2025\/02\/Pascal-Cribier-jardin-Sebastien-Soriano-Le-Figaro-450x300.jpg 450w, https:\/\/monumental-valois.com\/wp-content\/uploads\/2025\/02\/Pascal-Cribier-jardin-Sebastien-Soriano-Le-Figaro-901x600.jpg 901w\" sizes=\"auto, (max-width: 1260px) 100vw, 1260px\" \/><span aria-hidden=\"true\" class=\"wp-block-cover__background has-noir-background-color has-background-dim\"><\/span><div class=\"wp-block-cover__inner-container is-layout-constrained wp-block-cover-is-layout-constrained\">\n<h3 class=\"wp-block-heading alignwide has-text-align-left has-64-px-font-size\">Visite a p\u00e1gina<br\/>dedicada ao artista<\/h3>\n\n\n\n<div class=\"wp-block-buttons alignwide is-layout-flex wp-block-buttons-is-layout-flex\">\n<div class=\"wp-block-button\"><a class=\"wp-block-button__link wp-element-button\" href=\"https:\/\/monumental-valois.com\/pt-br\/artista\/pascal-cribier\/\">Veja o artista<\/a><\/div>\n<\/div>\n<\/div><\/div>\n","protected":false},"excerpt":{"rendered":"<p>Em 1989, o mestre paisagista de renome internacional Pascal Cribier e Patrick Ecoutin projetaram um jardim minimalista exclusivo para o [&hellip;]<\/p>\n","protected":false},"featured_media":2629,"template":"","class_list":["post-2137","oeuvre","type-oeuvre","status-publish","has-post-thumbnail","hentry"],"_links":{"self":[{"href":"https:\/\/monumental-valois.com\/pt-br\/wp-json\/wp\/v2\/oeuvre\/2137","targetHints":{"allow":["GET"]}}],"collection":[{"href":"https:\/\/monumental-valois.com\/pt-br\/wp-json\/wp\/v2\/oeuvre"}],"about":[{"href":"https:\/\/monumental-valois.com\/pt-br\/wp-json\/wp\/v2\/types\/oeuvre"}],"wp:featuredmedia":[{"embeddable":true,"href":"https:\/\/monumental-valois.com\/pt-br\/wp-json\/wp\/v2\/media\/2629"}],"wp:attachment":[{"href":"https:\/\/monumental-valois.com\/pt-br\/wp-json\/wp\/v2\/media?parent=2137"}],"curies":[{"name":"wp","href":"https:\/\/api.w.org\/{rel}","templated":true}]}}

Jardim minimalista: um diálogo entre a natureza e a história

<div class="wp-block-columns alignwide is-style-espace-60-px is-layout-flex wp-container-core-columns-is-layout-28f84493 wp-block-columns-is-layout-flex">
<div class="wp-block-column is-layout-flow wp-block-column-is-layout-flow" style="flex-basis:30%"><div class="lazyblock-partager-la-page-ZGJtkP wp-block-lazyblock-partager-la-page"> <div class="partage-single">
                        <p>Compartilhe esta página</p>
                        <div class="liens">
                            <a href="http://twitter.com/share?url=https%3A%2F%2Fmonumental-valois.com%2Fpt-br%2Fobra-monumental%2Fjardim-minimalista-um-dialogo-entre-a-natureza-e-a-historia%2F" class="share-x" target="_blank" rel="nofollow" title="Compartilhar no X"></a>
                            <a href="http://www.facebook.com/sharer.php?u=https%3A%2F%2Fmonumental-valois.com%2Fpt-br%2Fobra-monumental%2Fjardim-minimalista-um-dialogo-entre-a-natureza-e-a-historia%2F&#038;t=Jardim+minimalista%3A+um+di%C3%A1logo+entre+a+natureza+e+a+hist%C3%B3ria&#038;src=sp" class="share-facebook" target="_blank" rel="nofollow" title="Compartilhar no Facebook">

                            </a>


                        </div>
                    </div></div></div>



<div class="wp-block-column is-layout-flow wp-block-column-is-layout-flow" style="flex-basis:70%">
<p class="has-28-px-font-size">Em 1989, o mestre paisagista de renome internacional Pascal Cribier e Patrick Ecoutin projetaram um jardim minimalista exclusivo para o pátio principal do Donjon de Vez. Esse projeto contemporâneo, classificado como um &#8220;Jardim Notável&#8221; pelo Ministério da Cultura da França, revisita com elegância os códigos dos jardins medievais e incorpora uma visão contemporânea. </p>
</div>
</div>

<div class="wp-block-group alignfull is-style-fond-blanc-gris"><div class="wp-block-group__inner-container is-layout-constrained wp-block-group-is-layout-constrained">
<div class="wp-block-columns alignwide are-vertically-aligned-bottom is-style-espace-60-px is-layout-flex wp-container-core-columns-is-layout-28f84493 wp-block-columns-is-layout-flex">
<div class="wp-block-column is-vertically-aligned-bottom is-layout-flow wp-block-column-is-layout-flow" style="flex-basis:30%">
<p class="is-style-sur-titre-page">Jardim minimalista: um diálogo entre a natureza e a história</p>



<h2 class="wp-block-heading has-36-px-font-size"><strong>Uma reinterpretação dos jardins medievais</strong></h2>



<p>Inspirado na tradição dos jardins murados da Idade Média, Cribier revisita as formas geométricas emblemáticas daquela época, em especial os quatrefoils. Esses motivos vegetais, misturados aos quatrefoils de pedra, criam uma simbiose entre a arquitetura viva e a mineral. As variações de níveis e os atalhos de perspectiva evocam uma época em que a profundidade era sugerida pela interação de volumes e não pelas leis da perspectiva.  </p>



<h2 class="wp-block-heading has-36-px-font-size"><strong>Uma homenagem às tapeçarias medievais</strong></h2>



<p>No centro do jardim, buquês de gaura lembram as famosas tapeçarias de &#8220;mil flores&#8221;, acrescentando um toque poético que muda com as estações. As sebes de buxo, deliberadamente mais baixas quando você chega do que quando sai, aumentam o efeito de concentração e contemplação. </p>
</div>



<div class="wp-block-column is-vertically-aligned-bottom is-layout-flow wp-block-column-is-layout-flow" style="flex-basis:70%">
<figure class="wp-block-image size-full"><img decoding="async" src="https://monumental-valois.com/wp-content/uploads/2026/03/Jardin-minimaliste-2-&#xA9;Francis-Briest-retouchee.webp" alt="" class="wp-image-2621"/></figure>
</div>
</div>
</div></div>

<div style="height:50px" aria-hidden="true" class="wp-block-spacer"></div>

<div class="wp-block-columns alignwide is-layout-flex wp-container-core-columns-is-layout-28f84493 wp-block-columns-is-layout-flex">
<div class="wp-block-column is-layout-flow wp-block-column-is-layout-flow" style="flex-basis:50%">
<figure class="wp-block-image size-full"><img loading="lazy" decoding="async" width="800" height="532" src="https://monumental-valois.com/wp-content/uploads/2025/02/Jardin-minimaliste-pascal-cribier.jpg" alt="Jardim minimalista: um di&#xE1;logo entre a natureza e a hist&#xF3;ria" class="wp-image-762" srcset="https://monumental-valois.com/wp-content/uploads/2025/02/Jardin-minimaliste-pascal-cribier.jpg 800w, https://monumental-valois.com/wp-content/uploads/2025/02/Jardin-minimaliste-pascal-cribier-602x400.jpg 602w, https://monumental-valois.com/wp-content/uploads/2025/02/Jardin-minimaliste-pascal-cribier-768x511.jpg 768w, https://monumental-valois.com/wp-content/uploads/2025/02/Jardin-minimaliste-pascal-cribier-450x299.jpg 450w" sizes="auto, (max-width: 800px) 100vw, 800px" /></figure>
</div>



<div class="wp-block-column is-vertically-aligned-bottom is-layout-flow wp-block-column-is-layout-flow" style="flex-basis:50%">
<div class="wp-block-group is-style-largeur-max-370"><div class="wp-block-group__inner-container is-layout-constrained wp-block-group-is-layout-constrained">
<p class="is-style-sur-titre-page">Jardim minimalista: um diálogo entre a natureza e a história</p>



<h2 class="wp-block-heading has-36-px-font-size">Água, luz e simbolismo</h2>



<p>Um espelho d&#8217;água, colocado aos pés da capela, reflete as ruínas da residência fortificada e amplia a majestade do local com um jogo de luz e reflexos. Cercado por um canteiro de íris azuis, o símbolo da realeza francesa, ele ancora o jardim em uma tradição histórica, oferecendo uma paleta que explode com as estações: tulipas pretas e amarelas, buquês de linho e íris sibirica. </p>
</div></div>
</div>
</div>

<div style="height:50px" aria-hidden="true" class="wp-block-spacer"></div>

<div class="wp-block-cover alignwide"><img loading="lazy" decoding="async" width="1260" height="839" class="wp-block-cover__image-background wp-image-446" alt="Pascal Cribier" src="https://monumental-valois.com/wp-content/uploads/2025/02/Pascal-Cribier-jardin-Sebastien-Soriano-Le-Figaro.jpg" style="object-position:43% 29%" data-object-fit="cover" data-object-position="43% 29%" srcset="https://monumental-valois.com/wp-content/uploads/2025/02/Pascal-Cribier-jardin-Sebastien-Soriano-Le-Figaro.jpg 1260w, https://monumental-valois.com/wp-content/uploads/2025/02/Pascal-Cribier-jardin-Sebastien-Soriano-Le-Figaro-601x400.jpg 601w, https://monumental-valois.com/wp-content/uploads/2025/02/Pascal-Cribier-jardin-Sebastien-Soriano-Le-Figaro-768x511.jpg 768w, https://monumental-valois.com/wp-content/uploads/2025/02/Pascal-Cribier-jardin-Sebastien-Soriano-Le-Figaro-450x300.jpg 450w, https://monumental-valois.com/wp-content/uploads/2025/02/Pascal-Cribier-jardin-Sebastien-Soriano-Le-Figaro-901x600.jpg 901w" sizes="auto, (max-width: 1260px) 100vw, 1260px" /><span aria-hidden="true" class="wp-block-cover__background has-noir-background-color has-background-dim"></span><div class="wp-block-cover__inner-container is-layout-constrained wp-block-cover-is-layout-constrained">
<h3 class="wp-block-heading alignwide has-text-align-left has-64-px-font-size">Visite a página<br/>dedicada ao artista</h3>



<div class="wp-block-buttons alignwide is-layout-flex wp-block-buttons-is-layout-flex">
<div class="wp-block-button"><a class="wp-block-button__link wp-element-button" href="https://monumental-valois.com/pt-br/artista/pascal-cribier/">Veja o artista</a></div>
</div>
</div></div>
